{"id":4927,"date":"2025-10-28T02:16:22","date_gmt":"2025-10-28T02:16:22","guid":{"rendered":"https:\/\/yenhung.com\/?product=keo-loctite-930-300ml"},"modified":"2025-10-28T02:16:24","modified_gmt":"2025-10-28T02:16:24","slug":"keo-loctite-930-300ml","status":"publish","type":"product","link":"https:\/\/yenhung.com\/?product=keo-loctite-930-300ml","title":{"rendered":"Keo Loctite 930 300ml"},"content":{"rendered":"<\/p>\n<div class=\"ba-text-fpt\">\n<h2 style=\"text-align: justify;\"><strong>\u0110\u1eb7c \u0111i\u1ec3m chung c\u1ee7a Keo Loctite 930 300ml<\/strong><\/h2>\n<p style=\"text-align: justify;\">\u00a0<\/p>\n<p style=\"text-align: justify;\">C\u00e1c lo\u1ea1i keo l\u00e0m k\u00edn \u0111\u00f3ng g\u00f3i trong chai 300ml c\u1ee7a Loctite th\u01b0\u1eddng l\u00e0 c\u00e1c s\u1ea3n ph\u1ea9m <b>Silicone RTV (Room Temperature Vulcanizing)<\/b>, \u0111\u01b0\u1ee3c thi\u1ebft k\u1ebf \u0111\u1ec3 thay th\u1ebf ho\u1eb7c t\u0103ng c\u01b0\u1eddng cho c\u00e1c mi\u1ebfng \u0111\u1ec7m (gaskets) truy\u1ec1n th\u1ed1ng trong c\u00e1c \u1ee9ng d\u1ee5ng c\u01a1 kh\u00ed v\u00e0 c\u00f4ng nghi\u1ec7p.<\/p>\n<h2 style=\"text-align: justify;\"><strong>C\u00f4ng d\u1ee5ng ch\u00ednh v\u00e0 L\u1ee3i \u00edch\u00a0Keo Loctite 930 300ml<\/strong><\/h2>\n<p style=\"text-align: center;\"><img decoding=\"async\" alt=\"Keo Loctite 930 300ml\" data-thumb=\"grande\" original-height=\"496\" original-width=\"341\" src=\"https:\/\/yenhung.com\/wp-content\/uploads\/2025\/10\/keo-loctite-930-300ml-3.png\" title=\"keo-loctite-930-300ml-3\"><\/p>\n<ul>\n<li>\n<p style=\"text-align: justify;\"><b>L\u00e0m k\u00edn m\u1eb7t b\u00edch (Flange Sealing)<\/b>: \u0110\u01b0\u1ee3c s\u1eed d\u1ee5ng \u0111\u1ec3 t\u1ea1o ra c\u00e1c mi\u1ebfng \u0111\u1ec7m t\u1ea1i ch\u1ed7 (Formed-in-Place Gaskets), gi\u00fap l\u00e0m k\u00edn ho\u00e0n h\u1ea3o c\u00e1c m\u1ed1i l\u1eafp m\u1eb7t b\u00edch.<\/p>\n<\/li>\n<li>\n<p style=\"text-align: justify;\"><b>Kh\u00e1ng d\u1ea7u v\u00e0 h\u00f3a ch\u1ea5t<\/b>: Kh\u1ea3 n\u0103ng ch\u1ed1ng ch\u1ecbu v\u01b0\u1ee3t tr\u1ed9i \u0111\u1ed1i v\u1edbi d\u1ea7u \u0111\u1ed9ng c\u01a1, d\u1ea7u h\u1ed9p s\u1ed1, ch\u1ea5t l\u1ecfng l\u00e0m m\u00e1t v\u00e0 c\u00e1c ch\u1ea5t l\u1ecfng c\u00f4ng nghi\u1ec7p kh\u00e1c.<\/p>\n<\/li>\n<li>\n<p style=\"text-align: justify;\"><b>Ch\u1ecbu nhi\u1ec7t \u0111\u1ed9 cao<\/b>: Nhi\u1ec1u s\u1ea3n ph\u1ea9m trong quy c\u00e1ch n\u00e0y c\u00f3 kh\u1ea3 n\u0103ng ch\u1ecbu \u0111\u1ef1ng nhi\u1ec7t \u0111\u1ed9 cao li\u00ean t\u1ee5c (th\u01b0\u1eddng l\u00ean \u0111\u1ebfn 200\u00b0C ho\u1eb7c h\u01a1n) m\u00e0 kh\u00f4ng b\u1ecb suy gi\u1ea3m ch\u1ea5t l\u01b0\u1ee3ng.<\/p>\n<\/li>\n<li>\n<p style=\"text-align: justify;\"><b>\u0110\u1ed9 linh ho\u1ea1t cao<\/b>: Keo \u0111\u00f3ng r\u1eafn t\u1ea1o ra m\u1ed9t mi\u1ebfng \u0111\u1ec7m cao su linh ho\u1ea1t, c\u00f3 kh\u1ea3 n\u0103ng ch\u1ecbu \u0111\u01b0\u1ee3c s\u1ef1 rung \u0111\u1ed9ng, gi\u00e3n n\u1edf v\u00e0 co l\u1ea1i c\u1ee7a c\u00e1c chi ti\u1ebft m\u00e0 kh\u00f4ng b\u1ecb n\u1ee9t ho\u1eb7c r\u00e1ch.<\/p>\n<\/li>\n<\/ul>\n<h2 style=\"text-align: justify;\"><strong>V\u1eadt li\u1ec7u v\u00e0 M\u00e0u s\u1eafc ti\u00eau bi\u1ec3u\u00a0Keo Loctite 930 300ml<\/strong><\/h2>\n<p style=\"text-align: center;\"><img decoding=\"async\" alt=\"Keo Loctite 930 300ml\" data-thumb=\"grande\" original-height=\"453\" original-width=\"274\" src=\"https:\/\/yenhung.com\/wp-content\/uploads\/2025\/10\/keo-loctite-930-300ml-1-2.png\" title=\"keo-loctite-930-300ml-1-2\"><\/p>\n<ul>\n<li>\n<p style=\"text-align: justify;\"><b>G\u1ed1c keo<\/b>: Th\u01b0\u1eddng l\u00e0 Silicone RTV ho\u1eb7c Hybrid-Silicone.<\/p>\n<\/li>\n<li>\n<p style=\"text-align: justify;\"><b>M\u00e0u s\u1eafc<\/b>: \u0110a d\u1ea1ng t\u00f9y theo \u1ee9ng d\u1ee5ng, ph\u1ed5 bi\u1ebfn l\u00e0 <b>\u0110en<\/b> (ch\u1ecbu d\u1ea7u t\u1ed1t), <b>\u0110\u1ecf<\/b> (ch\u1ecbu nhi\u1ec7t r\u1ea5t cao) ho\u1eb7c <b>X\u00e1m<\/b> (hi\u1ec7u su\u1ea5t cao, ch\u1ecbu d\u1ea7u).<\/p>\n<\/li>\n<\/ul>\n<h2 style=\"text-align: justify;\"><strong>Quy tr\u00ecnh thi c\u00f4ng\u00a0Keo Loctite 930 300ml<\/strong><\/h2>\n<ul>\n<li>\n<p style=\"text-align: justify;\"><b>D\u1ec5 s\u1eed d\u1ee5ng<\/b>: Keo \u0111\u01b0\u1ee3c b\u01a1m ra t\u1eeb chai 300ml b\u1eb1ng s\u00fang b\u1eafn keo ti\u00eau chu\u1ea9n.<\/p>\n<\/li>\n<li>\n<p style=\"text-align: justify;\"><b>Kh\u00f4ng b\u1ecb ch\u1ea3y x\u1ec7 (Non-Slump)<\/b>: Keo gi\u1eef nguy\u00ean h\u00ecnh d\u1ea1ng khi \u0111\u01b0\u1ee3c b\u01a1m ra, th\u00edch h\u1ee3p cho vi\u1ec7c thi c\u00f4ng theo ph\u01b0\u01a1ng th\u1eb3ng \u0111\u1ee9ng ho\u1eb7c c\u00e1c m\u1ed1i l\u1eafp c\u00f3 khe h\u1edf l\u1edbn.<\/p>\n<\/li>\n<\/ul>\n<h2 style=\"text-align: justify;\"><strong>\u1ee8ng d\u1ee5ng Keo Loctite 930 300ml<\/strong><\/h2>\n<p style=\"text-align: center;\"><strong><img decoding=\"async\" alt=\"Keo Loctite 930 300ml\" data-thumb=\"grande\" original-height=\"376\" original-width=\"269\" src=\"https:\/\/yenhung.com\/wp-content\/uploads\/2025\/10\/keo-loctite-930-300ml-2-1.png\" title=\"keo-loctite-930-300ml-2-1\"><\/strong><\/p>\n<p style=\"text-align: justify;\">C\u00e1c s\u1ea3n ph\u1ea9m keo l\u00e0m k\u00edn 300ml c\u1ee7a Loctite \u0111\u01b0\u1ee3c s\u1eed d\u1ee5ng r\u1ed9ng r\u00e3i trong c\u00e1c ng\u00e0nh ngh\u1ec1:<\/p>\n<ul>\n<li>\n<p style=\"text-align: justify;\"><b>C\u00f4ng nghi\u1ec7p \u00f4 t\u00f4<\/b>: L\u00e0m k\u00edn ch\u1ea3o d\u1ea7u (oil pan), n\u1eafp van (valve cover), b\u01a1m n\u01b0\u1edbc v\u00e0 c\u00e1c m\u1ed1i l\u1eafp m\u1eb7t b\u00edch kh\u00e1c tr\u00ean \u0111\u1ed9ng c\u01a1.<\/p>\n<\/li>\n<li>\n<p style=\"text-align: justify;\"><b>B\u1ea3o tr\u00ec c\u00f4ng nghi\u1ec7p (MRO)<\/b>: L\u00e0m k\u00edn c\u00e1c m\u1ed1i l\u1eafp h\u1ed9p s\u1ed1, v\u1ecf m\u00e1y b\u01a1m, ho\u1eb7c c\u00e1c m\u1eb7t b\u00edch ch\u1ecbu \u00e1p su\u1ea5t th\u1ea5p.<\/p>\n<\/li>\n<li>\n<p style=\"text-align: justify;\"><b>N\u01a1i c\u1ea7n s\u1eeda ch\u1eefa nhanh<\/b>: Nhi\u1ec1u lo\u1ea1i c\u00f3 t\u1ed1c \u0111\u1ed9 \u0111\u00f3ng r\u1eafn nhanh, gi\u00fap gi\u1ea3m th\u1eddi gian ch\u1ebft c\u1ee7a thi\u1ebft b\u1ecb.<\/p>\n<\/li>\n<\/ul>\n<p style=\"text-align: justify;\"><b>Th\u00f4ng tin truy c\u1eadp<\/b><\/p>\n<p style=\"text-align: justify;\"><a href=\"https:\/\/www.loctiteproducts.com\/\" target=\"_blank\">T\u00ecm hi\u1ec3u th\u00eam t\u00e0i li\u1ec7u s\u1ea3n ph\u1ea9m LOCTITE<\/a><\/p>\n<p style=\"text-align: justify;\"><u><a href=\"https:\/\/suncompany.vn\">T\u00ecm hi\u1ec3u th\u00eam v\u1ec1 c\u00e1c d\u00f2ng s\u1ea3n ph\u1ea9m kh\u00e1c\u00a0c\u1ee7a SUN COMPANY<\/a><\/u><\/p>\n<h3 style=\"text-align: justify;\"><\/h3>\n<p style=\"text-align: justify;\">L\u00e0 nh\u00e0 ph\u00e2n ph\u1ed1i c\u00e1c s\u1ea3n ph\u1ea9m keo, m\u1ee1 b\u00f4i tr\u01a1n, b\u00ecnh x\u1ecbt v\u00e0 v\u1eadt t\u01b0 c\u00f4ng nghi\u1ec7p c\u1ee7a <strong>LOCTITE<\/strong>\u00a0 t\u1ea1i th\u1ecb tr\u01b0\u1eddng Vi\u1ec7t Nam v\u1edbi c\u00e1c \u1ee9ng d\u1ee5ng trong vi\u1ec7c b\u1ea3o tr\u00ec b\u1ea3o d\u01b0\u1ee1ng m\u00e1y m\u00f3c v\u00e0 thi\u1ebft b\u1ecb c\u00f4ng nghi\u1ec7p.<\/p>\n<p style=\"text-align: justify;\">B\u1eb1ng c\u00e1ch cung c\u1ea5p cho kh\u00e1ch h\u00e0ng c\u00e1c s\u1ea3n ph\u1ea9m t\u1ed1t v\u00e0 ch\u1ea5t l\u01b0\u1ee3ng \u0111\u01b0\u1ee3c s\u1ea3n xu\u1ea5t v\u00e0 gi\u00e1m s\u00e1t ch\u1eb7t ch\u1ebd b\u1edfi h\u1ec7 th\u1ed1ng qu\u1ea3n l\u00fd chuy\u00ean nghi\u1ec7p,\u00a0<a href=\"http:\/\/https\/suncompany.vn\"><b>SUNCOMPANY<\/b>\u00a0<\/a>t\u1ef1 h\u00e0o \u0111\u00e3 \u0111\u00f3ng g\u00f3p v\u00e0o cu\u1ed9c s\u1ed1ng con ng\u01b0\u1eddi c\u0169ng nh\u01b0 s\u1ef1 ph\u00e1t tri\u1ec3n tr\u00ean th\u1ecb tr\u01b0\u1eddng c\u00f4ng nghi\u1ec7p t\u1ea1i Vi\u1ec7t Nam.<\/p>\n<p style=\"text-align: justify;\"><strong>Th\u00f4ng tin li\u00ean h\u1ec7\u00a0<\/strong><\/p>\n<p style=\"text-align: justify;\"><strong>C\u00d4NG TY TNHH TH\u01af\u01a0NG M\u1ea0I D\u1ecaCH V\u1ee4 SUN COMMERCIAL \u2013 SUN COMMERCIAL SERVICE TRADING CO., LTD<\/strong><\/p>\n<p style=\"text-align: justify;\">\u2013 M\u00e3 s\u1ed1 thu\u1ebf: 0316694604<\/p>\n<p style=\"text-align: justify;\">\u2013 S\u0110T: 090 666 5927\u00a0<\/p>\n<p style=\"text-align: justify;\">\u2013 \u0110\u1ecba ch\u1ec9: 118\/8 Hu\u1ef3nh Thi\u1ec7n L\u1ed9c, Ph\u01b0\u1eddng Ho\u00e0 Th\u1ea1nh, Qu\u1eadn T\u00e2n Ph\u00fa, TP. H\u1ed3 Ch\u00ed Minh<\/p>\n<\/p><\/div>\n","protected":false},"excerpt":{"rendered":"<p><strong>T\u00ean sa\u0309n ph\u00e2\u0309m:<\/strong>\u00a0Keo Loctite 930 300ml<br \/>\n<strong>T\u00ecnh tr\u1ea1ng:<\/strong>\u00a0Li\u00ean h\u1ec7 S\u0110T 090 666 5927\u00a0<br \/>\n<strong>Kho:<\/strong>\u00a0H\u1ed3 Ch\u00ed Minh.<br \/>\n<strong>Li\u00ean h\u1ec7:<\/strong>\u00a0090.666.5927 (24\/7)<br \/>\n<strong>Giao h\u00e0ng:<\/strong>\u00a0Trong ng\u00e0y<\/p>\n","protected":false},"featured_media":4928,"comment_status":"closed","ping_status":"closed","template":"","meta":[],"product_brand":[],"product_cat":[141],"product_tag":[],"class_list":{"0":"post-4927","1":"product","2":"type-product","3":"status-publish","4":"has-post-thumbnail","6":"product_cat-loctite","8":"first","9":"instock","10":"shipping-taxable","11":"product-type-simple"},"_links":{"self":[{"href":"https:\/\/yenhung.com\/index.php?rest_route=\/wp\/v2\/product\/4927","targetHints":{"allow":["GET"]}}],"collection":[{"href":"https:\/\/yenhung.com\/index.php?rest_route=\/wp\/v2\/product"}],"about":[{"href":"https:\/\/yenhung.com\/index.php?rest_route=\/wp\/v2\/types\/product"}],"replies":[{"embeddable":true,"href":"https:\/\/yenhung.com\/index.php?rest_route=%2Fwp%2Fv2%2Fcomments&post=4927"}],"wp:featuredmedia":[{"embeddable":true,"href":"https:\/\/yenhung.com\/index.php?rest_route=\/wp\/v2\/media\/4928"}],"wp:attachment":[{"href":"https:\/\/yenhung.com\/index.php?rest_route=%2Fwp%2Fv2%2Fmedia&parent=4927"}],"wp:term":[{"taxonomy":"product_brand","embeddable":true,"href":"https:\/\/yenhung.com\/index.php?rest_route=%2Fwp%2Fv2%2Fproduct_brand&post=4927"},{"taxonomy":"product_cat","embeddable":true,"href":"https:\/\/yenhung.com\/index.php?rest_route=%2Fwp%2Fv2%2Fproduct_cat&post=4927"},{"taxonomy":"product_tag","embeddable":true,"href":"https:\/\/yenhung.com\/index.php?rest_route=%2Fwp%2Fv2%2Fproduct_tag&post=4927"}],"curies":[{"name":"wp","href":"https:\/\/api.w.org\/{rel}","templated":true}]}}