{"id":5031,"date":"2025-10-28T02:22:33","date_gmt":"2025-10-28T02:22:33","guid":{"rendered":"https:\/\/yenhung.com\/?product=keo-loctite-271-50ml"},"modified":"2026-02-24T10:00:10","modified_gmt":"2026-02-24T10:00:10","slug":"keo-loctite-271-50ml","status":"publish","type":"product","link":"https:\/\/yenhung.com\/?product=keo-loctite-271-50ml","title":{"rendered":"Keo Loctite 271 50ml"},"content":{"rendered":"<div class=\"ba-text-fpt\">\n<h2><strong>Loctite 271 50ml<\/strong><\/h2>\n<p><b>\u0110\u1eb7c \u0111i\u1ec3m n\u1ed5i b\u1eadt c\u1ee7a Loctite 271 (50ml)<\/b><\/p>\n<p><img decoding=\"async\" title=\"loctite-271-50ml-c\" src=\"https:\/\/yenhung.com\/wp-content\/uploads\/2025\/10\/loctite-271-50ml-c.jpg\" alt=\"Loctite 271 50ml\" data-thumb=\"large\" \/><\/p>\n<p>Loctite 271 l\u00e0 m\u1ed9t lo\u1ea1i keo kh\u00f3a ren k\u1ef5 kh\u00ed (anaerobic) c\u00f3 m\u00e0u <b>\u0111\u1ecf<\/b>, \u0111\u1ed9 nh\u1edbt th\u1ea5p, \u0111\u01b0\u1ee3c thi\u1ebft k\u1ebf \u0111\u1ec3 <b>kh\u00f3a v\u00e0 l\u00e0m k\u00edn v\u0129nh vi\u1ec5n<\/b> c\u00e1c m\u1ed1i n\u1ed1i ren, ch\u1ed1ng l\u1ea1i s\u1ef1 n\u1edbi l\u1ecfng do rung \u0111\u1ed9ng, s\u1ed1c v\u00e0 nhi\u1ec7t \u0111\u1ed9.<\/p>\n<ul>\n<li><b>C\u01b0\u1eddng \u0111\u1ed9 cao (High Strength):<\/b> \u0110\u1eb7c \u0111i\u1ec3m n\u1ed5i b\u1eadt nh\u1ea5t c\u1ee7a Loctite 271 l\u00e0 kh\u1ea3 n\u0103ng t\u1ea1o ra m\u1ed9t li\u00ean k\u1ebft c\u1ef1c k\u1ef3 ch\u1eafc ch\u1eafn, gi\u00fap <b>kh\u00f3a ch\u1eb7t v\u0129nh vi\u1ec5n<\/b> c\u00e1c bu l\u00f4ng, \u0111ai \u1ed1c v\u00e0 \u0111inh t\u00e1n. Vi\u1ec7c th\u00e1o r\u1eddi m\u1ed1i n\u1ed1i s\u1eed d\u1ee5ng Loctite 271 th\u01b0\u1eddng y\u00eau c\u1ea7u ph\u1ea3i gia nhi\u1ec7t (kho\u1ea3ng 250oC &#8211; 300oC) \u0111\u1ec3 l\u00e0m m\u1ec1m keo, sau \u0111\u00f3 m\u1edbi c\u00f3 th\u1ec3 th\u00e1o b\u1eb1ng d\u1ee5ng c\u1ee5.<\/li>\n<li><b>Ch\u1ecbu nhi\u1ec7t \u0111\u1ed9 cao:<\/b> S\u1ea3n ph\u1ea9m c\u00f3 kh\u1ea3 n\u0103ng ho\u1ea1t \u0111\u1ed9ng hi\u1ec7u qu\u1ea3 trong d\u1ea3i nhi\u1ec7t \u0111\u1ed9 r\u1ed9ng, t\u1eeb <b>-55oC \u0111\u1ebfn 150oC<\/b> (m\u1ed9t s\u1ed1 t\u00e0i li\u1ec7u c\u00f3 th\u1ec3 ghi l\u00ean \u0111\u1ebfn 180oC), ph\u00f9 h\u1ee3p cho c\u00e1c \u1ee9ng d\u1ee5ng trong m\u00f4i tr\u01b0\u1eddng nhi\u1ec7t \u0111\u1ed9 cao.<\/li>\n<li><b>Ch\u1ed1ng rung \u0111\u1ed9ng v\u00e0 s\u1ed1c:<\/b> Keo l\u1ea5p \u0111\u1ea7y ho\u00e0n to\u00e0n c\u00e1c khe h\u1edf si\u00eau nh\u1ecf gi\u1eefa c\u00e1c ren, t\u1ea1o th\u00e0nh m\u1ed9t li\u00ean k\u1ebft c\u1ee9ng v\u1eefng, ng\u0103n ch\u1eb7n s\u1ef1 n\u1edbi l\u1ecfng c\u1ee7a m\u1ed1i n\u1ed1i ngay c\u1ea3 trong \u0111i\u1ec1u ki\u1ec7n rung \u0111\u1ed9ng v\u00e0 s\u1ed1c m\u1ea1nh.<\/li>\n<li><img decoding=\"async\" title=\"loctite-271-50ml-b\" src=\"https:\/\/yenhung.com\/wp-content\/uploads\/2025\/10\/loctite-271-50ml-b.jpg\" alt=\"Loctite 271 50ml\" data-thumb=\"large\" \/><\/li>\n<li><b>Kh\u1ea3 n\u0103ng ch\u1ecbu d\u1ea7u v\u00e0 dung sai b\u1ec1 m\u1eb7t:<\/b> Loctite 271 \u0111\u01b0\u1ee3c c\u1ea3i ti\u1ebfn \u0111\u1ec3 c\u00f3 kh\u1ea3 n\u0103ng ch\u1ecbu d\u1ea7u kh\u00e1 t\u1ed1t, c\u00f3 th\u1ec3 \u0111\u00f3ng r\u1eafn hi\u1ec7u qu\u1ea3 ngay c\u1ea3 tr\u00ean c\u00e1c b\u1ec1 m\u1eb7t ren c\u00f3 d\u00ednh d\u1ea7u nh\u1eb9 ho\u1eb7c tr\u00ean c\u00e1c b\u1ec1 m\u1eb7t th\u1ee5 \u0111\u1ed9ng (passive metals) nh\u01b0 th\u00e9p kh\u00f4ng g\u1ec9 v\u00e0 c\u00e1c b\u1ec1 m\u1eb7t m\u1ea1 m\u00e0 kh\u00f4ng c\u1ea7n s\u1eed d\u1ee5ng ch\u1ea5t ho\u1ea1t h\u00f3a.<\/li>\n<li><b>Ng\u0103n ng\u1eeba r\u00f2 r\u1ec9 v\u00e0 \u0103n m\u00f2n:<\/b> B\u1eb1ng c\u00e1ch b\u1ecbt k\u00edn c\u00e1c kho\u1ea3ng tr\u1ed1ng trong m\u1ed1i ren, keo gi\u00fap b\u1ea3o v\u1ec7 c\u00e1c chi ti\u1ebft kim lo\u1ea1i kh\u1ecfi r\u1ec9 s\u00e9t v\u00e0 \u0103n m\u00f2n, \u0111\u1ed3ng th\u1eddi ng\u0103n ch\u1eb7n s\u1ef1 r\u00f2 r\u1ec9 c\u1ee7a ch\u1ea5t l\u1ecfng qua m\u1ed1i n\u1ed1i.<\/li>\n<li><b>Ph\u00e1t quang d\u01b0\u1edbi \u0111\u00e8n UV:<\/b> Keo ph\u00e1t s\u00e1ng d\u01b0\u1edbi \u00e1nh s\u00e1ng tia c\u1ef1c t\u00edm, gi\u00fap d\u1ec5 d\u00e0ng ki\u1ec3m tra xem keo \u0111\u00e3 \u0111\u01b0\u1ee3c b\u00f4i \u0111\u1ee7 v\u00e0 \u0111\u00fang v\u1ecb tr\u00ed hay ch\u01b0a, h\u1ed7 tr\u1ee3 ki\u1ec3m so\u00e1t ch\u1ea5t l\u01b0\u1ee3ng trong qu\u00e1 tr\u00ecnh l\u1eafp r\u00e1p.<\/li>\n<li><b>M\u00e0u \u0111\u1ecf:<\/b> M\u00e0u s\u1eafc \u0111\u1eb7c tr\u01b0ng \u0111\u1ec3 nh\u1eadn bi\u1ebft \u0111\u00e2y l\u00e0 keo kh\u00f3a ren c\u01b0\u1eddng \u0111\u1ed9 cao c\u1ee7a Loctite.<br \/>\n<h3><b>\u1ee8ng d\u1ee5ng ph\u1ed5 bi\u1ebfn c\u1ee7a Loctite 271<\/b><\/h3>\n<p><img decoding=\"async\" title=\"loctite-271-50ml-a\" src=\"https:\/\/yenhung.com\/wp-content\/uploads\/2025\/10\/loctite-271-50ml-a.jpg\" alt=\"Loctite 271 50ml\" data-thumb=\"large\" \/><\/p>\n<p>Loctite 271 l\u00e0 l\u1ef1a ch\u1ecdn l\u00fd t\u01b0\u1edfng cho c\u00e1c \u1ee9ng d\u1ee5ng y\u00eau c\u1ea7u kh\u00f3a ren v\u0129nh vi\u1ec5n v\u00e0 \u0111\u1ed9 b\u1ec1n c\u1ef1c cao, \u0111\u1eb7c bi\u1ec7t cho c\u00e1c m\u1ed1i n\u1ed1i ch\u1ecbu t\u1ea3i tr\u1ecdng l\u1edbn v\u00e0 rung \u0111\u1ed9ng m\u1ea1nh, kh\u00f4ng c\u00f3 \u00fd \u0111\u1ecbnh th\u00e1o r\u1eddi th\u01b0\u1eddng xuy\u00ean:<\/li>\n<li><b>L\u1eafp r\u00e1p \u0111\u1ed9ng c\u01a1 v\u00e0 h\u1ec7 th\u1ed1ng truy\u1ec1n \u0111\u1ed9ng:<\/b> Kh\u00f3a \u0111inh t\u00e1n xi lanh, bu l\u00f4ng v\u1ecf \u0111\u1ed9ng c\u01a1, bu l\u00f4ng b\u00e1nh \u0111\u00e0, bu l\u00f4ng tr\u1ee5c khu\u1ef7u, c\u00e1c m\u1ed1i n\u1ed1i trong h\u1ed9p s\u1ed1.<\/li>\n<li><b>Thi\u1ebft b\u1ecb c\u00f4ng nghi\u1ec7p n\u1eb7ng:<\/b> C\u00e1c m\u1ed1i n\u1ed1i trong m\u00e1y m\u00f3c c\u00f4ng nghi\u1ec7p, thi\u1ebft b\u1ecb khai th\u00e1c m\u1ecf, m\u00e1y m\u00f3c x\u00e2y d\u1ef1ng, n\u01a1i ch\u1ecbu rung \u0111\u1ed9ng v\u00e0 t\u1ea3i tr\u1ecdng l\u1edbn.<\/li>\n<li><b>Thay th\u1ebf c\u00e1c ph\u01b0\u01a1ng ph\u00e1p kh\u00f3a c\u01a1 kh\u00ed:<\/b> Cung c\u1ea5p gi\u1ea3i ph\u00e1p kh\u00f3a ren hi\u1ec7u qu\u1ea3 v\u00e0 \u0111\u00e1ng tin c\u1eady h\u01a1n so v\u1edbi v\u00f2ng \u0111\u1ec7m kh\u00f3a, \u0111ai \u1ed1c kh\u00f3a ho\u1eb7c d\u00e2y kh\u00f3a.<\/li>\n<li><b>C\u00e1c m\u1ed1i n\u1ed1i ren c\u00f3 \u0111\u01b0\u1eddng k\u00ednh l\u1edbn:<\/b> Th\u00edch h\u1ee3p cho c\u00e1c bu l\u00f4ng v\u00e0 \u0111ai \u1ed1c t\u1eeb M6 \u0111\u1ebfn M25 (1\/4 inch \u0111\u1ebfn 1 inch) ho\u1eb7c l\u1edbn h\u01a1n.<\/li>\n<\/ul>\n<\/div>\n","protected":false},"excerpt":{"rendered":"<p>T\u00ean sa\u0309n ph\u00e2\u0309m:\u00a0Loctite 271 50ml<\/p>\n<p><b>Li\u00ean h\u1ec7: 0397433258<\/b><\/p>\n","protected":false},"featured_media":5032,"comment_status":"closed","ping_status":"closed","template":"","meta":[],"product_brand":[],"product_cat":[141],"product_tag":[],"class_list":{"0":"post-5031","1":"product","2":"type-product","3":"status-publish","4":"has-post-thumbnail","6":"product_cat-loctite","8":"first","9":"instock","10":"shipping-taxable","11":"product-type-simple"},"_links":{"self":[{"href":"https:\/\/yenhung.com\/index.php?rest_route=\/wp\/v2\/product\/5031","targetHints":{"allow":["GET"]}}],"collection":[{"href":"https:\/\/yenhung.com\/index.php?rest_route=\/wp\/v2\/product"}],"about":[{"href":"https:\/\/yenhung.com\/index.php?rest_route=\/wp\/v2\/types\/product"}],"replies":[{"embeddable":true,"href":"https:\/\/yenhung.com\/index.php?rest_route=%2Fwp%2Fv2%2Fcomments&post=5031"}],"wp:featuredmedia":[{"embeddable":true,"href":"https:\/\/yenhung.com\/index.php?rest_route=\/wp\/v2\/media\/5032"}],"wp:attachment":[{"href":"https:\/\/yenhung.com\/index.php?rest_route=%2Fwp%2Fv2%2Fmedia&parent=5031"}],"wp:term":[{"taxonomy":"product_brand","embeddable":true,"href":"https:\/\/yenhung.com\/index.php?rest_route=%2Fwp%2Fv2%2Fproduct_brand&post=5031"},{"taxonomy":"product_cat","embeddable":true,"href":"https:\/\/yenhung.com\/index.php?rest_route=%2Fwp%2Fv2%2Fproduct_cat&post=5031"},{"taxonomy":"product_tag","embeddable":true,"href":"https:\/\/yenhung.com\/index.php?rest_route=%2Fwp%2Fv2%2Fproduct_tag&post=5031"}],"curies":[{"name":"wp","href":"https:\/\/api.w.org\/{rel}","templated":true}]}}