{"id":5047,"date":"2025-10-28T02:22:45","date_gmt":"2025-10-28T02:22:45","guid":{"rendered":"https:\/\/yenhung.com\/?product=keo-loctite-tuyp-keo-dan-nhua-vai-30ml-khong-mau"},"modified":"2026-02-24T09:59:40","modified_gmt":"2026-02-24T09:59:40","slug":"keo-loctite-tuyp-keo-dan-nhua-vai-30ml-khong-mau","status":"publish","type":"product","link":"https:\/\/yenhung.com\/?product=keo-loctite-tuyp-keo-dan-nhua-vai-30ml-khong-mau","title":{"rendered":"Keo LOCTITE TU\u00ddP KEO D\u00c1N NH\u1ef0A\/V\u1ea2I 30ML KH\u00d4NG M\u00c0U"},"content":{"rendered":"<div class=\"ba-text-fpt\">\n<h2><strong>LOCTITE TU\u00ddP KEO D\u00c1N NH\u1ef0A\/V\u1ea2I 30ML KH\u00d4NG M\u00c0U<\/strong><\/h2>\n<p><strong>Loctite Vinyl, Plastic, and Fabric Flexible Adhesive 30ml (m\u00e3 1490796)<\/strong>. \u0110\u00e2y l\u00e0 m\u1ed9t lo\u1ea1i keo d\u00e1n chuy\u00ean d\u1ee5ng c\u1ee7a th\u01b0\u01a1ng hi\u1ec7u Loctite (thu\u1ed9c Henkel, \u0110\u1ee9c), \u0111\u01b0\u1ee3c thi\u1ebft k\u1ebf \u0111\u1eb7c bi\u1ec7t \u0111\u1ec3 s\u1eeda ch\u1eefa v\u00e0 k\u1ebft d\u00ednh c\u00e1c v\u1eadt li\u1ec7u m\u1ec1m d\u1ebbo nh\u01b0 nh\u1ef1a vinyl, v\u1ea3i v\u00e0 m\u1ed9t s\u1ed1 lo\u1ea1i nh\u1ef1a kh\u00e1c.<\/p>\n<p><img decoding=\"async\" title=\"loctite-tuyp-keo-dan-nhua-vai-30ml-khong-mau-2-2\" src=\"https:\/\/yenhung.com\/wp-content\/uploads\/2025\/10\/loctite-tuyp-keo-dan-nhua-vai-30ml-khong-mau-2-2.jpg\" alt=\"LOCTITE TU\u00ddP KEO D\u00c1N NH\u1ef0A\/V\u1ea2I 30ML KH\u00d4NG M\u00c0U\" data-thumb=\"large\" \/><\/p>\n<h3 data-sourcepos=\"5:1-5:90\">\u0110\u1eb7c \u0111i\u1ec3m n\u1ed5i b\u1eadt c\u1ee7a Loctite 1490796 (Vinyl, Plastic, and Fabric Flexible Adhesive)<\/h3>\n<p data-sourcepos=\"7:1-7:111\">Keo Loctite 1490796 s\u1edf h\u1eefu nh\u1eefng \u0111\u1eb7c t\u00ednh \u01b0u vi\u1ec7t gi\u00fap n\u00f3 tr\u1edf th\u00e0nh l\u1ef1a ch\u1ecdn hi\u1ec7u qu\u1ea3 cho c\u00e1c v\u1eadt li\u1ec7u m\u1ec1m d\u1ebbo:<\/p>\n<ul data-sourcepos=\"9:1-16:0\">\n<li data-sourcepos=\"9:1-9:169\"><strong>\u0110\u01b0\u1ee3c pha ch\u1ebf cho v\u1eadt li\u1ec7u m\u1ec1m d\u1ebbo:<\/strong> C\u00f4ng th\u1ee9c \u0111\u1ed9c \u0111\u00e1o c\u1ee7a keo cho ph\u00e9p n\u00f3 t\u1ea1o ra m\u1ed9t li\u00ean k\u1ebft linh ho\u1ea1t, c\u00f3 th\u1ec3 ch\u1ecbu \u0111\u01b0\u1ee3c u\u1ed1n cong v\u00e0 xo\u1eafn m\u00e0 kh\u00f4ng b\u1ecb n\u1ee9t ho\u1eb7c g\u00e3y.<\/li>\n<li data-sourcepos=\"10:1-10:138\"><strong>D\u00e1n \u0111\u01b0\u1ee3c nhi\u1ec1u lo\u1ea1i v\u1eadt li\u1ec7u:<\/strong> Hi\u1ec7u qu\u1ea3 tr\u00ean nh\u1ef1a vinyl, v\u1ea3i, da, cao su, gi\u1ea5y, th\u1ee7y tinh, kim lo\u1ea1i, g\u1ed1m s\u1ee9 v\u00e0 m\u1ed9t s\u1ed1 lo\u1ea1i nh\u1ef1a kh\u00e1c.<\/li>\n<li data-sourcepos=\"11:1-11:142\"><strong>Kh\u00f4ng m\u00e0u v\u00e0 kh\u00f4 trong su\u1ed1t:<\/strong> Sau khi kh\u00f4, keo tr\u1edf n\u00ean trong su\u1ed1t, gi\u00fap c\u00e1c m\u1ed1i n\u1ed1i \u0111\u01b0\u1ee3c s\u1eeda ch\u1eefa g\u1ea7n nh\u01b0 v\u00f4 h\u00ecnh, kh\u00f4ng g\u00e2y m\u1ea5t th\u1ea9m m\u1ef9.<\/li>\n<li data-sourcepos=\"12:1-12:128\"><strong>Ch\u1ed1ng th\u1ea5m n\u01b0\u1edbc:<\/strong> T\u1ea1o ra m\u1ed9t li\u00ean k\u1ebft ch\u1ed1ng th\u1ea5m n\u01b0\u1edbc, l\u00fd t\u01b0\u1edfng cho c\u00e1c v\u1eadt d\u1ee5ng ti\u1ebfp x\u00fac v\u1edbi n\u01b0\u1edbc ho\u1eb7c s\u1eed d\u1ee5ng ngo\u00e0i tr\u1eddi.<\/li>\n<li data-sourcepos=\"13:1-13:129\"><strong>Ch\u1ed1ng \u1ed1 v\u00e0ng v\u00e0 gi\u00f2n theo th\u1eddi gian:<\/strong> Keo duy tr\u00ec \u0111\u1ed9 b\u1ec1n v\u00e0 t\u00ednh linh ho\u1ea1t theo th\u1eddi gian, kh\u00f4ng b\u1ecb \u1ed1 v\u00e0ng hay tr\u1edf n\u00ean gi\u00f2n.<\/li>\n<li data-sourcepos=\"14:1-14:87\"><strong>Th\u1eddi gian kh\u00f4:<\/strong> B\u1eaft \u0111\u1ea7u se m\u1eb7t trong kho\u1ea3ng 10 ph\u00fat v\u00e0 kh\u00f4 ho\u00e0n to\u00e0n trong 24 gi\u1edd.<\/li>\n<li data-sourcepos=\"15:1-16:0\"><strong>D\u1ea1ng tu\u00fdp d\u1ec5 s\u1eed d\u1ee5ng:<\/strong> Tu\u00fdp 30ml ti\u1ec7n l\u1ee3i cho c\u00e1c s\u1eeda ch\u1eefa nh\u1ecf v\u00e0 ch\u00ednh x\u00e1c.<\/li>\n<li data-sourcepos=\"15:1-16:0\"><img decoding=\"async\" title=\"loctite-tuyp-keo-dan-nhua-vai-30ml-khong-mau-1-1\" src=\"https:\/\/yenhung.com\/wp-content\/uploads\/2025\/10\/loctite-tuyp-keo-dan-nhua-vai-30ml-khong-mau-1-1.jpg\" alt=\"LOCTITE TU\u00ddP KEO D\u00c1N NH\u1ef0A\/V\u1ea2I 30ML KH\u00d4NG M\u00c0U\" data-thumb=\"large\" \/><\/li>\n<li data-sourcepos=\"15:1-16:0\">\n<h3 data-sourcepos=\"19:1-19:35\">\u1ee8ng d\u1ee5ng c\u1ee7a Loctite 1490796<\/h3>\n<p data-sourcepos=\"21:1-21:139\">V\u1edbi t\u00ednh linh ho\u1ea1t v\u00e0 kh\u1ea3 n\u0103ng b\u00e1m d\u00ednh tr\u00ean nhi\u1ec1u v\u1eadt li\u1ec7u, Loctite 1490796 \u0111\u01b0\u1ee3c s\u1eed d\u1ee5ng r\u1ed9ng r\u00e3i trong c\u00e1c \u1ee9ng d\u1ee5ng s\u1eeda ch\u1eefa v\u00e0 th\u1ee7 c\u00f4ng:<\/p>\n<\/li>\n<li data-sourcepos=\"23:1-27:40\"><strong>S\u1eeda ch\u1eefa \u0111\u1ed3 d\u00f9ng gia \u0111\u00ecnh:<\/strong>\n<ul data-sourcepos=\"24:5-27:40\">\n<li data-sourcepos=\"24:5-24:30\">B\u1ecdc gh\u1ebf vinyl, \u0111\u1ec7m, b\u1ea1t.<\/li>\n<li data-sourcepos=\"25:5-25:66\">S\u1eeda ch\u1eefa \u00e1o m\u01b0a, \u0111\u1ed3 c\u1eafm tr\u1ea1i, h\u1ed3 b\u01a1i b\u01a1m h\u01a1i, b\u00f3ng b\u00e3i bi\u1ec3n.<\/li>\n<li data-sourcepos=\"26:5-26:33\">Gi\u00e0y d\u00e9p, \u0111\u1ed3 ch\u01a1i, d\u1ee5ng c\u1ee5.<\/li>\n<li data-sourcepos=\"27:5-27:40\">C\u00e1c chi ti\u1ebft b\u1eb1ng v\u1ea3i, da, cao su.<\/li>\n<\/ul>\n<\/li>\n<li data-sourcepos=\"28:1-28:73\"><strong>Th\u1ee7 c\u00f4ng v\u00e0 DIY:<\/strong> D\u00e1n c\u00e1c v\u1eadt li\u1ec7u m\u1ec1m d\u1ebbo trong c\u00e1c d\u1ef1 \u00e1n th\u1ee7 c\u00f4ng.<\/li>\n<li data-sourcepos=\"29:1-30:0\"><strong>S\u1eeda ch\u1eefa v\u1ebft r\u00e1ch v\u00e0 v\u1ebft th\u1ee7ng:<\/strong> C\u00f3 th\u1ec3 d\u00f9ng \u0111\u1ec3 d\u00e1n c\u00e1c v\u1ebft r\u00e1ch nh\u1ecf tr\u00ean v\u1ea3i ho\u1eb7c nh\u1ef1a vinyl, ho\u1eb7c k\u1ebft h\u1ee3p v\u1edbi mi\u1ebfng v\u00e1 \u0111\u1ec3 t\u0103ng c\u01b0\u1eddng \u0111\u1ed9 b\u1ec1n cho c\u00e1c v\u1ebft r\u00e1ch l\u1edbn h\u01a1n.<\/li>\n<li data-sourcepos=\"29:1-30:0\"><img decoding=\"async\" title=\"loctite-tuyp-keo-dan-nhua-vai-30ml-khong-mau-3-1\" src=\"https:\/\/yenhung.com\/wp-content\/uploads\/2025\/10\/loctite-tuyp-keo-dan-nhua-vai-30ml-khong-mau-3-1.jpg\" alt=\"LOCTITE TU\u00ddP KEO D\u00c1N NH\u1ef0A\/V\u1ea2I 30ML KH\u00d4NG M\u00c0U\" data-thumb=\"large\" \/><\/li>\n<li data-sourcepos=\"15:1-16:0\">\n<p data-sourcepos=\"31:1-31:206\"><strong>L\u01b0u \u00fd:<\/strong> Kh\u00f4ng khuy\u1ebfn ngh\u1ecb s\u1eed d\u1ee5ng cho polyethylene, polypropylene, polystyrene, polyformaldehyde, cao su cotton, cao su b\u1ecdt, neoprene, cao su urethane, Mylar\u2122 ho\u1eb7c polytetrafluoroethylene (PFTE)\/Teflon\u00ae.<\/p>\n<h3><\/h3>\n<\/li>\n<\/ul>\n<\/div>\n","protected":false},"excerpt":{"rendered":"<p><strong>T\u00ean sa\u0309n ph\u00e2\u0309m:\u00a0LOCTITE TU\u00ddP KEO D\u00c1N NH\u1ef0A\/V\u1ea2I 30ML KH\u00d4NG M\u00c0U<\/strong><\/p>\n<p><b>Li\u00ean h\u1ec7: 0397433258<\/b><\/p>\n","protected":false},"featured_media":5048,"comment_status":"closed","ping_status":"closed","template":"","meta":[],"product_brand":[],"product_cat":[141],"product_tag":[],"class_list":{"0":"post-5047","1":"product","2":"type-product","3":"status-publish","4":"has-post-thumbnail","6":"product_cat-loctite","8":"first","9":"instock","10":"shipping-taxable","11":"product-type-simple"},"_links":{"self":[{"href":"https:\/\/yenhung.com\/index.php?rest_route=\/wp\/v2\/product\/5047","targetHints":{"allow":["GET"]}}],"collection":[{"href":"https:\/\/yenhung.com\/index.php?rest_route=\/wp\/v2\/product"}],"about":[{"href":"https:\/\/yenhung.com\/index.php?rest_route=\/wp\/v2\/types\/product"}],"replies":[{"embeddable":true,"href":"https:\/\/yenhung.com\/index.php?rest_route=%2Fwp%2Fv2%2Fcomments&post=5047"}],"wp:featuredmedia":[{"embeddable":true,"href":"https:\/\/yenhung.com\/index.php?rest_route=\/wp\/v2\/media\/5048"}],"wp:attachment":[{"href":"https:\/\/yenhung.com\/index.php?rest_route=%2Fwp%2Fv2%2Fmedia&parent=5047"}],"wp:term":[{"taxonomy":"product_brand","embeddable":true,"href":"https:\/\/yenhung.com\/index.php?rest_route=%2Fwp%2Fv2%2Fproduct_brand&post=5047"},{"taxonomy":"product_cat","embeddable":true,"href":"https:\/\/yenhung.com\/index.php?rest_route=%2Fwp%2Fv2%2Fproduct_cat&post=5047"},{"taxonomy":"product_tag","embeddable":true,"href":"https:\/\/yenhung.com\/index.php?rest_route=%2Fwp%2Fv2%2Fproduct_tag&post=5047"}],"curies":[{"name":"wp","href":"https:\/\/api.w.org\/{rel}","templated":true}]}}