{"id":5079,"date":"2025-10-28T02:23:15","date_gmt":"2025-10-28T02:23:15","guid":{"rendered":"https:\/\/yenhung.com\/?product=keo-loctite-510-300ml"},"modified":"2026-02-24T09:56:41","modified_gmt":"2026-02-24T09:56:41","slug":"keo-loctite-510-300ml","status":"publish","type":"product","link":"https:\/\/yenhung.com\/?product=keo-loctite-510-300ml","title":{"rendered":"Keo loctite 510 &#8211; 300ml"},"content":{"rendered":"<div class=\"ba-text-fpt\">\n<h2 data-sourcepos=\"1:1-1:123\"><strong>Keo loctite 510 &#8211; 300ml<\/strong><\/h2>\n<p data-sourcepos=\"1:1-1:123\">&#8220;Keo Loctite 510 &#8211; 300ml&#8221; l\u00e0 m\u1ed9t lo\u1ea1i <strong>keo y\u1ebfm kh\u00ed ch\u1ecbu nhi\u1ec7t \u0111\u1ed9 cao<\/strong> \u0111\u01b0\u1ee3c s\u1eed d\u1ee5ng \u0111\u1ec3 <strong>l\u00e0m k\u00edn m\u1eb7t b\u00edch kim lo\u1ea1i c\u1ee9ng<\/strong>.<\/p>\n<p data-sourcepos=\"1:1-1:123\"><img decoding=\"async\" title=\"loctite-510-jpeg-2\" src=\"https:\/\/yenhung.com\/wp-content\/uploads\/2025\/10\/loctite-510-jpeg-2.jpg\" alt=\"Keo loctite 510 - 300ml\" data-thumb=\"large\" \/><\/p>\n<p data-sourcepos=\"3:1-3:39\"><strong>C\u00e1c \u0111\u1eb7c \u0111i\u1ec3m ch\u00ednh c\u1ee7a Loctite 510:<\/strong><\/p>\n<p data-sourcepos=\"3:1-3:39\"><strong><img decoding=\"async\" title=\"loctite-510-1-1\" src=\"https:\/\/yenhung.com\/wp-content\/uploads\/2025\/10\/loctite-510-1-1.jpg\" alt=\"Keo loctite 510 - 300ml\" data-thumb=\"large\" \/><\/strong><\/p>\n<ul data-sourcepos=\"5:1-13:0\">\n<li data-sourcepos=\"5:1-5:90\"><strong>Ch\u1ecbu nhi\u1ec7t \u0111\u1ed9 cao:<\/strong> C\u00f3 kh\u1ea3 n\u0103ng ch\u1ecbu nhi\u1ec7t l\u00ean \u0111\u1ebfn <strong>200\u00b0C &#8211; 230\u00b0C (400\u00b0F &#8211; 450\u00b0F)<\/strong>.<\/li>\n<li data-sourcepos=\"6:1-6:68\"><strong>Kh\u00e1ng h\u00f3a ch\u1ea5t t\u1ed1t:<\/strong> Ch\u1ecbu \u0111\u01b0\u1ee3c nhi\u1ec1u lo\u1ea1i h\u00f3a ch\u1ea5t c\u00f4ng nghi\u1ec7p.<\/li>\n<li data-sourcepos=\"7:1-7:95\"><strong>\u0110\u00f3ng r\u1eafn y\u1ebfm kh\u00ed:<\/strong> Ch\u1ec9 \u0111\u00f3ng r\u1eafn khi kh\u00f4ng c\u00f3 kh\u00f4ng kh\u00ed v\u00e0 b\u1ecb k\u1eb9p gi\u1eefa c\u00e1c b\u1ec1 m\u1eb7t kim lo\u1ea1i.<\/li>\n<li data-sourcepos=\"8:1-8:102\"><strong>\u0110\u1ed9 b\u1ec1n trung b\u00ecnh:<\/strong> T\u1ea1o ra m\u1ed1i n\u1ed1i c\u00f3 \u0111\u1ed9 b\u1ec1n v\u1eeba ph\u1ea3i, c\u00f3 th\u1ec3 th\u00e1o r\u1eddi b\u1eb1ng d\u1ee5ng c\u1ee5 th\u00f4ng th\u01b0\u1eddng.<\/li>\n<li data-sourcepos=\"9:1-9:85\"><strong>L\u1ea5p \u0111\u1ea7y khe h\u1edf:<\/strong> C\u00f3 kh\u1ea3 n\u0103ng l\u1ea5p \u0111\u1ea7y c\u00e1c khe h\u1edf nh\u1ecf \u0111\u1ebfn <strong>0.25 mm (0.01 inch)<\/strong>.<\/li>\n<li data-sourcepos=\"10:1-10:58\"><strong>D\u1ea1ng s\u1ec7t (Paste):<\/strong> D\u1ec5 d\u00e0ng thi c\u00f4ng v\u00e0 kh\u00f4ng b\u1ecb ch\u1ea3y.<\/li>\n<li data-sourcepos=\"11:1-11:15\"><strong>M\u00e0u h\u1ed3ng.<\/strong><\/li>\n<li data-sourcepos=\"12:1-13:0\"><strong>Dung t\u00edch:<\/strong> 300ml.<\/li>\n<\/ul>\n<p data-sourcepos=\"14:1-14:39\"><strong>\u1ee8ng d\u1ee5ng ti\u00eau bi\u1ec3u c\u1ee7a Loctite 510:<\/strong><\/p>\n<p data-sourcepos=\"14:1-14:39\"><strong><img decoding=\"async\" title=\"loctite-510-3-1\" src=\"https:\/\/yenhung.com\/wp-content\/uploads\/2025\/10\/loctite-510-3-1.jpg\" alt=\"Keo loctite 510 - 300ml\" data-thumb=\"large\" \/><\/strong>\n<\/p>\n<ul data-sourcepos=\"16:1-19:0\">\n<li data-sourcepos=\"16:1-16:45\">L\u00e0m k\u00edn m\u1eb7t b\u00edch tr\u00ean h\u1ed9p s\u1ed1 v\u00e0 v\u1ecf \u0111\u1ed9ng c\u01a1.<\/li>\n<li data-sourcepos=\"17:1-17:62\">S\u1eed d\u1ee5ng tr\u00ean c\u00e1c m\u1eb7t b\u00edch kim lo\u1ea1i c\u1ee9ng, gia c\u00f4ng ch\u00ednh x\u00e1c.<\/li>\n<li data-sourcepos=\"18:1-19:0\">Th\u00edch h\u1ee3p cho c\u00e1c \u1ee9ng d\u1ee5ng ch\u1ecbu nhi\u1ec7t \u0111\u1ed9 cao.<\/li>\n<\/ul>\n<\/div>\n","protected":false},"excerpt":{"rendered":"<p>T\u00ean sa\u0309n ph\u00e2\u0309m:\u00a0Keo loctite 510 &#8211; 300ml<\/p>\n<p><b>Li\u00ean h\u1ec7: 0397433258<\/b><\/p>\n","protected":false},"featured_media":5080,"comment_status":"closed","ping_status":"closed","template":"","meta":[],"product_brand":[],"product_cat":[141],"product_tag":[],"class_list":{"0":"post-5079","1":"product","2":"type-product","3":"status-publish","4":"has-post-thumbnail","6":"product_cat-loctite","8":"first","9":"instock","10":"shipping-taxable","11":"product-type-simple"},"_links":{"self":[{"href":"https:\/\/yenhung.com\/index.php?rest_route=\/wp\/v2\/product\/5079","targetHints":{"allow":["GET"]}}],"collection":[{"href":"https:\/\/yenhung.com\/index.php?rest_route=\/wp\/v2\/product"}],"about":[{"href":"https:\/\/yenhung.com\/index.php?rest_route=\/wp\/v2\/types\/product"}],"replies":[{"embeddable":true,"href":"https:\/\/yenhung.com\/index.php?rest_route=%2Fwp%2Fv2%2Fcomments&post=5079"}],"wp:featuredmedia":[{"embeddable":true,"href":"https:\/\/yenhung.com\/index.php?rest_route=\/wp\/v2\/media\/5080"}],"wp:attachment":[{"href":"https:\/\/yenhung.com\/index.php?rest_route=%2Fwp%2Fv2%2Fmedia&parent=5079"}],"wp:term":[{"taxonomy":"product_brand","embeddable":true,"href":"https:\/\/yenhung.com\/index.php?rest_route=%2Fwp%2Fv2%2Fproduct_brand&post=5079"},{"taxonomy":"product_cat","embeddable":true,"href":"https:\/\/yenhung.com\/index.php?rest_route=%2Fwp%2Fv2%2Fproduct_cat&post=5079"},{"taxonomy":"product_tag","embeddable":true,"href":"https:\/\/yenhung.com\/index.php?rest_route=%2Fwp%2Fv2%2Fproduct_tag&post=5079"}],"curies":[{"name":"wp","href":"https:\/\/api.w.org\/{rel}","templated":true}]}}