{"id":5112,"date":"2025-10-28T02:23:56","date_gmt":"2025-10-28T02:23:56","guid":{"rendered":"https:\/\/yenhung.com\/?product=keo-loctite-262-50ml"},"modified":"2026-02-24T09:54:48","modified_gmt":"2026-02-24T09:54:48","slug":"keo-loctite-262-50ml","status":"publish","type":"product","link":"https:\/\/yenhung.com\/?product=keo-loctite-262-50ml","title":{"rendered":"Keo LOCTITE 262 -50ML"},"content":{"rendered":"<div class=\"ba-text-fpt\">\n<h2 data-sourcepos=\"1:1-1:77\">Keo Kh\u00f3a Ren Loctite 262: Gi\u1ea3i ph\u00e1p ho\u00e0n h\u1ea3o cho c\u00e1c m\u1ed1i ren ch\u1ecbu rung l\u1eafc<\/h2>\n<p data-sourcepos=\"3:1-3:274\"><img decoding=\"async\" title=\"loctite-262-50ml-1-1\" src=\"https:\/\/yenhung.com\/wp-content\/uploads\/2025\/10\/loctite-262-50ml-1-1.jpg\" alt=\"LOCTITE 262 -50ML\" data-thumb=\"large\" \/><\/p>\n<p data-sourcepos=\"3:1-3:274\"><strong>Loctite 262<\/strong> l\u00e0 m\u1ed9t lo\u1ea1i keo kh\u00f3a ren chuy\u00ean d\u1ee5ng, \u0111\u01b0\u1ee3c ph\u00e1t tri\u1ec3n v\u1edbi c\u00f4ng ngh\u1ec7 ti\u00ean ti\u1ebfn Acrylic v\u00e0 h\u00f3a ch\u1ea5t Dimethacrylate ester. V\u1edbi d\u1ea1ng ch\u1ea5t l\u1ecfng m\u00e0u xanh d\u01b0\u01a1ng, s\u1ea3n ph\u1ea9m n\u00e0y cung c\u1ea5p \u0111\u1ed9 nh\u1edbt trung b\u00ecnh v\u00e0 \u0111\u00f4ng l\u1ea1i ho\u00e0n to\u00e0n trong m\u00f4i tr\u01b0\u1eddng thi\u1ebfu oxi.<\/p>\n<h3 data-sourcepos=\"5:1-5:20\">\u0110\u1eb7c \u0111i\u1ec3m n\u1ed5i b\u1eadt<\/h3>\n<p><img decoding=\"async\" title=\"loctite-262-50ml-2-1\" src=\"https:\/\/yenhung.com\/wp-content\/uploads\/2025\/10\/loctite-262-50ml-2-1.jpg\" alt=\"LOCTITE 262 -50ML\" data-thumb=\"large\" \/><\/p>\n<ul data-sourcepos=\"7:1-12:0\">\n<li data-sourcepos=\"7:1-7:98\"><strong>Kh\u00f3a ch\u1eb7t c\u00e1c m\u1ed1i ren:<\/strong> Ng\u0103n ch\u1eb7n vi\u1ec7c l\u1ecfng l\u1ebbo c\u00e1c bu l\u00f4ng, \u1ed1c v\u00edt trong qu\u00e1 tr\u00ecnh v\u1eadn h\u00e0nh.<\/li>\n<li data-sourcepos=\"8:1-8:99\"><strong>Ch\u1ecbu rung l\u1eafc t\u1ed1t:<\/strong> \u0110\u1ea3m b\u1ea3o c\u00e1c m\u1ed1i n\u1ed1i lu\u00f4n ch\u1eafc ch\u1eafn, ngay c\u1ea3 trong \u0111i\u1ec1u ki\u1ec7n rung l\u1eafc m\u1ea1nh.<\/li>\n<li data-sourcepos=\"9:1-9:62\"><strong>D\u1ec5 s\u1eed d\u1ee5ng:<\/strong> \u00c1p d\u1ee5ng tr\u1ef1c ti\u1ebfp l\u00ean ren tr\u01b0\u1edbc khi l\u1eafp r\u00e1p.<\/li>\n<li data-sourcepos=\"10:1-10:92\"><strong>Kh\u1ea3 n\u0103ng th\u00e1o l\u1eafp:<\/strong> C\u00f3 th\u1ec3 th\u00e1o l\u1eafp l\u1ea1i c\u00e1c m\u1ed1i n\u1ed1i b\u1eb1ng d\u1ee5ng c\u1ee5 c\u1ea7m tay khi c\u1ea7n thi\u1ebft.<\/li>\n<li data-sourcepos=\"11:1-12:0\"><strong>An to\u00e0n:<\/strong> Kh\u00f4ng ch\u1ee9a c\u00e1c ch\u1ea5t \u0111\u1ed9c h\u1ea1i, th\u00e2n thi\u1ec7n v\u1edbi m\u00f4i tr\u01b0\u1eddng.<\/li>\n<\/ul>\n<h3 data-sourcepos=\"13:1-13:12\">\u1ee8ng d\u1ee5ng<\/h3>\n<p><img decoding=\"async\" title=\"loctite-262-50ml-3-2\" src=\"https:\/\/yenhung.com\/wp-content\/uploads\/2025\/10\/loctite-262-50ml-3-2.jpg\" alt=\"LOCTITE 262 -50ML\" data-thumb=\"large\" \/><\/p>\n<ul data-sourcepos=\"15:1-18:0\">\n<li data-sourcepos=\"15:1-15:98\"><strong>Ng\u00e0nh c\u00f4ng nghi\u1ec7p:<\/strong> S\u1eed d\u1ee5ng \u0111\u1ec3 kh\u00f3a ch\u1eb7t c\u00e1c bu l\u00f4ng, \u1ed1c v\u00edt tr\u00ean m\u00e1y m\u00f3c, thi\u1ebft b\u1ecb, \u0111\u1ed9ng c\u01a1.<\/li>\n<li data-sourcepos=\"16:1-16:70\"><strong>\u00d4 t\u00f4:<\/strong> Kh\u00f3a ch\u1eb7t c\u00e1c m\u1ed1i ren tr\u00ean \u0111\u1ed9ng c\u01a1, h\u1ed9p s\u1ed1, h\u1ec7 th\u1ed1ng treo.<\/li>\n<li data-sourcepos=\"17:1-18:0\"><strong>\u0110i\u1ec7n t\u1eed:<\/strong> Kh\u00f3a ch\u1eb7t c\u00e1c linh ki\u1ec7n \u0111i\u1ec7n t\u1eed.<\/li>\n<\/ul>\n<\/div>\n","protected":false},"excerpt":{"rendered":"<p>T\u00ean sa\u0309n ph\u00e2\u0309m:\u00a0LOCTITE 262 -50ML<\/p>\n<p><b>Li\u00ean h\u1ec7: 0397433258<\/b><\/p>\n","protected":false},"featured_media":5113,"comment_status":"closed","ping_status":"closed","template":"","meta":[],"product_brand":[],"product_cat":[141],"product_tag":[],"class_list":{"0":"post-5112","1":"product","2":"type-product","3":"status-publish","4":"has-post-thumbnail","6":"product_cat-loctite","8":"first","9":"instock","10":"shipping-taxable","11":"product-type-simple"},"_links":{"self":[{"href":"https:\/\/yenhung.com\/index.php?rest_route=\/wp\/v2\/product\/5112","targetHints":{"allow":["GET"]}}],"collection":[{"href":"https:\/\/yenhung.com\/index.php?rest_route=\/wp\/v2\/product"}],"about":[{"href":"https:\/\/yenhung.com\/index.php?rest_route=\/wp\/v2\/types\/product"}],"replies":[{"embeddable":true,"href":"https:\/\/yenhung.com\/index.php?rest_route=%2Fwp%2Fv2%2Fcomments&post=5112"}],"wp:featuredmedia":[{"embeddable":true,"href":"https:\/\/yenhung.com\/index.php?rest_route=\/wp\/v2\/media\/5113"}],"wp:attachment":[{"href":"https:\/\/yenhung.com\/index.php?rest_route=%2Fwp%2Fv2%2Fmedia&parent=5112"}],"wp:term":[{"taxonomy":"product_brand","embeddable":true,"href":"https:\/\/yenhung.com\/index.php?rest_route=%2Fwp%2Fv2%2Fproduct_brand&post=5112"},{"taxonomy":"product_cat","embeddable":true,"href":"https:\/\/yenhung.com\/index.php?rest_route=%2Fwp%2Fv2%2Fproduct_cat&post=5112"},{"taxonomy":"product_tag","embeddable":true,"href":"https:\/\/yenhung.com\/index.php?rest_route=%2Fwp%2Fv2%2Fproduct_tag&post=5112"}],"curies":[{"name":"wp","href":"https:\/\/api.w.org\/{rel}","templated":true}]}}