{"id":5674,"date":"2025-10-28T02:33:41","date_gmt":"2025-10-28T02:33:41","guid":{"rendered":"https:\/\/yenhung.com\/?product=keo-loctite-290-250ml"},"modified":"2026-02-24T09:16:03","modified_gmt":"2026-02-24T09:16:03","slug":"keo-loctite-290-250ml","status":"publish","type":"product","link":"https:\/\/yenhung.com\/?product=keo-loctite-290-250ml","title":{"rendered":"Keo Loctite 290 250ml"},"content":{"rendered":"<div class=\"ba-text-fpt\">\n<h2><strong>LOCTITE 290 250ML: Keo Ch\u1ed1ng R\u00f2 R\u1ec9 Chuy\u00ean Nghi\u1ec7p<\/strong><\/h2>\n<p>T\u1ed5ng quan<\/p>\n<p><img decoding=\"async\" title=\"loctite-290-250ml-a-1753246667851-1\" src=\"https:\/\/yenhung.com\/wp-content\/uploads\/2025\/10\/loctite-290-250ml-a-1753246667851-1.jpg\" alt=\"LOCTITE 290 250ML\" data-thumb=\"large\" \/><\/p>\n<p>LOCTITE 290 250ML l\u00e0 m\u1ed9t lo\u1ea1i keo ch\u1ed1ng r\u00f2 r\u1ec9 d\u1ea1ng l\u1ecfng m\u00e0u \u0111\u1ecf, kh\u00f4ng ch\u1ee9a dung m\u00f4i, c\u00f3 \u0111\u1ed9 nh\u1edbt trung b\u00ecnh, chuy\u00ean d\u00f9ng \u0111\u1ec3 t\u1ea1o gio\u0103ng m\u1ec1m tr\u00ean c\u00e1c b\u1ec1 m\u1eb7t kim lo\u1ea1i. S\u1ea3n ph\u1ea9m l\u00fd t\u01b0\u1edfng cho vi\u1ec7c l\u1eafp r\u00e1p c\u00e1c b\u1ed9 ph\u1eadn k\u00edn v\u00e0 ch\u1ed1ng r\u00f2 r\u1ec9 \u1edf c\u00e1c khu v\u1ef1c c\u00f3 \u00e1p su\u1ea5t th\u1ea5p \u0111\u1ebfn trung b\u00ecnh.<\/p>\n<p>\u01afu \u0111i\u1ec3m<\/p>\n<ul>\n<li>T\u1ea1o gio\u0103ng m\u1ec1m b\u1ec1n b\u1ec9 v\u00e0 linh ho\u1ea1t \u0111\u1ec3 ng\u0103n ch\u1eb7n r\u00f2 r\u1ec9<\/li>\n<li>Ch\u1ecbu \u0111\u01b0\u1ee3c nhi\u1ec7t \u0111\u1ed9 cao l\u00ean \u0111\u1ebfn 150oC (302oF) \u0111\u1ec3 \u0111\u1ea3m b\u1ea3o hi\u1ec7u su\u1ea5t ch\u1ed1ng r\u00f2 r\u1ec9 trong m\u00f4i tr\u01b0\u1eddng kh\u1eafc nghi\u1ec7t<\/li>\n<li>C\u00f3 kh\u1ea3 n\u0103ng ch\u1ecbu \u00e1p su\u1ea5t cao, l\u00ean \u0111\u1ebfn 20 bar (290 psi)<\/li>\n<li>T\u01b0\u01a1ng th\u00edch v\u1edbi h\u1ea7u h\u1ebft c\u00e1c kim lo\u1ea1i, bao g\u1ed3m th\u00e9p, nh\u00f4m, gang v\u00e0 \u0111\u1ed3ng<\/li>\n<li>Ho\u1ea1t \u0111\u1ed9ng ngay c\u1ea3 tr\u00ean c\u00e1c b\u1ec1 m\u1eb7t h\u01a1i nh\u1eddn ho\u1eb7c c\u00f3 ch\u1ea5t b\u1ea9n nh\u1eb9<\/li>\n<\/ul>\n<p>\u1ee8ng d\u1ee5ng<\/p>\n<p><img decoding=\"async\" title=\"loctite-290-250ml-b-1753246667327-1\" src=\"https:\/\/yenhung.com\/wp-content\/uploads\/2025\/10\/loctite-290-250ml-b-1753246667327-1.jpg\" alt=\"LOCTITE 290 250ML\" data-thumb=\"large\" \/><\/p>\n<p>LOCTITE 290 250ML \u0111\u01b0\u1ee3c khuy\u00ean d\u00f9ng cho c\u00e1c \u1ee9ng d\u1ee5ng sau:<\/p>\n<ul>\n<li>T\u1ea1o gio\u0103ng tr\u00ean c\u00e1c m\u1eb7t b\u00edch, n\u1eafp \u0111\u1eady v\u00e0 thi\u1ebft b\u1ecb l\u1eafp \u1ed1ng n\u01b0\u1edbc<\/li>\n<li>Ng\u0103n ch\u1eb7n r\u00f2 r\u1ec9 \u1edf c\u00e1c b\u1ed9 ph\u1eadn m\u00e1y m\u00f3c, h\u1ed9p s\u1ed1 v\u00e0 m\u00e1y b\u01a1m<\/li>\n<li>S\u1eeda ch\u1eefa r\u00f2 r\u1ec9 tr\u00ean \u0111\u01b0\u1eddng \u1ed1ng, \u1ed1ng d\u1eabn v\u00e0 b\u1ec3 ch\u1ee9a<\/li>\n<li>Ni\u00eam phong c\u00e1c m\u1ed1i n\u1ed1i kh\u00f4ng \u0111\u1ec1u ho\u1eb7c b\u1ecb h\u01b0 h\u1ecfng<\/li>\n<\/ul>\n<p>H\u01b0\u1edbng d\u1eabn s\u1eed d\u1ee5ng<\/p>\n<ol>\n<li>L\u00e0m s\u1ea1ch v\u00e0 l\u00e0m kh\u00f4 b\u1ec1 m\u1eb7t c\u1ea7n x\u1eed l\u00fd.<\/li>\n<li>B\u00f4i m\u1ed9t l\u01b0\u1ee3ng keo m\u1ecfng, \u0111\u1ec1u l\u00ean m\u1ed9t m\u1eb7t c\u1ee7a m\u1ed7i b\u1ec1 m\u1eb7t c\u1ea7n gh\u00e9p n\u1ed1i.<\/li>\n<li>L\u1eafp r\u00e1p c\u00e1c b\u1ed9 ph\u1eadn v\u00e0 si\u1ebft ch\u1eb7t theo khuy\u1ebfn ngh\u1ecb.<\/li>\n<li>\u0110\u1ec3 keo kh\u00f4 trong th\u1eddi gian quy \u0111\u1ecbnh (xem th\u1eddi gian kh\u00f4 b\u00ean d\u01b0\u1edbi).<\/li>\n<\/ol>\n<h3>Th\u1eddi gian kh\u00f4<\/h3>\n<ul>\n<li>Th\u1eddi gian c\u1ed1 \u0111\u1ecbnh ban \u0111\u1ea7u: 5-10 ph\u00fat<\/li>\n<li>Th\u1eddi gian \u0111\u00f3ng r\u1eafn ho\u00e0n to\u00e0n: 24 gi\u1edd<\/li>\n<\/ul>\n<h3>L\u01b0u \u00fd v\u1ec1 an to\u00e0n<\/h3>\n<ul>\n<li>Tr\u00e1nh h\u00edt ph\u1ea3i h\u01a1i ho\u1eb7c ti\u1ebfp x\u00fac v\u1edbi da.<\/li>\n<li>S\u1eed d\u1ee5ng trong khu v\u1ef1c th\u00f4ng gi\u00f3 t\u1ed1t.<\/li>\n<li>Mang g\u0103ng tay b\u1ea3o h\u1ed9 khi ti\u1ebfp x\u00fac v\u1edbi keo.<\/li>\n<li>N\u1ebfu keo ti\u1ebfp x\u00fac v\u1edbi da, r\u1eeda s\u1ea1ch ngay b\u1eb1ng x\u00e0 ph\u00f2ng v\u00e0 n\u01b0\u1edbc.<\/li>\n<li>N\u1ebfu keo ti\u1ebfp x\u00fac v\u1edbi m\u1eaft, r\u1eeda s\u1ea1ch ngay b\u1eb1ng n\u01b0\u1edbc trong \u00edt nh\u1ea5t 15 ph\u00fat v\u00e0 t\u00ecm ki\u1ebfm s\u1ef1 ch\u0103m s\u00f3c y t\u1ebf.<\/li>\n<\/ul>\n<h3>K\u1ebft lu\u1eadn<\/h3>\n<p><img decoding=\"async\" title=\"loctite-290-250ml-c-1753246667065-1\" src=\"https:\/\/yenhung.com\/wp-content\/uploads\/2025\/10\/loctite-290-250ml-c-1753246667065-1.jpg\" alt=\"LOCTITE 290 250ML\" data-thumb=\"large\" \/><\/p>\n<p>LOCTITE 290 250ML l\u00e0 m\u1ed9t gi\u1ea3i ph\u00e1p ch\u1ed1ng r\u00f2 r\u1ec9 hi\u1ec7u qu\u1ea3 v\u00e0 \u0111\u00e1ng tin c\u1eady cho c\u00e1c \u1ee9ng d\u1ee5ng c\u00f4ng nghi\u1ec7p v\u00e0 b\u1ea3o tr\u00ec. V\u1edbi kh\u1ea3 n\u0103ng t\u1ea1o gio\u0103ng m\u1ec1m, ch\u1ecbu nhi\u1ec7t \u0111\u1ed9 v\u00e0 \u00e1p su\u1ea5t cao, s\u1ea3n ph\u1ea9m l\u00fd t\u01b0\u1edfng \u0111\u1ec3 ng\u0103n ch\u1eb7n r\u00f2 r\u1ec9 v\u00e0 duy tr\u00ec ho\u1ea1t \u0111\u1ed9ng tr\u01a1n tru cho c\u00e1c b\u1ed9 ph\u1eadn m\u00e1y m\u00f3c, \u0111\u01b0\u1eddng \u1ed1ng v\u00e0 thi\u1ebft b\u1ecb.<\/p>\n<\/div>\n","protected":false},"excerpt":{"rendered":"<p><strong>T\u00ean sa\u0309n ph\u00e2\u0309m:<\/strong>LOCTITE 290 250ML<br \/>\n<b>Li\u00ean h\u1ec7: 0397433258<\/b><\/p>\n","protected":false},"featured_media":5675,"comment_status":"closed","ping_status":"closed","template":"","meta":[],"product_brand":[],"product_cat":[141],"product_tag":[],"class_list":{"0":"post-5674","1":"product","2":"type-product","3":"status-publish","4":"has-post-thumbnail","6":"product_cat-loctite","8":"first","9":"instock","10":"shipping-taxable","11":"product-type-simple"},"_links":{"self":[{"href":"https:\/\/yenhung.com\/index.php?rest_route=\/wp\/v2\/product\/5674","targetHints":{"allow":["GET"]}}],"collection":[{"href":"https:\/\/yenhung.com\/index.php?rest_route=\/wp\/v2\/product"}],"about":[{"href":"https:\/\/yenhung.com\/index.php?rest_route=\/wp\/v2\/types\/product"}],"replies":[{"embeddable":true,"href":"https:\/\/yenhung.com\/index.php?rest_route=%2Fwp%2Fv2%2Fcomments&post=5674"}],"wp:featuredmedia":[{"embeddable":true,"href":"https:\/\/yenhung.com\/index.php?rest_route=\/wp\/v2\/media\/5675"}],"wp:attachment":[{"href":"https:\/\/yenhung.com\/index.php?rest_route=%2Fwp%2Fv2%2Fmedia&parent=5674"}],"wp:term":[{"taxonomy":"product_brand","embeddable":true,"href":"https:\/\/yenhung.com\/index.php?rest_route=%2Fwp%2Fv2%2Fproduct_brand&post=5674"},{"taxonomy":"product_cat","embeddable":true,"href":"https:\/\/yenhung.com\/index.php?rest_route=%2Fwp%2Fv2%2Fproduct_cat&post=5674"},{"taxonomy":"product_tag","embeddable":true,"href":"https:\/\/yenhung.com\/index.php?rest_route=%2Fwp%2Fv2%2Fproduct_tag&post=5674"}],"curies":[{"name":"wp","href":"https:\/\/api.w.org\/{rel}","templated":true}]}}