{"id":5761,"date":"2025-10-28T02:35:19","date_gmt":"2025-10-28T02:35:19","guid":{"rendered":"https:\/\/yenhung.com\/?product=keo-loctite-270-250ml"},"modified":"2026-02-11T08:02:44","modified_gmt":"2026-02-11T08:02:44","slug":"keo-loctite-270-250ml","status":"publish","type":"product","link":"https:\/\/yenhung.com\/?product=keo-loctite-270-250ml","title":{"rendered":"Keo Loctite 270 250ml"},"content":{"rendered":"<div class=\"ba-text-fpt\">\n<h2><strong>LOCTITE 270 250ML<\/strong><\/h2>\n<p>Keo ch\u1eb7n ren ch\u1ecbu c\u01b0\u1eddng \u0111\u1ed9 cao cho c\u00e1c \u1ee9ng d\u1ee5ng c\u00f4ng nghi\u1ec7p<\/p>\n<p>LOCTITE 270 250ML l\u00e0 lo\u1ea1i keo ch\u1eb7n ren ch\u1ecbu c\u01b0\u1eddng \u0111\u1ed9 cao \u0111\u01b0\u1ee3c thi\u1ebft k\u1ebf \u0111\u1ec3 c\u1ed1 \u0111\u1ecbnh v\u00e0 ni\u00eam phong c\u00e1c m\u1ed1i gh\u00e9p ren kim lo\u1ea1i. S\u1ea3n ph\u1ea9m n\u00e0y l\u00fd t\u01b0\u1edfng cho c\u00e1c \u1ee9ng d\u1ee5ng c\u00f4ng nghi\u1ec7p \u0111\u00f2i h\u1ecfi \u0111\u1ed9 b\u1ec1n v\u00e0 \u0111\u1ed9 tin c\u1eady v\u01b0\u1ee3t tr\u1ed9i.<\/p>\n<p>T\u00ednh n\u0103ng<\/p>\n<p><img decoding=\"async\" title=\"loctite-270-250ml-2-1\" src=\"https:\/\/yenhung.com\/wp-content\/uploads\/2025\/10\/loctite-270-250ml-2-1.jpg\" alt=\"LOCTITE 270 250ML\" data-thumb=\"large\" \/><\/p>\n<ul>\n<li><strong>Ch\u1ecbu c\u01b0\u1eddng \u0111\u1ed9 cao:<\/strong> Li\u00ean k\u1ebft b\u1ec1n ch\u1eafc c\u00f3 th\u1ec3 ch\u1ecbu \u0111\u01b0\u1ee3c t\u1ea3i tr\u1ecdng l\u1edbn v\u00e0 rung \u0111\u1ed9ng.<\/li>\n<li><strong>Kh\u1ea3 n\u0103ng ch\u1ecbu nhi\u1ec7t \u0111\u1ed9:<\/strong> Ch\u1ecbu nhi\u1ec7t \u0111\u1ed9 t\u1eeb -55\u00b0C \u0111\u1ebfn +150\u00b0C.<\/li>\n<li><strong>Kh\u1ea3 n\u0103ng ch\u1ed1ng h\u00f3a ch\u1ea5t:<\/strong> Ch\u1ed1ng l\u1ea1i h\u1ea7u h\u1ebft c\u00e1c h\u00f3a ch\u1ea5t c\u00f4ng nghi\u1ec7p, bao g\u1ed3m d\u1ea7u, nhi\u00ean li\u1ec7u v\u00e0 dung m\u00f4i.<\/li>\n<li><strong>Kh\u1ea3 n\u0103ng l\u1ea5p khe h\u1edf:<\/strong> L\u1ea5p \u0111\u1ea7y v\u00e0 b\u1ecbt k\u00edn khe h\u1edf gi\u1eefa c\u00e1c ren, ng\u0103n ng\u1eeba r\u00f2 r\u1ec9.<\/li>\n<li><strong>Th\u1eddi gian \u0111\u00f4ng k\u1ebft nhanh:<\/strong> \u0110\u00f4ng k\u1ebft trong v\u00f2ng 5-15 ph\u00fat, cho ph\u00e9p l\u1eafp r\u00e1p nhanh ch\u00f3ng.<\/li>\n<li><strong>Ch\u1ecbu \u00e1p l\u1ef1c:<\/strong> C\u00f3 th\u1ec3 ch\u1ecbu \u0111\u01b0\u1ee3c \u00e1p su\u1ea5t l\u00ean \u0111\u1ebfn 300 bar.<\/li>\n<\/ul>\n<h2>\u1ee8ng d\u1ee5ng<\/h2>\n<p><img decoding=\"async\" title=\"loctite-270-250ml-3-2\" src=\"https:\/\/yenhung.com\/wp-content\/uploads\/2025\/10\/loctite-270-250ml-3-2.jpg\" alt=\"LOCTITE 270 250ML\" data-thumb=\"large\" \/><\/p>\n<p>LOCTITE 270 250ML \u0111\u01b0\u1ee3c s\u1eed d\u1ee5ng r\u1ed9ng r\u00e3i trong c\u00e1c ng\u00e0nh c\u00f4ng nghi\u1ec7p kh\u00e1c nhau, bao g\u1ed3m:<\/p>\n<ul>\n<li>B\u1ea3o d\u01b0\u1ee1ng m\u00e1y m\u00f3c<\/li>\n<li>Ch\u1ebf t\u1ea1o \u00f4 t\u00f4<\/li>\n<li>H\u00e0ng kh\u00f4ng v\u0169 tr\u1ee5<\/li>\n<li>Thi\u1ebft b\u1ecb \u0111i\u1ec7n<\/li>\n<li>S\u1ea3n xu\u1ea5t d\u1ea7u kh\u00ed<\/li>\n<\/ul>\n<h2>C\u00e1ch s\u1eed d\u1ee5ng<\/h2>\n<ol>\n<li>L\u00e0m s\u1ea1ch v\u00e0 lau kh\u00f4 c\u00e1c b\u1ec1 m\u1eb7t ren.<\/li>\n<li>Nh\u1ecf m\u1ed9t gi\u1ecdt keo ch\u1eb7n ren v\u00e0o g\u1ed1c ren.<\/li>\n<li>V\u1eb7n ch\u1eb7t \u0111ai \u1ed1c ho\u1eb7c bu l\u00f4ng v\u00e0o ren.<\/li>\n<li>Lo\u1ea1i b\u1ecf ph\u1ea7n keo th\u1eeba.<\/li>\n<li>\u0110\u1ec3 s\u1ea3n ph\u1ea9m \u0111\u00f4ng k\u1ebft theo th\u1eddi gian quy \u0111\u1ecbnh.<\/li>\n<\/ol>\n<h2>L\u01b0u \u00fd<\/h2>\n<p><img decoding=\"async\" title=\"loctite-270-250ml-3-df188693-0b31-4631-ad42-a89035f5a4f8-1\" src=\"https:\/\/yenhung.com\/wp-content\/uploads\/2025\/10\/loctite-270-250ml-3-df188693-0b31-4631-ad42-a89035f5a4f8-1.jpg\" alt=\"LOCTITE 270 250ML\" data-thumb=\"large\" \/><\/p>\n<ul>\n<li>Kh\u00f4ng s\u1eed d\u1ee5ng tr\u00ean nh\u1ef1a ho\u1eb7c c\u00e1c b\u1ec1 m\u1eb7t kh\u00f4ng ph\u1ea3i kim lo\u1ea1i.<\/li>\n<li>\u0110eo g\u0103ng tay v\u00e0 k\u00ednh b\u1ea3o h\u1ed9 khi s\u1eed d\u1ee5ng.<\/li>\n<li>Tr\u00e1nh ti\u1ebfp x\u00fac tr\u1ef1c ti\u1ebfp v\u1edbi m\u1eaft v\u00e0 da.<\/li>\n<li>N\u1ebfu nu\u1ed1t ph\u1ea3i, h\u00e3y t\u00ecm ki\u1ebfm s\u1ef1 ch\u0103m s\u00f3c y t\u1ebf ngay l\u1eadp t\u1ee9c.<\/li>\n<\/ul>\n<h2>K\u1ebft lu\u1eadn<\/h2>\n<p>LOCTITE 270 250ML l\u00e0 m\u1ed9t keo ch\u1eb7n ren ch\u1ecbu c\u01b0\u1eddng \u0111\u1ed9 cao, \u0111\u00e1ng tin c\u1eady, l\u00fd t\u01b0\u1edfng cho c\u00e1c \u1ee9ng d\u1ee5ng c\u00f4ng nghi\u1ec7p \u0111\u00f2i h\u1ecfi. V\u1edbi kh\u1ea3 n\u0103ng ch\u1ecbu c\u01b0\u1eddng \u0111\u1ed9 cao, kh\u1ea3 n\u0103ng ch\u1ed1ng h\u00f3a ch\u1ea5t v\u00e0 nhi\u1ec7t \u0111\u1ed9, c\u0169ng nh\u01b0 th\u1eddi gian \u0111\u00f4ng k\u1ebft nhanh, s\u1ea3n ph\u1ea9m n\u00e0y gi\u00fap \u0111\u1ea3m b\u1ea3o c\u00e1c m\u1ed1i gh\u00e9p ren an to\u00e0n, b\u1ec1n ch\u1eafc.<\/p>\n<\/div>\n","protected":false},"excerpt":{"rendered":"<p><strong>T\u00ean sa\u0309n ph\u00e2\u0309m:<\/strong>LOCTITE 270 250ML<br \/>\n<strong>Li\u00ean H\u1ec7<\/strong>: 0397.433.258<\/p>\n","protected":false},"featured_media":5762,"comment_status":"closed","ping_status":"closed","template":"","meta":[],"product_brand":[],"product_cat":[141],"product_tag":[],"class_list":{"0":"post-5761","1":"product","2":"type-product","3":"status-publish","4":"has-post-thumbnail","6":"product_cat-loctite","8":"first","9":"instock","10":"shipping-taxable","11":"product-type-simple"},"_links":{"self":[{"href":"https:\/\/yenhung.com\/index.php?rest_route=\/wp\/v2\/product\/5761","targetHints":{"allow":["GET"]}}],"collection":[{"href":"https:\/\/yenhung.com\/index.php?rest_route=\/wp\/v2\/product"}],"about":[{"href":"https:\/\/yenhung.com\/index.php?rest_route=\/wp\/v2\/types\/product"}],"replies":[{"embeddable":true,"href":"https:\/\/yenhung.com\/index.php?rest_route=%2Fwp%2Fv2%2Fcomments&post=5761"}],"wp:featuredmedia":[{"embeddable":true,"href":"https:\/\/yenhung.com\/index.php?rest_route=\/wp\/v2\/media\/5762"}],"wp:attachment":[{"href":"https:\/\/yenhung.com\/index.php?rest_route=%2Fwp%2Fv2%2Fmedia&parent=5761"}],"wp:term":[{"taxonomy":"product_brand","embeddable":true,"href":"https:\/\/yenhung.com\/index.php?rest_route=%2Fwp%2Fv2%2Fproduct_brand&post=5761"},{"taxonomy":"product_cat","embeddable":true,"href":"https:\/\/yenhung.com\/index.php?rest_route=%2Fwp%2Fv2%2Fproduct_cat&post=5761"},{"taxonomy":"product_tag","embeddable":true,"href":"https:\/\/yenhung.com\/index.php?rest_route=%2Fwp%2Fv2%2Fproduct_tag&post=5761"}],"curies":[{"name":"wp","href":"https:\/\/api.w.org\/{rel}","templated":true}]}}