{"id":5888,"date":"2025-10-28T02:37:17","date_gmt":"2025-10-28T02:37:17","guid":{"rendered":"https:\/\/yenhung.com\/?product=keo-loctite-242-50ml"},"modified":"2026-02-11T07:51:01","modified_gmt":"2026-02-11T07:51:01","slug":"keo-loctite-242-50ml","status":"publish","type":"product","link":"https:\/\/yenhung.com\/?product=keo-loctite-242-50ml","title":{"rendered":"Keo Loctite 242 50ml"},"content":{"rendered":"<div class=\"ba-text-fpt\">\n<h2><strong>LOCTITE 242 50ML: Keo Ch\u1eb7n R\u00f2 R\u1ec9 Si\u00eau B\u1ec1n Cho Nhi\u1ec1u \u1ee8ng D\u1ee5ng<\/strong><\/h2>\n<h3><b>\u0110\u1eb7c \u0111i\u1ec3m n\u1ed5i b\u1eadt c\u1ee7a Loctite 242 (50ml)<\/b><\/h3>\n<p><img decoding=\"async\" title=\"loctite-242-50ml-a-1752728085001-1\" src=\"https:\/\/yenhung.com\/wp-content\/uploads\/2025\/10\/loctite-242-50ml-a-1752728085001-1.jpg\" alt=\"LOCTITE 242 50ML\" data-thumb=\"large\" \/><\/p>\n<p>Loctite 242 l\u00e0 m\u1ed9t lo\u1ea1i keo kh\u00f3a ren k\u1ef5 kh\u00ed (anaerobic), c\u00f3 \u0111\u1ed9 nh\u1edbt trung b\u00ecnh v\u00e0 \u0111\u01b0\u1ee3c s\u1eed d\u1ee5ng r\u1ed9ng r\u00e3i \u0111\u1ec3 ng\u0103n ch\u1eb7n s\u1ef1 t\u1ef1 th\u00e1o l\u1ecfng c\u1ee7a c\u00e1c m\u1ed1i n\u1ed1i ren kim lo\u1ea1i.<\/p>\n<ul>\n<li><b>\u0110\u1ed9 b\u1ec1n trung b\u00ecnh:<\/b> \u0110\u00e2y l\u00e0 \u0111\u1eb7c t\u00ednh ch\u00ednh c\u1ee7a Loctite 242. N\u00f3 t\u1ea1o ra m\u1ed9t li\u00ean k\u1ebft \u0111\u1ee7 ch\u1eafc ch\u1eafn \u0111\u1ec3 ch\u1ed1ng l\u1ea1i rung \u0111\u1ed9ng v\u00e0 s\u1ed1c, nh\u01b0ng v\u1eabn cho ph\u00e9p b\u1ea1n th\u00e1o r\u1eddi c\u00e1c m\u1ed1i n\u1ed1i b\u1eb1ng d\u1ee5ng c\u1ee5 c\u1ea7m tay ti\u00eau chu\u1ea9n khi c\u1ea7n b\u1ea3o tr\u00ec ho\u1eb7c s\u1eeda ch\u1eefa.<\/li>\n<li><b>Ch\u1ed1ng rung \u0111\u1ed9ng v\u00e0 s\u1ed1c:<\/b> Keo l\u1ea5p \u0111\u1ea7y c\u00e1c kho\u1ea3ng tr\u1ed1ng si\u00eau nh\u1ecf gi\u1eefa c\u00e1c ren, ng\u0103n ch\u1eb7n s\u1ef1 d\u1ecbch chuy\u1ec3n c\u1ee7a bu l\u00f4ng, \u0111ai \u1ed1c, gi\u00fap ch\u00fang kh\u00f4ng b\u1ecb n\u1edbi l\u1ecfng d\u01b0\u1edbi t\u00e1c \u0111\u1ed9ng c\u1ee7a rung \u0111\u1ed9ng.<\/li>\n<li><b>Kh\u00e1ng d\u1ea7u (\u0111\u00e3 \u0111\u01b0\u1ee3c c\u1ea3i ti\u1ebfn):<\/b> M\u1eb7c d\u00f9 Loctite 243 \u0111\u01b0\u1ee3c bi\u1ebft \u0111\u1ebfn v\u1edbi kh\u1ea3 n\u0103ng ch\u1ecbu d\u1ea7u t\u1ed1t h\u01a1n, Loctite 242 c\u0169ng \u0111\u00e3 \u0111\u01b0\u1ee3c c\u1ea3i ti\u1ebfn \u0111\u1ec3 c\u00f3 kh\u1ea3 n\u0103ng ho\u1ea1t \u0111\u1ed9ng hi\u1ec7u qu\u1ea3 tr\u00ean c\u00e1c b\u1ec1 m\u1eb7t ren c\u00f3 d\u00ednh d\u1ea7u nh\u1eb9. Tuy nhi\u00ean, \u0111\u1ec3 \u0111\u1ea1t hi\u1ec7u su\u1ea5t t\u1ed1i \u01b0u, lu\u00f4n khuy\u1ebfn ngh\u1ecb l\u00e0m s\u1ea1ch b\u1ec1 m\u1eb7t tr\u01b0\u1edbc khi s\u1eed d\u1ee5ng.<\/li>\n<li><b>Th\u00edch h\u1ee3p cho nhi\u1ec1u kim lo\u1ea1i:<\/b> C\u00f3 th\u1ec3 s\u1eed d\u1ee5ng tr\u00ean nhi\u1ec1u lo\u1ea1i kim lo\u1ea1i kh\u00e1c nhau, bao g\u1ed3m th\u00e9p, \u0111\u1ed3ng thau v\u00e0 th\u00e9p kh\u00f4ng g\u1ec9.<\/li>\n<li><b>Ng\u0103n ng\u1eeba \u0103n m\u00f2n:<\/b> B\u1eb1ng c\u00e1ch b\u1ecbt k\u00edn c\u00e1c kho\u1ea3ng tr\u1ed1ng trong m\u1ed1i ren, keo gi\u00fap b\u1ea3o v\u1ec7 c\u00e1c chi ti\u1ebft kim lo\u1ea1i kh\u1ecfi r\u1ec9 s\u00e9t v\u00e0 \u0103n m\u00f2n.<\/li>\n<li><b>Ph\u00e1t quang d\u01b0\u1edbi \u0111\u00e8n UV:<\/b> Keo c\u00f3 m\u00e0u xanh v\u00e0 ph\u00e1t quang d\u01b0\u1edbi \u00e1nh s\u00e1ng UV, gi\u00fap b\u1ea1n d\u1ec5 d\u00e0ng ki\u1ec3m tra xem keo \u0111\u00e3 \u0111\u01b0\u1ee3c b\u00f4i \u0111\u1ee7 v\u00e0 \u0111\u00fang v\u1ecb tr\u00ed hay ch\u01b0a, h\u1ed7 tr\u1ee3 ki\u1ec3m so\u00e1t ch\u1ea5t l\u01b0\u1ee3ng.<\/li>\n<li><b>D\u1ec5 s\u1eed d\u1ee5ng:<\/b> D\u1ea1ng l\u1ecfng, d\u1ec5 d\u00e0ng thoa l\u00ean ren bu l\u00f4ng ho\u1eb7c v\u00e0o l\u1ed7 ren.<br \/>\n<h3><b>\u1ee8ng d\u1ee5ng ph\u1ed5 bi\u1ebfn c\u1ee7a Loctite 242<\/b><\/h3>\n<p><img decoding=\"async\" title=\"loctite-242-50ml-c-1752728081069-2\" src=\"https:\/\/yenhung.com\/wp-content\/uploads\/2025\/10\/loctite-242-50ml-c-1752728081069-2.jpg\" alt=\"LOCTITE 242 50ML\" data-thumb=\"large\" \/><\/p>\n<p>Loctite 242 l\u00e0 l\u1ef1a ch\u1ecdn l\u00fd t\u01b0\u1edfng cho c\u00e1c \u1ee9ng d\u1ee5ng kh\u00f3a ren m\u00e0 v\u1eabn c\u1ea7n kh\u1ea3 n\u0103ng th\u00e1o r\u1eddi \u0111\u1ec3 b\u1ea3o tr\u00ec \u0111\u1ecbnh k\u1ef3:<\/li>\n<li><b>Ng\u00e0nh \u00f4 t\u00f4 v\u00e0 xe m\u00e1y:<\/b> Kh\u00f3a c\u00e1c bu l\u00f4ng, \u0111ai \u1ed1c trong \u0111\u1ed9ng c\u01a1 (nh\u01b0 bu l\u00f4ng n\u1eafp van), h\u1ed9p s\u1ed1, b\u01a1m, c\u00e1c b\u1ed9 ph\u1eadn m\u00e0 c\u1ea7n \u0111\u01b0\u1ee3c th\u00e1o ra \u0111\u1ec3 ki\u1ec3m tra ho\u1eb7c b\u1ea3o d\u01b0\u1ee1ng.<\/li>\n<li><b>M\u00e1y m\u00f3c v\u00e0 thi\u1ebft b\u1ecb c\u00f4ng nghi\u1ec7p:<\/b> \u1ee8ng d\u1ee5ng cho c\u00e1c bu l\u00f4ng l\u1eafp \u0111\u1ed9ng c\u01a1, h\u1ed9p s\u1ed1, ho\u1eb7c c\u00e1c b\u1ed9 ph\u1eadn ch\u1ecbu rung \u0111\u1ed9ng nh\u1eb9 \u0111\u1ebfn trung b\u00ecnh.<\/li>\n<li><b>Thi\u1ebft b\u1ecb gia d\u1ee5ng:<\/b> C\u00e1c m\u1ed1i n\u1ed1i ren trong \u0111\u1ed3 d\u00f9ng gia \u0111\u00ecnh c\u1ea7n s\u1ef1 \u1ed5n \u0111\u1ecbnh nh\u01b0ng v\u1eabn c\u00f3 th\u1ec3 th\u00e1o ra \u0111\u1ec3 s\u1eeda ch\u1eefa.<\/li>\n<li><b>B\u1ea3o tr\u00ec chung:<\/b> S\u1eed d\u1ee5ng cho c\u00e1c m\u1ed1i n\u1ed1i ren kim lo\u1ea1i c\u00f3 k\u00edch th\u01b0\u1edbc t\u1eeb <b>M6 \u0111\u1ebfn M20<\/b> (kho\u1ea3ng 1\/4&#8243; \u0111\u1ebfn 3\/4&#8243;), n\u01a1i c\u1ea7n ch\u1ed1ng n\u1edbi l\u1ecfng nh\u01b0ng v\u1eabn mu\u1ed1n th\u00e1o \u0111\u01b0\u1ee3c b\u1eb1ng d\u1ee5ng c\u1ee5 c\u1ea7m tay.\n<p style=\"margin-bottom: 11px;\"><span style=\"font-size: 11pt;\"><span style=\"line-height: normal;\"><span style=\"font-family: Calibri,sans-serif;\"><b><span style=\"font-size: 13.5pt;\"><span style=\"font-family: 'Times New Roman',serif;\">Th\u00f4ng s\u1ed1 k\u1ef9 thu\u1eadt ti\u00eau bi\u1ec3u<\/span><\/span><\/b><\/span><\/span><\/span><\/p>\n<\/li>\n<li>\n<p style=\"margin-bottom: 11px;\"><span style=\"font-size: 11pt;\"><span style=\"line-height: normal;\"><span style=\"font-family: Calibri,sans-serif;\"><b><span style=\"font-size: 13.5pt;\"><span style=\"font-family: 'Times New Roman',serif;\"><img decoding=\"async\" title=\"loctite-242-50ml-b-1752728082917-1\" src=\"https:\/\/yenhung.com\/wp-content\/uploads\/2025\/10\/loctite-242-50ml-b-1752728082917-1.jpg\" alt=\"LOCTITE 242 50ML\" data-thumb=\"large\" \/><\/span><\/span><\/b><\/span><\/span><\/span><\/p>\n<\/li>\n<li style=\"margin-bottom: 11px;\"><span style=\"font-size: 11pt;\"><span style=\"line-height: normal;\"><span style=\"tab-stops: list 36.0pt;\"><span style=\"font-family: Calibri,sans-serif;\"><b><span style=\"font-size: 12.0pt;\"><span style=\"font-family: 'Times New Roman',serif;\">T\u00ean s\u1ea3n ph\u1ea9m:<\/span><\/span><\/b><span style=\"font-size: 12.0pt;\"><span style=\"font-family: 'Times New Roman',serif;\"> Loctite 242 (Threadlocker Medium Strength)<\/span><\/span><\/span><\/span><\/span><\/span><\/li>\n<li style=\"margin-bottom: 11px;\"><span style=\"font-size: 11pt;\"><span style=\"line-height: normal;\"><span style=\"tab-stops: list 36.0pt;\"><span style=\"font-family: Calibri,sans-serif;\"><b><span style=\"font-size: 12.0pt;\"><span style=\"font-family: 'Times New Roman',serif;\">Th\u00e0nh ph\u1ea7n ch\u00ednh:<\/span><\/span><\/b><span style=\"font-size: 12.0pt;\"><span style=\"font-family: 'Times New Roman',serif;\"> Acrylic (Dimethacrylate Ester)<\/span><\/span><\/span><\/span><\/span><\/span><\/li>\n<li style=\"margin-bottom: 11px;\"><span style=\"font-size: 11pt;\"><span style=\"line-height: normal;\"><span style=\"tab-stops: list 36.0pt;\"><span style=\"font-family: Calibri,sans-serif;\"><b><span style=\"font-size: 12.0pt;\"><span style=\"font-family: 'Times New Roman',serif;\">M\u00e0u s\u1eafc:<\/span><\/span><\/b><span style=\"font-size: 12.0pt;\"><span style=\"font-family: 'Times New Roman',serif;\"> Xanh d\u01b0\u01a1ng (Blue)<\/span><\/span><\/span><\/span><\/span><\/span><\/li>\n<li style=\"margin-bottom: 11px;\"><span style=\"font-size: 11pt;\"><span style=\"line-height: normal;\"><span style=\"tab-stops: list 36.0pt;\"><span style=\"font-family: Calibri,sans-serif;\"><b><span style=\"font-size: 12.0pt;\"><span style=\"font-family: 'Times New Roman',serif;\">Quy c\u00e1ch \u0111\u00f3ng g\u00f3i:<\/span><\/span><\/b><span style=\"font-size: 12.0pt;\"><span style=\"font-family: 'Times New Roman',serif;\"> Chai <b>50ml<\/b> (c\u0169ng c\u00f3 c\u00e1c quy c\u00e1ch kh\u00e1c nh\u01b0 10ml, 250ml)<\/span><\/span><\/span><\/span><\/span><\/span><\/li>\n<li style=\"margin-bottom: 11px;\"><span style=\"font-size: 11pt;\"><span style=\"line-height: normal;\"><span style=\"tab-stops: list 36.0pt;\"><span style=\"font-family: Calibri,sans-serif;\"><b><span style=\"font-size: 12.0pt;\"><span style=\"font-family: 'Times New Roman',serif;\">\u0110\u1ed9 nh\u1edbt:<\/span><\/span><\/b><span style=\"font-size: 12.0pt;\"><span style=\"font-family: 'Times New Roman',serif;\"> Trung b\u00ecnh (thixotropic)<\/span><\/span><\/span><\/span><\/span><\/span><\/li>\n<li style=\"margin-bottom: 11px;\"><span style=\"font-size: 11pt;\"><span style=\"line-height: normal;\"><span style=\"tab-stops: list 36.0pt;\"><span style=\"font-family: Calibri,sans-serif;\"><b><span style=\"font-size: 12.0pt;\"><span style=\"font-family: 'Times New Roman',serif;\">Th\u1eddi gian c\u1ed1 \u0111\u1ecbnh (Fixture Time):<\/span><\/span><\/b><span style=\"font-size: 12.0pt;\"><span style=\"font-family: 'Times New Roman',serif;\"> Kho\u1ea3ng 5 &#8211; 20 ph\u00fat (tr\u00ean th\u00e9p, \u0111\u1ed3ng thau, th\u00e9p kh\u00f4ng g\u1ec9)<\/span><\/span><\/span><\/span><\/span><\/span><\/li>\n<li style=\"margin-bottom: 11px;\"><span style=\"font-size: 11pt;\"><span style=\"line-height: normal;\"><span style=\"tab-stops: list 36.0pt;\"><span style=\"font-family: Calibri,sans-serif;\"><b><span style=\"font-size: 12.0pt;\"><span style=\"font-family: 'Times New Roman',serif;\">Th\u1eddi gian \u0111\u00f3ng r\u1eafn ho\u00e0n to\u00e0n:<\/span><\/span><\/b><span style=\"font-size: 12.0pt;\"><span style=\"font-family: 'Times New Roman',serif;\"> 24 gi\u1edd<\/span><\/span><\/span><\/span><\/span><\/span><\/li>\n<li style=\"margin-bottom: 11px;\"><span style=\"font-size: 11pt;\"><span style=\"line-height: normal;\"><span style=\"tab-stops: list 36.0pt;\"><span style=\"font-family: Calibri,sans-serif;\"><b><span style=\"font-size: 12.0pt;\"><span style=\"font-family: 'Times New Roman',serif;\">M\u00f4-men xo\u1eafn ph\u00e1 v\u1ee1 (Breakaway Torque) M10 th\u00e9p:<\/span><\/span><\/b><span style=\"font-size: 12.0pt;\"><span style=\"font-family: 'Times New Roman',serif;\"> Kho\u1ea3ng 12\u00a0N<\/span><\/span><span style=\"font-size: 12.0pt;\"><span style=\"font-family: 'Cambria Math',serif;\">\u22c5<\/span><\/span><span style=\"font-size: 12.0pt;\"><span style=\"font-family: 'Times New Roman',serif;\">m (70\u2212150\u00a0lb<\/span><\/span><span style=\"font-size: 12.0pt;\"><span style=\"font-family: 'Cambria Math',serif;\">\u22c5<\/span><\/span><span style=\"font-size: 12.0pt;\"><span style=\"font-family: 'Times New Roman',serif;\">in)<\/span><\/span><\/span><\/span><\/span><\/span><\/li>\n<li style=\"margin-bottom: 11px;\"><span style=\"font-size: 11pt;\"><span style=\"line-height: normal;\"><span style=\"tab-stops: list 36.0pt;\"><span style=\"font-family: Calibri,sans-serif;\"><b><span style=\"font-size: 12.0pt;\"><span style=\"font-family: 'Times New Roman',serif;\">M\u00f4-men xo\u1eafn duy tr\u00ec (Prevail Torque) M10 th\u00e9p:<\/span><\/span><\/b><span style=\"font-size: 12.0pt;\"><span style=\"font-family: 'Times New Roman',serif;\"> Kho\u1ea3ng 5\u00a0N<\/span><\/span><span style=\"font-size: 12.0pt;\"><span style=\"font-family: 'Cambria Math',serif;\">\u22c5<\/span><\/span><span style=\"font-size: 12.0pt;\"><span style=\"font-family: 'Times New Roman',serif;\">m (25\u221260\u00a0lb<\/span><\/span><span style=\"font-size: 12.0pt;\"><span style=\"font-family: 'Cambria Math',serif;\">\u22c5<\/span><\/span><span style=\"font-size: 12.0pt;\"><span style=\"font-family: 'Times New Roman',serif;\">in)<\/span><\/span><\/span><\/span><\/span><\/span><\/li>\n<li style=\"margin-bottom: 11px;\"><span style=\"font-size: 11pt;\"><span style=\"line-height: normal;\"><span style=\"tab-stops: list 36.0pt;\"><span style=\"font-family: Calibri,sans-serif;\"><b><span style=\"font-size: 12.0pt;\"><span style=\"font-family: 'Times New Roman',serif;\">Ph\u1ea1m vi nhi\u1ec7t \u0111\u1ed9 ho\u1ea1t \u0111\u1ed9ng:<\/span><\/span><\/b><span style=\"font-size: 12.0pt;\"><span style=\"font-family: 'Times New Roman',serif;\"> T\u1eeb \u221255<\/span><\/span><span style=\"font-size: 12.0pt;\"><span style=\"font-family: 'Cambria Math',serif;\">\u2218<\/span><\/span><span style=\"font-size: 12.0pt;\"><span style=\"font-family: 'Times New Roman',serif;\">C \u0111\u1ebfn +150<\/span><\/span><span style=\"font-size: 12.0pt;\"><span style=\"font-family: 'Cambria Math',serif;\">\u2218<\/span><\/span><span style=\"font-size: 12.0pt;\"><span style=\"font-family: 'Times New Roman',serif;\">C (+300<\/span><\/span><span style=\"font-size: 12.0pt;\"><span style=\"font-family: 'Cambria Math',serif;\">\u2218<\/span><\/span><span style=\"font-size: 12.0pt;\"><span style=\"font-family: 'Times New Roman',serif;\">F)<\/span><\/span><\/span><\/span><\/span><\/span><\/li>\n<li style=\"margin-bottom: 11px;\"><span style=\"font-size: 11pt;\"><span style=\"line-height: normal;\"><span style=\"tab-stops: list 36.0pt;\"><span style=\"font-family: Calibri,sans-serif;\"><b><span style=\"font-size: 12.0pt;\"><span style=\"font-family: 'Times New Roman',serif;\">K\u00edch th\u01b0\u1edbc ren t\u1ed1i \u0111a:<\/span><\/span><\/b><span style=\"font-size: 12.0pt;\"><span style=\"font-family: 'Times New Roman',serif;\"> M20 (3\/4&#8243;)<\/span><\/span><\/span><\/span><\/span><\/span><\/li>\n<li style=\"margin-bottom: 11px;\"><span style=\"font-size: 11pt;\"><span style=\"line-height: normal;\"><span style=\"tab-stops: list 36.0pt;\"><span style=\"font-family: Calibri,sans-serif;\"><b><span style=\"font-size: 12.0pt;\"><span style=\"font-family: 'Times New Roman',serif;\">Khe h\u1edf t\u1ed1i \u0111a:<\/span><\/span><\/b><span style=\"font-size: 12.0pt;\"><span style=\"font-family: 'Times New Roman',serif;\"> 0.13\u00a0mm (0.005\u00a0inch)<\/span><\/span><\/span><\/span><\/span><\/span><\/li>\n<li style=\"margin-bottom: 11px;\"><span style=\"font-size: 11pt;\"><span style=\"line-height: normal;\"><span style=\"tab-stops: list 36.0pt;\"><span style=\"font-family: Calibri,sans-serif;\"><b><span style=\"font-size: 12.0pt;\"><span style=\"font-family: 'Times New Roman',serif;\">Ch\u1ee9ng nh\u1eadn:<\/span><\/span><\/b><span style=\"font-size: 12.0pt;\"><span style=\"font-family: 'Times New Roman',serif;\"> \u0110\u01b0\u1ee3c ph\u00ea duy\u1ec7t b\u1edfi CFIA (C\u01a1 quan Ki\u1ec3m so\u00e1t Th\u1ef1c ph\u1ea9m Canada), NSF (C\u1ee5c An to\u00e0n V\u1ec7 sinh Qu\u1ed1c gia Hoa K\u1ef3) v\u00e0 ANSI 61 (Vi\u1ec7n Ti\u00eau chu\u1ea9n Qu\u1ed1c gia Hoa K\u1ef3).<\/span><\/span><\/span><\/span><\/span><\/span><\/li>\n<\/ul>\n<\/div>\n","protected":false},"excerpt":{"rendered":"<p><strong>T\u00ean sa\u0309n ph\u00e2\u0309m:<\/strong>LOCTITE 242 50ML<br \/>\n<b>Li\u00ean h\u1ec7:<\/b> 0397.433.258<\/p>\n","protected":false},"featured_media":5889,"comment_status":"closed","ping_status":"closed","template":"","meta":[],"product_brand":[],"product_cat":[141],"product_tag":[],"class_list":{"0":"post-5888","1":"product","2":"type-product","3":"status-publish","4":"has-post-thumbnail","6":"product_cat-loctite","8":"first","9":"instock","10":"shipping-taxable","11":"product-type-simple"},"_links":{"self":[{"href":"https:\/\/yenhung.com\/index.php?rest_route=\/wp\/v2\/product\/5888","targetHints":{"allow":["GET"]}}],"collection":[{"href":"https:\/\/yenhung.com\/index.php?rest_route=\/wp\/v2\/product"}],"about":[{"href":"https:\/\/yenhung.com\/index.php?rest_route=\/wp\/v2\/types\/product"}],"replies":[{"embeddable":true,"href":"https:\/\/yenhung.com\/index.php?rest_route=%2Fwp%2Fv2%2Fcomments&post=5888"}],"wp:featuredmedia":[{"embeddable":true,"href":"https:\/\/yenhung.com\/index.php?rest_route=\/wp\/v2\/media\/5889"}],"wp:attachment":[{"href":"https:\/\/yenhung.com\/index.php?rest_route=%2Fwp%2Fv2%2Fmedia&parent=5888"}],"wp:term":[{"taxonomy":"product_brand","embeddable":true,"href":"https:\/\/yenhung.com\/index.php?rest_route=%2Fwp%2Fv2%2Fproduct_brand&post=5888"},{"taxonomy":"product_cat","embeddable":true,"href":"https:\/\/yenhung.com\/index.php?rest_route=%2Fwp%2Fv2%2Fproduct_cat&post=5888"},{"taxonomy":"product_tag","embeddable":true,"href":"https:\/\/yenhung.com\/index.php?rest_route=%2Fwp%2Fv2%2Fproduct_tag&post=5888"}],"curies":[{"name":"wp","href":"https:\/\/api.w.org\/{rel}","templated":true}]}}