{"id":5896,"date":"2025-10-28T02:37:25","date_gmt":"2025-10-28T02:37:25","guid":{"rendered":"https:\/\/yenhung.com\/?product=keo-loctite-242-250ml"},"modified":"2026-02-11T07:50:34","modified_gmt":"2026-02-11T07:50:34","slug":"keo-loctite-242-250ml","status":"publish","type":"product","link":"https:\/\/yenhung.com\/?product=keo-loctite-242-250ml","title":{"rendered":"Keo Loctite 242 250ml"},"content":{"rendered":"<div class=\"ba-text-fpt\">\n<h2><strong>LOCTITE 242 250ML<\/strong><\/h2>\n<p>Ch\u1ea5t K\u1ebft D\u00ednh Anaerobic Chuy\u00ean Nghi\u1ec7p Cho K\u1ebft N\u1ed1i Ch\u1eafc Ch\u1eafn<\/p>\n<p>LOCTITE 242 250ML l\u00e0 ch\u1ea5t k\u1ebft d\u00ednh anaerobic ti\u00ean ti\u1ebfn \u0111\u01b0\u1ee3c thi\u1ebft k\u1ebf \u0111\u1ec3 t\u1ea1o ra c\u00e1c li\u00ean k\u1ebft b\u1ec1n ch\u1eafc v\u00e0 \u0111\u00e1ng tin c\u1eady gi\u1eefa c\u00e1c b\u1ec1 m\u1eb7t kim lo\u1ea1i. L\u00e0 m\u1ed9t th\u00e0nh ph\u1ea7n c\u1ee7a d\u00f2ng s\u1ea3n ph\u1ea9m LOCTITE n\u1ed5i ti\u1ebfng, ch\u1ea5t k\u1ebft d\u00ednh n\u00e0y cung c\u1ea5p kh\u1ea3 n\u0103ng b\u1ecbt k\u00edn v\u00e0 ch\u1ecbu rung \u0111\u1ed9ng tuy\u1ec7t v\u1eddi, \u0111\u1ea3m b\u1ea3o c\u00e1c k\u1ebft n\u1ed1i an to\u00e0n v\u00e0 hi\u1ec7u su\u1ea5t cao.<\/p>\n<p>\u1ee8ng d\u1ee5ng<\/p>\n<p><img decoding=\"async\" title=\"loctite-242-1-jpeg-1\" src=\"https:\/\/yenhung.com\/wp-content\/uploads\/2025\/10\/loctite-242-1-jpeg-1.jpg\" alt=\"LOCTITE 242 250ML\" data-thumb=\"large\" \/><\/p>\n<p>LOCTITE 242 250ML l\u00fd t\u01b0\u1edfng cho nhi\u1ec1u \u1ee9ng d\u1ee5ng kh\u00e1c nhau trong:<\/p>\n<ul>\n<li>C\u00f4ng nghi\u1ec7p ch\u1ebf t\u1ea1o v\u00e0 \u00f4 t\u00f4<\/li>\n<li>B\u1ea3o tr\u00ec v\u00e0 s\u1eeda ch\u1eefa thi\u1ebft b\u1ecb<\/li>\n<li>L\u1eafp r\u00e1p linh ki\u1ec7n \u0111i\u1ec7n t\u1eed<\/li>\n<li>T\u1ea1o v\u00e0 s\u1eeda ch\u1eefa phanh<\/li>\n<\/ul>\n<p>\u0110\u1eb7c t\u00ednh<\/p>\n<p><img decoding=\"async\" title=\"loctite-242-2\" src=\"https:\/\/yenhung.com\/wp-content\/uploads\/2025\/10\/loctite-242-2.png\" alt=\"LOCTITE 242 250ML\" data-thumb=\"large\" \/><\/p>\n<ul>\n<li>Li\u00ean k\u1ebft ch\u1eafc ch\u1eafn v\u00e0 b\u1ec1n b\u1ec9<\/li>\n<li>Ch\u1ed1ng rung \u0111\u1ed9ng v\u00e0 va \u0111\u1eadp v\u01b0\u1ee3t tr\u1ed9i<\/li>\n<li>B\u1ecbt k\u00edn hi\u1ec7u qu\u1ea3, ng\u0103n ch\u1eb7n r\u00f2 r\u1ec9 v\u00e0 \u0103n m\u00f2n<\/li>\n<li>Ch\u1ecbu \u0111\u01b0\u1ee3c nhi\u1ec7t \u0111\u1ed9 cao l\u00ean \u0111\u1ebfn 150\u00b0C (302\u00b0F)<\/li>\n<li>Ph\u00f9 h\u1ee3p v\u1edbi c\u00e1c b\u1ec1 m\u1eb7t kim lo\u1ea1i th\u1ee5 \u0111\u1ed9ng v\u00e0 ho\u1ea1t \u0111\u1ed9ng<\/li>\n<li>Kh\u00f4ng nh\u1ecf gi\u1ecdt ho\u1eb7c ch\u1ea3y x\u1ec7, d\u1ec5 d\u00e0ng thi c\u00f4ng<\/li>\n<li>Tu\u1ed5i th\u1ecd l\u00ean \u0111\u1ebfn 10 n\u0103m<\/li>\n<\/ul>\n<p>L\u1ee3i \u00edch<\/p>\n<ul>\n<li>T\u0103ng c\u01b0\u1eddng \u0111\u1ed9 tin c\u1eady v\u00e0 hi\u1ec7u su\u1ea5t cho c\u00e1c th\u00e0nh ph\u1ea7n \u0111\u01b0\u1ee3c li\u00ean k\u1ebft<\/li>\n<li>Gi\u1ea3m chi ph\u00ed b\u1ea3o tr\u00ec v\u00e0 th\u1eddi gian ch\u1ebft<\/li>\n<li>\u0110\u1ea3m b\u1ea3o \u0111\u1ed9 k\u00edn kh\u00ed v\u00e0 \u0111\u1ed9 b\u1ec1n t\u1ed1i \u01b0u<\/li>\n<li>Ti\u1ebft ki\u1ec7m th\u1eddi gian v\u00e0 c\u00f4ng s\u1ee9c nh\u1edd t\u00ednh d\u1ec5 s\u1eed d\u1ee5ng<\/li>\n<li>K\u00e9o d\u00e0i tu\u1ed5i th\u1ecd c\u1ee7a thi\u1ebft b\u1ecb v\u00e0 m\u00e1y m\u00f3c<\/li>\n<\/ul>\n<p>H\u01b0\u1edbng d\u1eabn s\u1eed d\u1ee5ng<\/p>\n<p><img decoding=\"async\" title=\"loctite-242-250ml-1-1\" src=\"https:\/\/yenhung.com\/wp-content\/uploads\/2025\/10\/loctite-242-250ml-1-1.jpg\" alt=\"LOCTITE 242 250ML\" data-thumb=\"large\" \/><\/p>\n<ol>\n<li>L\u00e0m s\u1ea1ch v\u00e0 s\u1ea5y kh\u00f4 c\u00e1c b\u1ec1 m\u1eb7t c\u1ea7n li\u00ean k\u1ebft.<\/li>\n<li>Nh\u1ecf m\u1ed9t gi\u1ecdt ho\u1eb7c m\u1ed9t l\u01b0\u1ee3ng nh\u1ecf LOCTITE 242 250ML v\u00e0o m\u1ed9t ho\u1eb7c c\u1ea3 hai b\u1ec1 m\u1eb7t.<\/li>\n<li>L\u1eafp r\u00e1p c\u00e1c th\u00e0nh ph\u1ea7n v\u00e0 gi\u1eef c\u1ed1 \u0111\u1ecbnh trong v\u00e0i ph\u00fat.<\/li>\n<li>Ch\u1edd 24 gi\u1edd \u0111\u1ec3 ch\u1ea5t k\u1ebft d\u00ednh kh\u00f4 ho\u00e0n to\u00e0n.<\/li>\n<li>Th\u1eed nghi\u1ec7m \u0111\u1ed9 b\u1ec1n khi c\u1ea7n thi\u1ebft.<\/li>\n<\/ol>\n<p>L\u01b0u \u00fd v\u1ec1 an to\u00e0n<\/p>\n<ul>\n<li>Tr\u00e1nh ti\u1ebfp x\u00fac tr\u1ef1c ti\u1ebfp v\u1edbi da v\u00e0 m\u1eaft.<\/li>\n<li>S\u1eed d\u1ee5ng \u1edf n\u01a1i th\u00f4ng gi\u00f3 t\u1ed1t.<\/li>\n<li>N\u1ebfu ti\u1ebfp x\u00fac v\u1edbi da, r\u1eeda s\u1ea1ch ngay b\u1eb1ng x\u00e0 ph\u00f2ng v\u00e0 n\u01b0\u1edbc.<\/li>\n<li>N\u1ebfu ti\u1ebfp x\u00fac v\u1edbi m\u1eaft, r\u1eeda s\u1ea1ch b\u1eb1ng n\u01b0\u1edbc trong \u00edt nh\u1ea5t 15 ph\u00fat v\u00e0 t\u00ecm ki\u1ebfm s\u1ef1 ch\u0103m s\u00f3c y t\u1ebf.<\/li>\n<li>B\u1ea3o qu\u1ea3n \u1edf n\u01a1i m\u00e1t m\u1ebb, kh\u00f4 r\u00e1o, tr\u00e1nh xa ngu\u1ed3n nhi\u1ec7t v\u00e0 l\u1eeda.<\/li>\n<\/ul>\n<p>K\u1ebft lu\u1eadn<\/p>\n<p>LOCTITE 242 250ML l\u00e0 gi\u1ea3i ph\u00e1p ho\u00e0n h\u1ea3o cho c\u00e1c \u1ee9ng d\u1ee5ng li\u00ean k\u1ebft kim lo\u1ea1i y\u00eau c\u1ea7u \u0111\u1ed9 b\u1ec1n v\u00e0 \u0111\u1ed9 tin c\u1eady cao. V\u1edbi kh\u1ea3 n\u0103ng ch\u1ecbu rung \u0111\u1ed9ng, b\u1ecbt k\u00edn v\u00e0 ch\u1ecbu nhi\u1ec7t tuy\u1ec7t v\u1eddi, ch\u1ea5t k\u1ebft d\u00ednh n\u00e0y cung c\u1ea5p c\u00e1c li\u00ean k\u1ebft an to\u00e0n v\u00e0 hi\u1ec7u su\u1ea5t, gi\u00fap t\u0103ng n\u0103ng su\u1ea5t v\u00e0 hi\u1ec7u qu\u1ea3 trong nhi\u1ec1u l\u0129nh v\u1ef1c c\u00f4ng nghi\u1ec7p.<\/p>\n<\/div>\n","protected":false},"excerpt":{"rendered":"<p><strong>T\u00ean sa\u0309n ph\u00e2\u0309m:\u00a0<\/strong>LOCTITE 242 250ML<br \/>\n<strong>Li\u00ean H\u1ec7<\/strong>: 0397.433.258<\/p>\n","protected":false},"featured_media":5897,"comment_status":"closed","ping_status":"closed","template":"","meta":[],"product_brand":[],"product_cat":[141],"product_tag":[],"class_list":{"0":"post-5896","1":"product","2":"type-product","3":"status-publish","4":"has-post-thumbnail","6":"product_cat-loctite","8":"first","9":"instock","10":"shipping-taxable","11":"product-type-simple"},"_links":{"self":[{"href":"https:\/\/yenhung.com\/index.php?rest_route=\/wp\/v2\/product\/5896","targetHints":{"allow":["GET"]}}],"collection":[{"href":"https:\/\/yenhung.com\/index.php?rest_route=\/wp\/v2\/product"}],"about":[{"href":"https:\/\/yenhung.com\/index.php?rest_route=\/wp\/v2\/types\/product"}],"replies":[{"embeddable":true,"href":"https:\/\/yenhung.com\/index.php?rest_route=%2Fwp%2Fv2%2Fcomments&post=5896"}],"wp:featuredmedia":[{"embeddable":true,"href":"https:\/\/yenhung.com\/index.php?rest_route=\/wp\/v2\/media\/5897"}],"wp:attachment":[{"href":"https:\/\/yenhung.com\/index.php?rest_route=%2Fwp%2Fv2%2Fmedia&parent=5896"}],"wp:term":[{"taxonomy":"product_brand","embeddable":true,"href":"https:\/\/yenhung.com\/index.php?rest_route=%2Fwp%2Fv2%2Fproduct_brand&post=5896"},{"taxonomy":"product_cat","embeddable":true,"href":"https:\/\/yenhung.com\/index.php?rest_route=%2Fwp%2Fv2%2Fproduct_cat&post=5896"},{"taxonomy":"product_tag","embeddable":true,"href":"https:\/\/yenhung.com\/index.php?rest_route=%2Fwp%2Fv2%2Fproduct_tag&post=5896"}],"curies":[{"name":"wp","href":"https:\/\/api.w.org\/{rel}","templated":true}]}}