{"id":6078,"date":"2025-10-28T02:52:31","date_gmt":"2025-10-28T02:52:31","guid":{"rendered":"https:\/\/yenhung.com\/?product=keo-silicone-shin-etsu-ke441r-100g"},"modified":"2026-02-11T07:35:03","modified_gmt":"2026-02-11T07:35:03","slug":"keo-silicone-shin-etsu-ke441r-100g","status":"publish","type":"product","link":"https:\/\/yenhung.com\/?product=keo-silicone-shin-etsu-ke441r-100g","title":{"rendered":"Keo silicone Shin-Etsu KE441R-100g"},"content":{"rendered":"<div class=\"ba-text-fpt\">\n<h2><strong>Keo silicone Shin-Etsu KE441R-100g<\/strong><\/h2>\n<p>Keo silicone Shin-Etsu KE441R-100g l\u00e0 m\u1ed9t lo\u1ea1i <b>keo silicone RTV (Room Temperature Vulcanizing) m\u1ed9t th\u00e0nh ph\u1ea7n<\/b> t\u1eeb Shin-Etsu Chemical, \u0111\u01b0\u1ee3c \u0111\u00f3ng g\u00f3i trong tu\u00fdp 100 gram. Ch\u1eef &#8220;R&#8221; trong t\u00ean s\u1ea3n ph\u1ea9m th\u01b0\u1eddng ch\u1ec9 m\u00e0u <b>\u0111\u1ecf (Red)<\/b> c\u1ee7a keo.<\/p>\n<p>D\u00f2ng s\u1ea3n ph\u1ea9m KE-441 n\u00f3i chung (bao g\u1ed3m c\u00e1c m\u00e0u kh\u00e1c nh\u01b0 T &#8211; trong su\u1ed1t, W &#8211; tr\u1eafng) c\u00f3 nh\u1eefng \u0111\u1eb7c \u0111i\u1ec3m sau:<\/p>\n<p><b>\u0110\u1eb7c \u0111i\u1ec3m ch\u00ednh c\u1ee7a d\u00f2ng keo Shin-Etsu KE-441:<\/b><\/p>\n<p><b><img decoding=\"async\" title=\"ke441-4-2\" src=\"https:\/\/yenhung.com\/wp-content\/uploads\/2025\/10\/ke441-4-2.jpg\" alt=\"Keo silicone Shin-Etsu KE441R-100g\" data-thumb=\"large\" \/><\/b><\/p>\n<ul>\n<li><b>M\u1ed9t th\u00e0nh ph\u1ea7n:<\/b> D\u1ec5 s\u1eed d\u1ee5ng tr\u1ef1c ti\u1ebfp, kh\u00f4ng c\u1ea7n pha tr\u1ed9n.<\/li>\n<li><b>L\u01b0u h\u00f3a \u1edf nhi\u1ec7t \u0111\u1ed9 ph\u00f2ng:<\/b> \u0110\u00f3ng r\u1eafn khi ti\u1ebfp x\u00fac v\u1edbi h\u01a1i \u1ea9m trong kh\u00f4ng kh\u00ed.<\/li>\n<li><b>\u0110\u00f3ng r\u1eafn trung t\u00ednh (Neutral cure):<\/b> Th\u01b0\u1eddng l\u00e0 lo\u1ea1i \u0111\u00f3ng r\u1eafn oxime, c\u00f3 <b>m\u00f9i nh\u1eb9 v\u00e0 \u00edt g\u00e2y \u0103n m\u00f2n kim lo\u1ea1i<\/b>. \u0110\u00e2y l\u00e0 m\u1ed9t \u01b0u \u0111i\u1ec3m so v\u1edbi c\u00e1c lo\u1ea1i keo silicone g\u1ed1c axit.<\/li>\n<li><b>D\u1ea1ng s\u1ec7t t\u1ef1 ch\u1ea3y (Self-leveling):<\/b> C\u00f3 \u0111\u1ed9 nh\u1edbt th\u1ea5p h\u01a1n d\u1ea1ng paste, c\u00f3 kh\u1ea3 n\u0103ng t\u1ef1 san ph\u1eb3ng tr\u00ean b\u1ec1 m\u1eb7t.<\/li>\n<li><b>\u0110\u1ed9 b\u00e1m d\u00ednh t\u1ed1t:<\/b> B\u00e1m d\u00ednh t\u1ed1t tr\u00ean nhi\u1ec1u lo\u1ea1i v\u1eadt li\u1ec7u nh\u01b0 kim lo\u1ea1i, nh\u1ef1a, k\u00ednh v\u00e0 g\u1ed1m s\u1ee9 m\u00e0 kh\u00f4ng c\u1ea7n l\u1edbp l\u00f3t trong nhi\u1ec1u tr\u01b0\u1eddng h\u1ee3p.<\/li>\n<li><b>Kh\u1ea3 n\u0103ng ch\u1ecbu th\u1eddi ti\u1ebft t\u1ed1t:<\/b> Ch\u1ed1ng l\u1ea1i t\u00e1c \u0111\u1ed9ng c\u1ee7a tia UV, ozone v\u00e0 \u0111\u1ed9 \u1ea9m.<\/li>\n<li><b>D\u1ea3i nhi\u1ec7t \u0111\u1ed9 ho\u1ea1t \u0111\u1ed9ng r\u1ed9ng:<\/b> Th\u01b0\u1eddng t\u1eeb <b>-40\u00b0C \u0111\u1ebfn 180\u00b0C<\/b>.<\/li>\n<li><b>T\u00ednh ch\u1ea5t c\u00e1ch \u0111i\u1ec7n t\u1ed1t:<\/b> Ph\u00f9 h\u1ee3p cho c\u00e1c \u1ee9ng d\u1ee5ng \u0111i\u1ec7n v\u00e0 \u0111i\u1ec7n t\u1eed.<\/li>\n<\/ul>\n<p><b>Ri\u00eang v\u1edbi KE441R (m\u00e0u \u0111\u1ecf):<\/b><\/p>\n<ul>\n<li><b>M\u00e0u \u0111\u1ecf:<\/b> D\u1ec5 d\u00e0ng nh\u1eadn bi\u1ebft cho c\u00e1c \u1ee9ng d\u1ee5ng c\u1ee5 th\u1ec3 ho\u1eb7c m\u1ee5c \u0111\u00edch th\u1ea9m m\u1ef9.<\/li>\n<li><b>\u0110\u1ed9 nh\u1edbt th\u1ea5p:<\/b> Thu\u1ed9c lo\u1ea1i c\u00f3 \u0111\u1ed9 nh\u1edbt th\u1ea5p, d\u1ec5 d\u00e0ng ch\u1ea3y v\u00e0 l\u1ea5p \u0111\u1ea7y c\u00e1c khe h\u1edf nh\u1ecf.<\/li>\n<\/ul>\n<p><b>\u1ee8ng d\u1ee5ng ti\u00eau bi\u1ec3u:<\/b><\/p>\n<p><b><img decoding=\"async\" title=\"ke441-2-1\" src=\"https:\/\/yenhung.com\/wp-content\/uploads\/2025\/10\/ke441-2-1.jpg\" alt=\"Keo silicone Shin-Etsu KE441R-100g\" data-thumb=\"large\" \/><\/b><\/p>\n<p>D\u00f2ng keo Shin-Etsu KE-441 n\u00f3i chung v\u00e0 KE441R n\u00f3i ri\u00eang th\u01b0\u1eddng \u0111\u01b0\u1ee3c s\u1eed d\u1ee5ng cho:<\/p>\n<ul>\n<li><b>L\u00e0m k\u00edn v\u00e0 d\u00e1n trong c\u00f4ng nghi\u1ec7p:<\/b> \u0110\u1eb7c bi\u1ec7t trong c\u00e1c \u1ee9ng d\u1ee5ng \u0111i\u1ec7n v\u00e0 \u0111i\u1ec7n t\u1eed do t\u00ednh ch\u1ea5t kh\u00f4ng \u0103n m\u00f2n.<\/li>\n<li><b>L\u00e0m k\u00edn chung:<\/b> Cho nhi\u1ec1u lo\u1ea1i v\u1eadt li\u1ec7u kh\u00e1c nhau.<\/li>\n<li><b>L\u1edbp ph\u1ee7 b\u1ea3o v\u1ec7:<\/b> B\u1ea3o v\u1ec7 c\u00e1c b\u1ed9 ph\u1eadn kh\u1ecfi m\u00f4i tr\u01b0\u1eddng.<\/li>\n<li><b>Gasket t\u1ea1i ch\u1ed7 (Form-in-place gasketing).<\/b><\/li>\n<\/ul>\n<p><b>L\u01b0u \u00fd quan tr\u1ecdng:<\/b><\/p>\n<p><b><img decoding=\"async\" title=\"ke441-1-1\" src=\"https:\/\/yenhung.com\/wp-content\/uploads\/2025\/10\/ke441-1-1.jpg\" alt=\"Keo silicone Shin-Etsu KE441R-100g\" data-thumb=\"large\" \/><\/b><\/p>\n<ul>\n<li><b>\u0110\u00f3ng r\u1eafn trung t\u00ednh (Oxime):<\/b> M\u1eb7c d\u00f9 \u00edt \u0103n m\u00f2n, v\u1eabn n\u00ean ki\u1ec3m tra t\u00ednh t\u01b0\u01a1ng th\u00edch v\u1edbi c\u00e1c kim lo\u1ea1i nh\u1ea1y c\u1ea3m trong th\u1eddi gian d\u00e0i.<\/li>\n<li><b>Chu\u1ea9n b\u1ecb b\u1ec1 m\u1eb7t:<\/b> B\u1ec1 m\u1eb7t c\u1ea7n s\u1ea1ch s\u1ebd, kh\u00f4 r\u00e1o v\u00e0 kh\u00f4ng d\u00ednh b\u1ee5i b\u1ea9n, d\u1ea7u m\u1ee1 \u0111\u1ec3 \u0111\u1ea1t \u0111\u01b0\u1ee3c \u0111\u1ed9 b\u00e1m d\u00ednh t\u1ed1t nh\u1ea5t.<\/li>\n<li><b>Th\u00f4ng tin v\u1ec1 th\u1ecb tr\u01b0\u1eddng:<\/b> T\u01b0\u01a1ng t\u1ef1 nh\u01b0 c\u00e1c s\u1ea3n ph\u1ea9m Shin-Etsu kh\u00e1c, c\u00f3 th\u1ec3 c\u00f3 s\u1ef1 kh\u00e1c bi\u1ec7t v\u1ec1 ti\u00eau chu\u1ea9n v\u00e0 quy c\u00e1ch \u0111\u00f3ng g\u00f3i t\u00f9y thu\u1ed9c v\u00e0o th\u1ecb tr\u01b0\u1eddng.<\/li>\n<\/ul>\n<\/div>\n","protected":false},"excerpt":{"rendered":"<p>T\u00ean sa\u0309n ph\u00e2\u0309m:\u00a0Keo silicone Shin-Etsu KE441R-100g<\/p>\n<p><strong>Li\u00ean H\u1ec7<\/strong>: 0397.433.258<\/p>\n","protected":false},"featured_media":6079,"comment_status":"closed","ping_status":"closed","template":"","meta":[],"product_brand":[],"product_cat":[144],"product_tag":[],"class_list":{"0":"post-6078","1":"product","2":"type-product","3":"status-publish","4":"has-post-thumbnail","6":"product_cat-shin-etsu","8":"first","9":"instock","10":"shipping-taxable","11":"product-type-simple"},"_links":{"self":[{"href":"https:\/\/yenhung.com\/index.php?rest_route=\/wp\/v2\/product\/6078","targetHints":{"allow":["GET"]}}],"collection":[{"href":"https:\/\/yenhung.com\/index.php?rest_route=\/wp\/v2\/product"}],"about":[{"href":"https:\/\/yenhung.com\/index.php?rest_route=\/wp\/v2\/types\/product"}],"replies":[{"embeddable":true,"href":"https:\/\/yenhung.com\/index.php?rest_route=%2Fwp%2Fv2%2Fcomments&post=6078"}],"wp:featuredmedia":[{"embeddable":true,"href":"https:\/\/yenhung.com\/index.php?rest_route=\/wp\/v2\/media\/6079"}],"wp:attachment":[{"href":"https:\/\/yenhung.com\/index.php?rest_route=%2Fwp%2Fv2%2Fmedia&parent=6078"}],"wp:term":[{"taxonomy":"product_brand","embeddable":true,"href":"https:\/\/yenhung.com\/index.php?rest_route=%2Fwp%2Fv2%2Fproduct_brand&post=6078"},{"taxonomy":"product_cat","embeddable":true,"href":"https:\/\/yenhung.com\/index.php?rest_route=%2Fwp%2Fv2%2Fproduct_cat&post=6078"},{"taxonomy":"product_tag","embeddable":true,"href":"https:\/\/yenhung.com\/index.php?rest_route=%2Fwp%2Fv2%2Fproduct_tag&post=6078"}],"curies":[{"name":"wp","href":"https:\/\/api.w.org\/{rel}","templated":true}]}}