{"id":6282,"date":"2025-11-10T07:09:40","date_gmt":"2025-11-10T07:09:40","guid":{"rendered":"https:\/\/yenhung.com\/?product=dau-boi-tron-day-xich-molygraph-stenol-premium-220"},"modified":"2026-02-11T07:06:46","modified_gmt":"2026-02-11T07:06:46","slug":"dau-boi-tron-day-xich-molygraph-stenol-premium-220","status":"publish","type":"product","link":"https:\/\/yenhung.com\/?product=dau-boi-tron-day-xich-molygraph-stenol-premium-220","title":{"rendered":"D\u1ea7u b\u00f4i tr\u01a1n d\u00e2y x\u00edch Molygraph Stenol Premium 220"},"content":{"rendered":"<div class=\"ba-text-fpt\">\n<h2 data-sourcepos=\"3:1-3:92\">Molygraph Stenol Premium 220: D\u1ea7u x\u00edch ch\u1ecbu nhi\u1ec7t, b\u1ea3o v\u1ec7 t\u1ed1i \u01b0u cho h\u1ec7 th\u1ed1ng truy\u1ec1n \u0111\u1ed9ng<\/h2>\n<p><img decoding=\"async\" title=\"molygraph-stenol-premium-220-c-1750298342871-1\" src=\"https:\/\/yenhung.com\/wp-content\/uploads\/2025\/11\/molygraph-stenol-premium-220-c-1750298342871-1.jpg\" alt=\"D\u1ea7u b\u00f4i tr\u01a1n d\u00e2y x\u00edch Molygraph Stenol Premium 220\" data-thumb=\"large\" \/><\/p>\n<h3 data-sourcepos=\"5:1-5:23\">Gi\u1edbi thi\u1ec7u s\u1ea3n ph\u1ea9m<\/h3>\n<p data-sourcepos=\"7:1-7:27\"><strong>Molygraph Stenol Premium 220<\/strong> l\u00e0 m\u1ed9t lo\u1ea1i d\u1ea7u b\u00f4i tr\u01a1n t\u1ed5ng h\u1ee3p cao c\u1ea5p, \u0111\u01b0\u1ee3c \u0111\u1eb7c ch\u1ebf \u0111\u1ec3 b\u00f4i tr\u01a1n c\u00e1c lo\u1ea1i x\u00edch v\u00e0 b\u0103ng t\u1ea3i ho\u1ea1t \u0111\u1ed9ng \u1edf nhi\u1ec7t \u0111\u1ed9 cao. S\u1ea3n ph\u1ea9m n\u00e0y n\u1ed5i ti\u1ebfng v\u1edbi kh\u1ea3 n\u0103ng ch\u1ecbu nhi\u1ec7t tuy\u1ec7t v\u1eddi, \u0111\u1ed9 b\u00e1m d\u00ednh cao v\u00e0 kh\u1ea3 n\u0103ng b\u1ea3o v\u1ec7 c\u00e1c b\u1ed9 ph\u1eadn kh\u1ecfi ma s\u00e1t, m\u00e0i m\u00f2n v\u00e0 \u0103n m\u00f2n.<\/p>\n<h3 data-sourcepos=\"11:1-11:19\">\u01afu \u0111i\u1ec3m n\u1ed5i b\u1eadt<\/h3>\n<ul data-sourcepos=\"13:1-15:30\">\n<li data-sourcepos=\"13:1-13:87\"><strong>Ch\u1ecbu nhi\u1ec7t \u0111\u1ed9 cao:<\/strong> Ho\u1ea1t \u0111\u1ed9ng hi\u1ec7u qu\u1ea3 trong m\u00f4i tr\u01b0\u1eddng c\u00f3 nhi\u1ec7t \u0111\u1ed9 l\u00ean \u0111\u1ebfn 300\u00b0C.<\/li>\n<li data-sourcepos=\"14:1-14:67\"><strong>B\u00e1m d\u00ednh t\u1ed1t:<\/strong> B\u00e1m ch\u1eb7t v\u00e0o b\u1ec1 m\u1eb7t kim lo\u1ea1i, kh\u00f4ng b\u1ecb b\u1eafn t\u00f3e.<\/li>\n<li data-sourcepos=\"15:1-15:30\"><strong>Th\u1ea9m th\u1ea5u cao:<\/strong> Th\u1ea9m th\u1ea5u s\u00e2u v\u00e0o c\u00e1c khe h\u1edf, \u0111\u1ea3m b\u1ea3o b\u00f4i tr\u01a1n to\u00e0n di\u1ec7n.<\/li>\n<li data-sourcepos=\"16:1-16:65\"><strong>\u00cdt t\u1ea1o c\u1eb7n:<\/strong> Gi\u00fap gi\u1eef cho h\u1ec7 th\u1ed1ng truy\u1ec1n \u0111\u1ed9ng lu\u00f4n s\u1ea1ch s\u1ebd.<\/li>\n<li data-sourcepos=\"17:1-18:0\"><strong>K\u00e9o d\u00e0i tu\u1ed5i th\u1ecd:<\/strong> T\u0103ng tu\u1ed5i th\u1ecd cho x\u00edch v\u00e0 c\u00e1c b\u1ed9 ph\u1eadn truy\u1ec1n \u0111\u1ed9ng.<\/li>\n<\/ul>\n<h3 data-sourcepos=\"19:1-19:12\">\u1ee8ng d\u1ee5ng<\/h3>\n<p><img decoding=\"async\" title=\"molygraph-stenol-premium-220-b-1750298131975-1\" src=\"https:\/\/yenhung.com\/wp-content\/uploads\/2025\/11\/molygraph-stenol-premium-220-b-1750298131975-1.jpg\" alt=\"D\u1ea7u b\u00f4i tr\u01a1n d\u00e2y x\u00edch Molygraph Stenol Premium 220\" data-thumb=\"large\" \/><\/p>\n<ul data-sourcepos=\"21:1-23:49\">\n<li data-sourcepos=\"21:1-21:102\"><strong>B\u00f4i tr\u01a1n x\u00edch b\u0103ng t\u1ea3i:<\/strong> S\u1eed d\u1ee5ng trong c\u00e1c ng\u00e0nh c\u00f4ng nghi\u1ec7p nh\u01b0 th\u1ef1c ph\u1ea9m, xi m\u0103ng, luy\u1ec7n kim&#8230;<\/li>\n<li data-sourcepos=\"22:1-22:73\"><strong>B\u00f4i tr\u01a1n c\u00e1c b\u1ed9 ph\u1eadn truy\u1ec1n \u0111\u1ed9ng:<\/strong> \u0110\u01b0\u1eddng tr\u01b0\u1ee3t, v\u00f2ng bi, tr\u1ee5c v\u00edt&#8230;<\/li>\n<li data-sourcepos=\"23:1-23:49\"><strong>B\u1ea3o v\u1ec7 thi\u1ebft b\u1ecb l\u00e0m vi\u1ec7c \u1edf nhi\u1ec7t \u0111\u1ed9 cao:<\/strong> L\u00f2 nung, m\u00e1y s\u1ea5y&#8230;<\/li>\n<\/ul>\n<h3 data-sourcepos=\"25:1-25:21\">Th\u00f4ng s\u1ed1 k\u1ef9 thu\u1eadt<\/h3>\n<ul data-sourcepos=\"27:1-32:0\">\n<li data-sourcepos=\"27:1-27:21\"><strong>D\u1ea1ng:<\/strong> Ch\u1ea5t l\u1ecfng<\/li>\n<li data-sourcepos=\"28:1-28:37\"><strong>M\u00e0u s\u1eafc:<\/strong> [M\u00e0u s\u1eafc c\u1ee7a s\u1ea3n ph\u1ea9m]<\/li>\n<li data-sourcepos=\"29:1-29:58\"><strong>\u0110\u1ed9 nh\u1edbt:<\/strong> [\u0110\u1ed9 nh\u1edbt c\u1ee7a s\u1ea3n ph\u1ea9m \u1edf nhi\u1ec7t \u0111\u1ed9 nh\u1ea5t \u0111\u1ecbnh]<\/li>\n<li data-sourcepos=\"30:1-30:41\"><strong>Nhi\u1ec7t \u0111\u1ed9 l\u00e0m vi\u1ec7c:<\/strong> -20\u00b0C \u0111\u1ebfn +300\u00b0C<\/li>\n<li data-sourcepos=\"31:1-32:0\"><strong>\u0110\u00f3ng g\u00f3i:<\/strong> [Dung t\u00edch \u0111\u00f3ng g\u00f3i]<\/li>\n<\/ul>\n<h3 data-sourcepos=\"33:1-33:21\">H\u01b0\u1edbng d\u1eabn s\u1eed d\u1ee5ng<\/h3>\n<p><img decoding=\"async\" title=\"molygraph-stenol-premium-220-a-1750298026038-2\" src=\"https:\/\/yenhung.com\/wp-content\/uploads\/2025\/11\/molygraph-stenol-premium-220-a-1750298026038-2.jpg\" alt=\"D\u1ea7u b\u00f4i tr\u01a1n d\u00e2y x\u00edch Molygraph Stenol Premium 220\" data-thumb=\"large\" \/><\/p>\n<ul data-sourcepos=\"35:1-36:32\">\n<li data-sourcepos=\"35:1-35:93\"><strong>L\u00e0m s\u1ea1ch b\u1ec1 m\u1eb7t:<\/strong> Tr\u01b0\u1edbc khi b\u00f4i tr\u01a1n, h\u00e3y l\u00e0m s\u1ea1ch b\u1ec1 m\u1eb7t x\u00edch v\u00e0 c\u00e1c b\u1ed9 ph\u1eadn li\u00ean quan.<\/li>\n<li data-sourcepos=\"36:1-36:32\"><strong>B\u00f4i tr\u01a1n:<\/strong> S\u1eed d\u1ee5ng s\u00fang b\u01a1m ho\u1eb7c c\u1ecd \u0111\u1ec3 b\u00f4i tr\u01a1n \u0111\u1ec1u l\u00ean b\u1ec1 m\u1eb7t x\u00edch.<\/li>\n<li data-sourcepos=\"37:1-38:0\"><strong>Ki\u1ec3m tra \u0111\u1ecbnh k\u1ef3:<\/strong> Ki\u1ec3m tra v\u00e0 b\u1ed5 sung d\u1ea7u th\u01b0\u1eddng xuy\u00ean \u0111\u1ec3 \u0111\u1ea3m b\u1ea3o hi\u1ec7u qu\u1ea3 b\u00f4i tr\u01a1n.<\/li>\n<\/ul>\n<h3 data-sourcepos=\"39:1-39:21\">L\u01b0u \u00fd khi s\u1eed d\u1ee5ng<\/h3>\n<ul data-sourcepos=\"41:1-44:0\">\n<li data-sourcepos=\"41:1-41:86\"><strong>B\u1ea3o qu\u1ea3n:<\/strong> B\u1ea3o qu\u1ea3n s\u1ea3n ph\u1ea9m \u1edf n\u01a1i kh\u00f4 r\u00e1o, tho\u00e1ng m\u00e1t, tr\u00e1nh \u00e1nh n\u1eafng tr\u1ef1c ti\u1ebfp.<\/li>\n<li data-sourcepos=\"42:1-42:71\"><strong>An to\u00e0n:<\/strong> S\u1eed d\u1ee5ng g\u0103ng tay, k\u00ednh b\u1ea3o h\u1ed9 khi ti\u1ebfp x\u00fac v\u1edbi s\u1ea3n ph\u1ea9m.<\/li>\n<li data-sourcepos=\"43:1-44:0\"><strong>M\u00f4i tr\u01b0\u1eddng:<\/strong> X\u1eed l\u00fd d\u1ea7u th\u1ea3i theo \u0111\u00fang quy \u0111\u1ecbnh.<\/li>\n<\/ul>\n<\/div>\n","protected":false},"excerpt":{"rendered":"<p>T\u00ean sa\u0309n ph\u00e2\u0309m:\u00a0\u00a0Molygraph Stenol Premium 220<\/p>\n<p><strong>Li\u00ean h\u1ec7:<\/strong> 0397.433.258<\/p>\n","protected":false},"featured_media":6283,"comment_status":"closed","ping_status":"closed","template":"","meta":[],"product_brand":[],"product_cat":[151],"product_tag":[],"class_list":{"0":"post-6282","1":"product","2":"type-product","3":"status-publish","4":"has-post-thumbnail","6":"product_cat-molygraph","8":"first","9":"instock","10":"shipping-taxable","11":"product-type-simple"},"_links":{"self":[{"href":"https:\/\/yenhung.com\/index.php?rest_route=\/wp\/v2\/product\/6282","targetHints":{"allow":["GET"]}}],"collection":[{"href":"https:\/\/yenhung.com\/index.php?rest_route=\/wp\/v2\/product"}],"about":[{"href":"https:\/\/yenhung.com\/index.php?rest_route=\/wp\/v2\/types\/product"}],"replies":[{"embeddable":true,"href":"https:\/\/yenhung.com\/index.php?rest_route=%2Fwp%2Fv2%2Fcomments&post=6282"}],"wp:featuredmedia":[{"embeddable":true,"href":"https:\/\/yenhung.com\/index.php?rest_route=\/wp\/v2\/media\/6283"}],"wp:attachment":[{"href":"https:\/\/yenhung.com\/index.php?rest_route=%2Fwp%2Fv2%2Fmedia&parent=6282"}],"wp:term":[{"taxonomy":"product_brand","embeddable":true,"href":"https:\/\/yenhung.com\/index.php?rest_route=%2Fwp%2Fv2%2Fproduct_brand&post=6282"},{"taxonomy":"product_cat","embeddable":true,"href":"https:\/\/yenhung.com\/index.php?rest_route=%2Fwp%2Fv2%2Fproduct_cat&post=6282"},{"taxonomy":"product_tag","embeddable":true,"href":"https:\/\/yenhung.com\/index.php?rest_route=%2Fwp%2Fv2%2Fproduct_tag&post=6282"}],"curies":[{"name":"wp","href":"https:\/\/api.w.org\/{rel}","templated":true}]}}