{"id":6290,"date":"2025-11-10T07:09:45","date_gmt":"2025-11-10T07:09:45","guid":{"rendered":"https:\/\/yenhung.com\/?product=mo-silicon-molygraph-hvg-14"},"modified":"2026-02-11T07:06:34","modified_gmt":"2026-02-11T07:06:34","slug":"mo-silicon-molygraph-hvg-14","status":"publish","type":"product","link":"https:\/\/yenhung.com\/?product=mo-silicon-molygraph-hvg-14","title":{"rendered":"M\u1ee1 silicon Molygraph HVG 14"},"content":{"rendered":"<div class=\"ba-text-fpt\">\n<h2 data-sourcepos=\"1:1-1:76\">Molygraph HVG 14: Ch\u1ea5t B\u00f4i Tr\u01a1n Chuy\u00ean D\u1ee5ng Cho H\u1ec7 Th\u1ed1ng Chuy\u1ec3n \u0110\u1ed9ng N\u1eb7ng<\/h2>\n<p><img decoding=\"async\" title=\"hvg-14-2-2\" src=\"https:\/\/yenhung.com\/wp-content\/uploads\/2025\/11\/hvg-14-2-2.jpg\" alt=\"Molygraph HVG 14\" data-thumb=\"large\" \/><\/p>\n<p data-sourcepos=\"3:1-3:3\"><strong>Molygraph HVG 14<\/strong> l\u00e0 ch\u1ea5t b\u00f4i tr\u01a1n d\u1ea1ng m\u1ee1 cao c\u1ea5p \u0111\u01b0\u1ee3c thi\u1ebft k\u1ebf \u0111\u1eb7c bi\u1ec7t cho c\u00e1c h\u1ec7 th\u1ed1ng chuy\u1ec3n \u0111\u1ed9ng n\u1eb7ng ho\u1ea1t \u0111\u1ed9ng trong \u0111i\u1ec1u ki\u1ec7n kh\u1eafc nghi\u1ec7t. S\u1ea3n ph\u1ea9m \u0111\u01b0\u1ee3c s\u1ea3n xu\u1ea5t b\u1edfi th\u01b0\u01a1ng hi\u1ec7u Molygraph uy t\u00edn \u0111\u1ebfn t\u1eeb \u0110\u1ee9c, \u0111\u1ea3m b\u1ea3o ch\u1ea5t l\u01b0\u1ee3ng cao v\u00e0 hi\u1ec7u qu\u1ea3 s\u1eed d\u1ee5ng l\u00e2u d\u00e0i.<\/p>\n<h2 data-sourcepos=\"7:1-7:20\"><strong>\u01afu \u0111i\u1ec3m n\u1ed5i b\u1eadt:<\/strong><\/h2>\n<p><img decoding=\"async\" title=\"hvg-14-3\" src=\"https:\/\/yenhung.com\/wp-content\/uploads\/2025\/11\/hvg-14-3.jpg\" alt=\"Molygraph HVG 14\" data-thumb=\"large\" \/><\/p>\n<ul data-sourcepos=\"9:1-9:39\">\n<li data-sourcepos=\"9:1-9:39\"><strong>Kh\u1ea3 n\u0103ng ch\u1ecbu t\u1ea3i tr\u1ecdng cao:<\/strong> Ch\u1ecbu \u0111\u01b0\u1ee3c t\u1ea3i tr\u1ecdng n\u1eb7ng v\u00e0 rung \u0111\u1ed9ng m\u1ea1nh, b\u1ea3o v\u1ec7 hi\u1ec7u qu\u1ea3 c\u00e1c chi ti\u1ebft m\u00e1y m\u00f3c kh\u1ecfi s\u1ef1 m\u00e0i m\u00f2n v\u00e0 h\u01b0 h\u1ecfng.<\/li>\n<li data-sourcepos=\"10:1-10:151\"><strong>Kh\u1ea3 n\u0103ng b\u00f4i tr\u01a1n t\u1ed1t:<\/strong> T\u1ea1o l\u1edbp m\u00e0ng b\u00f4i tr\u01a1n d\u00e0y, b\u1ec1n b\u1ec9, gi\u00fap gi\u1ea3m ma s\u00e1t v\u00e0 nhi\u1ec7t \u0111\u1ed9 v\u1eadn h\u00e0nh, ti\u1ebft ki\u1ec7m n\u0103ng l\u01b0\u1ee3ng v\u00e0 t\u0103ng hi\u1ec7u qu\u1ea3 ho\u1ea1t \u0111\u1ed9ng.<\/li>\n<li data-sourcepos=\"11:1-11:128\"><strong>Ch\u1ecbu nhi\u1ec7t \u0111\u1ed9 cao:<\/strong> Ch\u1ecbu \u0111\u01b0\u1ee3c nhi\u1ec7t \u0111\u1ed9 cao l\u00ean \u0111\u1ebfn 260\u00b0C, th\u00edch h\u1ee3p cho c\u00e1c h\u1ec7 th\u1ed1ng ho\u1ea1t \u0111\u1ed9ng trong \u0111i\u1ec1u ki\u1ec7n kh\u1eafc nghi\u1ec7t.<\/li>\n<li data-sourcepos=\"12:1-12:53\"><strong>Ch\u1ecbu n\u01b0\u1edbc t\u1ed1t:<\/strong> Ch\u1ed1ng th\u1ea5m n\u01b0\u1edbc v\u00e0 h\u00f3a ch\u1ea5t, b\u1ea3o v\u1ec7 c\u00e1c chi ti\u1ebft m\u00e1y m\u00f3c kh\u1ecfi s\u1ef1 \u0103n m\u00f2n v\u00e0 r\u1ec9 s\u00e9t.<\/li>\n<li data-sourcepos=\"13:1-14:0\"><strong>Kh\u1ea3 n\u0103ng ch\u1ed1ng oxy h\u00f3a:<\/strong> Ch\u1ed1ng l\u1ea1i s\u1ef1 ph\u00e2n h\u1ee7y do oxy h\u00f3a, gi\u00fap k\u00e9o d\u00e0i tu\u1ed5i th\u1ecd d\u1ea7u m\u1ee1.<\/li>\n<\/ul>\n<h2 data-sourcepos=\"15:1-15:13\"><strong>\u1ee8ng d\u1ee5ng:<\/strong><\/h2>\n<p><img decoding=\"async\" title=\"hvg-14-1-1\" src=\"https:\/\/yenhung.com\/wp-content\/uploads\/2025\/11\/hvg-14-1-1.jpg\" alt=\"Molygraph HVG 14\" data-thumb=\"large\" \/><\/p>\n<ul data-sourcepos=\"17:1-21:0\">\n<li data-sourcepos=\"17:1-17:86\"><strong>H\u1ec7 th\u1ed1ng chuy\u1ec3n \u0111\u1ed9ng n\u1eb7ng:<\/strong> B\u0103ng t\u1ea3i, m\u00e1y m\u00f3c c\u00f4ng nghi\u1ec7p, thi\u1ebft b\u1ecb khai th\u00e1c,&#8230;<\/li>\n<li data-sourcepos=\"18:1-18:69\"><strong>\u1ed4 tr\u1ee5c, \u1ed5 bi:<\/strong> B\u1ea3o v\u1ec7 \u1ed5 tr\u1ee5c v\u00e0 \u1ed5 bi kh\u1ecfi s\u1ef1 m\u00e0i m\u00f2n v\u00e0 h\u01b0 h\u1ecfng.<\/li>\n<li data-sourcepos=\"19:1-19:51\"><strong>H\u1ec7 th\u1ed1ng truy\u1ec1n \u0111\u1ed9ng:<\/strong> H\u1ed9p s\u1ed1, b\u1ed9 gi\u1ea3m t\u1ed1c,&#8230;<\/li>\n<li data-sourcepos=\"20:1-21:0\"><strong>Thi\u1ebft b\u1ecb v\u1eadn t\u1ea3i:<\/strong> Xe t\u1ea3i, xe ben, xe n\u00e2ng,&#8230;<\/li>\n<\/ul>\n<p data-sourcepos=\"22:1-22:22\"><strong>Th\u00f4ng s\u1ed1 k\u1ef9 thu\u1eadt:<\/strong><\/p>\n<ul data-sourcepos=\"24:1-29:23\">\n<li data-sourcepos=\"24:1-24:22\"><strong>\u0110\u1ed9 nh\u1edbt:<\/strong> NLGI 00<\/li>\n<li data-sourcepos=\"25:1-25:31\"><strong>C\u1ea5p hi\u1ec7u su\u1ea5t NLGI:<\/strong> GC-LB<\/li>\n<li data-sourcepos=\"26:1-26:41\"><strong>Nhi\u1ec7t \u0111\u1ed9 ho\u1ea1t \u0111\u1ed9ng:<\/strong> -30\u00b0C \u0111\u1ebfn 260\u00b0C<\/li>\n<li data-sourcepos=\"27:1-27:21\"><strong>\u0110i\u1ec3m r\u00f3t:<\/strong> -40\u00b0C<\/li>\n<li data-sourcepos=\"28:1-28:33\"><strong>Kh\u1ed1i l\u01b0\u1ee3ng ri\u00eang:<\/strong> 920 kg\/m\u00b3<\/li>\n<li data-sourcepos=\"29:1-29:23\"><strong>Th\u01b0\u01a1ng hi\u1ec7u:<\/strong> Molygraph<\/li>\n<li data-sourcepos=\"30:1-31:0\"><strong>M\u00e3 s\u1ea3n ph\u1ea9m:<\/strong> Molygraph HVG 14<\/li>\n<\/ul>\n<p data-sourcepos=\"32:1-32:41\"><strong>L\u1ee3i \u00edch khi s\u1eed d\u1ee5ng Molygraph HVG 14:<\/strong><\/p>\n<ul data-sourcepos=\"34:1-38:0\">\n<li data-sourcepos=\"34:1-34:129\"><strong>K\u00e9o d\u00e0i tu\u1ed5i th\u1ecd thi\u1ebft b\u1ecb:<\/strong> B\u1ea3o v\u1ec7 hi\u1ec7u qu\u1ea3 c\u00e1c chi ti\u1ebft m\u00e1y m\u00f3c kh\u1ecfi s\u1ef1 m\u00e0i m\u00f2n v\u00e0 h\u01b0 h\u1ecfng, gi\u00fap k\u00e9o d\u00e0i tu\u1ed5i th\u1ecd thi\u1ebft b\u1ecb.<\/li>\n<li data-sourcepos=\"35:1-35:109\"><strong>Gi\u1ea3m chi ph\u00ed b\u1ea3o tr\u00ec:<\/strong> Gi\u1ea3m thi\u1ec3u s\u1ef1 c\u1ed1 h\u1ecfng h\u00f3c v\u00e0 nhu c\u1ea7u b\u1ea3o tr\u00ec, ti\u1ebft ki\u1ec7m chi ph\u00ed cho doanh nghi\u1ec7p.<\/li>\n<li data-sourcepos=\"36:1-36:122\"><strong>N\u00e2ng cao hi\u1ec7u qu\u1ea3 ho\u1ea1t \u0111\u1ed9ng:<\/strong> Gi\u1ea3m ma s\u00e1t v\u00e0 nhi\u1ec7t \u0111\u1ed9 v\u1eadn h\u00e0nh, gi\u00fap ti\u1ebft ki\u1ec7m n\u0103ng l\u01b0\u1ee3ng v\u00e0 t\u0103ng hi\u1ec7u qu\u1ea3 ho\u1ea1t \u0111\u1ed9ng.<\/li>\n<li data-sourcepos=\"37:1-38:0\"><strong>B\u1ea3o v\u1ec7 m\u00f4i tr\u01b0\u1eddng:<\/strong> S\u1ea3n ph\u1ea9m th\u00e2n thi\u1ec7n v\u1edbi m\u00f4i tr\u01b0\u1eddng, \u0111\u00e1p \u1ee9ng c\u00e1c ti\u00eau chu\u1ea9n m\u00f4i tr\u01b0\u1eddng qu\u1ed1c t\u1ebf.<\/li>\n<\/ul>\n<\/div>\n","protected":false},"excerpt":{"rendered":"<p><strong>T\u00ean sa\u0309n ph\u00e2\u0309m:<\/strong>Molygraph HVG 14<\/p>\n<p><strong>Li\u00ean h\u1ec7:<\/strong> 0397.433.258<\/p>\n","protected":false},"featured_media":6291,"comment_status":"closed","ping_status":"closed","template":"","meta":[],"product_brand":[],"product_cat":[151],"product_tag":[],"class_list":{"0":"post-6290","1":"product","2":"type-product","3":"status-publish","4":"has-post-thumbnail","6":"product_cat-molygraph","8":"first","9":"instock","10":"shipping-taxable","11":"product-type-simple"},"_links":{"self":[{"href":"https:\/\/yenhung.com\/index.php?rest_route=\/wp\/v2\/product\/6290","targetHints":{"allow":["GET"]}}],"collection":[{"href":"https:\/\/yenhung.com\/index.php?rest_route=\/wp\/v2\/product"}],"about":[{"href":"https:\/\/yenhung.com\/index.php?rest_route=\/wp\/v2\/types\/product"}],"replies":[{"embeddable":true,"href":"https:\/\/yenhung.com\/index.php?rest_route=%2Fwp%2Fv2%2Fcomments&post=6290"}],"wp:featuredmedia":[{"embeddable":true,"href":"https:\/\/yenhung.com\/index.php?rest_route=\/wp\/v2\/media\/6291"}],"wp:attachment":[{"href":"https:\/\/yenhung.com\/index.php?rest_route=%2Fwp%2Fv2%2Fmedia&parent=6290"}],"wp:term":[{"taxonomy":"product_brand","embeddable":true,"href":"https:\/\/yenhung.com\/index.php?rest_route=%2Fwp%2Fv2%2Fproduct_brand&post=6290"},{"taxonomy":"product_cat","embeddable":true,"href":"https:\/\/yenhung.com\/index.php?rest_route=%2Fwp%2Fv2%2Fproduct_cat&post=6290"},{"taxonomy":"product_tag","embeddable":true,"href":"https:\/\/yenhung.com\/index.php?rest_route=%2Fwp%2Fv2%2Fproduct_tag&post=6290"}],"curies":[{"name":"wp","href":"https:\/\/api.w.org\/{rel}","templated":true}]}}