{"id":6431,"date":"2025-11-10T07:14:54","date_gmt":"2025-11-10T07:14:54","guid":{"rendered":"https:\/\/yenhung.com\/?product=mo-oks-250-1kg-white-allround-paste-metal-free"},"modified":"2026-02-11T06:54:56","modified_gmt":"2026-02-11T06:54:56","slug":"mo-oks-250-1kg-white-allround-paste-metal-free","status":"publish","type":"product","link":"https:\/\/yenhung.com\/?product=mo-oks-250-1kg-white-allround-paste-metal-free","title":{"rendered":"M\u1ee1 &#8211; oks 250, 1kg, white allround paste, metal-free"},"content":{"rendered":"<div class=\"ba-text-fpt\">\n<h2><strong>M\u1ee1 &#8211; oks 250, 1kg, white allround paste, metal-free<\/strong><\/h2>\n<p><img decoding=\"async\" title=\"mo-oks-250-1kg-c-1753753536512-2\" src=\"https:\/\/yenhung.com\/wp-content\/uploads\/2025\/11\/mo-oks-250-1kg-c-1753753536512-2.jpg\" alt=\"OKS 250\" data-thumb=\"large\" \/><\/p>\n<p>B\u00f4i tr\u01a1n c\u00e1c b\u1ec1 m\u1eb7t tr\u01b0\u1ee3t c\u00f3 \u1ee9ng su\u1ea5t cao, \u0111\u1eb7c bi\u1ec7t l\u00e0 \u1edf t\u1ed1c \u0111\u1ed9 tr\u01b0\u1ee3t th\u1ea5p ho\u1eb7c v\u1edbi c\u00e1c chuy\u1ec3n \u0111\u1ed9ng dao \u0111\u1ed9ng, v\u00ed d\u1ee5 v\u1edbi c\u00e1c k\u1ebft n\u1ed1i b\u1eb1ng v\u00edt, kh\u1edbp n\u1ed1i ho\u1eb7c l\u01b0\u1ee1i l\u00ea l\u00e0m b\u1eb1ng th\u00e9p h\u1ee3p kim cao ho\u1eb7c kim lo\u1ea1i m\u00e0u<\/p>\n<p>T\u00e1ch b\u1ec1 m\u1eb7t c\u1ee7a c\u00e1c k\u1ebft n\u1ed1i ren \u1ee9ng su\u1ea5t nhi\u1ec7t, v\u00ed d\u1ee5 \u1edf \u0111\u1ed9ng c\u01a1 \u0111\u1ed1t v\u00e0 tuabin<\/p>\n<p>Ch\u1ed1ng \u0103n m\u00f2n \u1edf v\u00edt, ch\u1ed1t, bu l\u00f4ng, m\u1eb7t b\u00edch, tr\u1ee5c xoay v\u00e0 kh\u1edbp n\u1ed1i<\/p>\n<p>\u0110\u1ed1i v\u1edbi c\u00e1c k\u1ebft n\u1ed1i th\u00e9p kh\u00f4ng g\u1ec9<\/p>\n<h2><strong>\u01afu \u0111i\u1ec3m v\u00e0 l\u1ee3i \u00edch<\/strong><\/h2>\n<p><img decoding=\"async\" title=\"mo-oks-250-1kg-b-1753753537726-1\" src=\"https:\/\/yenhung.com\/wp-content\/uploads\/2025\/11\/mo-oks-250-1kg-b-1753753537726-1.jpg\" alt=\"OKS 250\" data-thumb=\"large\" \/><\/p>\n<p>Gi\u1ea3i ph\u00e1p s\u1ea3n ph\u1ea9m kinh t\u1ebf cho nh\u1eefng ng\u01b0\u1eddi d\u00f9ng tr\u01b0\u1edbc \u0111\u00e2y \u0111\u00e3 s\u1eed d\u1ee5ng nhi\u1ec1u lo\u1ea1i b\u1ed9t nh\u00e3o<\/p>\n<p>Ch\u1ecbu \u0111\u01b0\u1ee3c n\u01b0\u1edbc n\u00f3ng v\u00e0 l\u1ea1nh c\u0169ng nh\u01b0 h\u1ea7u h\u1ebft c\u00e1c axit v\u00e0 dung d\u1ecbch ki\u1ec1m<\/p>\n<p>B\u1ea3o v\u1ec7 ch\u1ed1ng \u0103n m\u00f2n tuy\u1ec7t v\u1eddi<\/p>\n<p>Ch\u1ee9a Mo\u2093-Active \u0111\u1ec3 t\u0103ng hi\u1ec7u su\u1ea5t<\/p>\n<p>Kim lo\u1ea1i mi\u1ec5n ph\u00ed<\/p>\n<p>C\u0169ng c\u00f3 s\u1eb5n nh\u01b0 phi\u00ean b\u1ea3n phun OKS 2501<\/p>\n<p>NSF H2 \u0111\u00e3 \u0111\u0103ng k\u00fd<\/p>\n<p><strong>Th\u00f4ng s\u1ed1 k\u1ef9 thu\u00e2\u0323t<\/strong><\/p>\n<p>Nhi\u1ec7t \u0111\u1ed9 ho\u1ea1t \u0111\u1ed9ng: -40 \u00b0 C \u2192 +200 \u00b0 C \/ + 1.400 \u00b0 C (b\u00f4i tr\u01a1n \/ t\u00e1ch)<\/p>\n<p>Press-fit: \u00b5 = 0,10, kh\u00f4ng c\u00f3 ti\u1ebfng \u1ed3n<\/p>\n<p>Gi\u00e0n th\u1eed nghi\u1ec7m b\u1ed1n bi (t\u1ea3i h\u00e0n): 3.600 N<\/p>\n<p>Ma s\u00e1t ren (M10 \/ 8,8): t\u1ed5ng \u00b5 = 0,12<\/p>\n<h2><strong>C\u00e1c \u1ee9ng d\u1ee5ng<\/strong><\/h2>\n<p><img decoding=\"async\" title=\"mo-oks-250-1kg-a-1753753539064-1\" src=\"https:\/\/yenhung.com\/wp-content\/uploads\/2025\/11\/mo-oks-250-1kg-a-1753753539064-1.jpg\" alt=\"OKS 250\" data-thumb=\"large\" \/><\/p>\n<p>\u0110\u1ec3 \u0111\u1ea1t \u0111\u01b0\u1ee3c \u0111\u1ed9 b\u00e1m d\u00ednh t\u1ed1i \u01b0u, lo\u1ea1i b\u1ecf c\u1eb7n b\u1ea9n c\u0169ng nh\u01b0 c\u00e1c ch\u1ea5t b\u00f4i tr\u01a1n kh\u00e1c kh\u1ecfi ren v\u00e0 b\u1ec1 m\u1eb7t tr\u01b0\u1ee3t.<\/p>\n<p>S\u1eed d\u1ee5ng b\u00e0n ch\u1ea3i, dao tr\u1ed9n ho\u1eb7c d\u1ee5ng c\u1ee5 t\u01b0\u01a1ng t\u1ef1 \u0111\u1ec3 b\u00f4i l\u01b0\u1ee3ng OKS 250 v\u1eeba \u0111\u1ee7 l\u00ean b\u1ec1 m\u1eb7t ti\u1ebfp x\u00fac c\u1ee7a \u0111\u1ea7u ho\u1eb7c \u0111ai \u1ed1c v\u00e0 v\u1edbi ch\u1ec9. Keo d\u00e1n c\u0169ng s\u1ebd ho\u1ea1t \u0111\u1ed9ng nh\u01b0 m\u1ed9t ch\u1ea5t b\u1ecbt k\u00edn.<\/p>\n<p>Th\u1eadn tr\u1ecdng: Kh\u00f4ng s\u1eed d\u1ee5ng b\u1ed9t nh\u00e3o thay cho m\u1ee1 v\u00e0 ch\u1ec9 tr\u1ed9n v\u1edbi ch\u1ea5t b\u00f4i tr\u01a1n ph\u00f9 h\u1ee3p.<\/p>\n<p>G\u1eafn<\/p>\n<p>B\u00f4i tr\u01a1n<\/p>\n<p>C\u00e1c ng\u00e0nh ngh\u1ec1<\/p>\n<p>B\u1ea5t k\u1ec3 b\u1ea1n \u0111\u1ebfn t\u1eeb ng\u00e0nh n\u00e0o, ch\u00fang t\u00f4i t\u1ea1i OKS \u0111\u1ec1u c\u00f3 gi\u1ea3i ph\u00e1p ph\u00f9 h\u1ee3p cho b\u1ea1n.<\/p>\n<p>K\u1ef9 thu\u1eadt nh\u00e0 m\u00e1y v\u00e0 m\u00e1y (c\u00f4ng c\u1ee5)<\/p>\n<p>Logistics<\/p>\n<p>Ch\u1ebf bi\u1ebfn cao su v\u00e0 nh\u1ef1a<\/p>\n<p>\u0110\u00f3ng t\u00e0u v\u00e0 c\u00f4ng ngh\u1ec7 h\u00e0ng h\u1ea3i<\/p>\n<p>Ng\u00e0nh s\u1eaft th\u00e9p<\/p>\n<p>D\u1ecbch v\u1ee5 th\u00e0nh ph\u1ed1<\/p>\n<p>B\u1ea3o tr\u00ec v\u00e0 b\u1ea3o d\u01b0\u1ee1ng<\/p>\n<\/div>\n","protected":false},"excerpt":{"rendered":"<p><strong>T\u00ean sa\u0309n ph\u00e2\u0309m: OKS 250<\/strong><\/p>\n<p><strong>Li\u00ean h\u1ec7:<\/strong> 0397.433.258<\/p>\n","protected":false},"featured_media":6432,"comment_status":"closed","ping_status":"closed","template":"","meta":[],"product_brand":[],"product_cat":[154],"product_tag":[],"class_list":{"0":"post-6431","1":"product","2":"type-product","3":"status-publish","4":"has-post-thumbnail","6":"product_cat-oks","8":"first","9":"instock","10":"shipping-taxable","11":"product-type-simple"},"_links":{"self":[{"href":"https:\/\/yenhung.com\/index.php?rest_route=\/wp\/v2\/product\/6431","targetHints":{"allow":["GET"]}}],"collection":[{"href":"https:\/\/yenhung.com\/index.php?rest_route=\/wp\/v2\/product"}],"about":[{"href":"https:\/\/yenhung.com\/index.php?rest_route=\/wp\/v2\/types\/product"}],"replies":[{"embeddable":true,"href":"https:\/\/yenhung.com\/index.php?rest_route=%2Fwp%2Fv2%2Fcomments&post=6431"}],"wp:featuredmedia":[{"embeddable":true,"href":"https:\/\/yenhung.com\/index.php?rest_route=\/wp\/v2\/media\/6432"}],"wp:attachment":[{"href":"https:\/\/yenhung.com\/index.php?rest_route=%2Fwp%2Fv2%2Fmedia&parent=6431"}],"wp:term":[{"taxonomy":"product_brand","embeddable":true,"href":"https:\/\/yenhung.com\/index.php?rest_route=%2Fwp%2Fv2%2Fproduct_brand&post=6431"},{"taxonomy":"product_cat","embeddable":true,"href":"https:\/\/yenhung.com\/index.php?rest_route=%2Fwp%2Fv2%2Fproduct_cat&post=6431"},{"taxonomy":"product_tag","embeddable":true,"href":"https:\/\/yenhung.com\/index.php?rest_route=%2Fwp%2Fv2%2Fproduct_tag&post=6431"}],"curies":[{"name":"wp","href":"https:\/\/api.w.org\/{rel}","templated":true}]}}