{"id":6546,"date":"2025-11-10T07:17:01","date_gmt":"2025-11-10T07:17:01","guid":{"rendered":"https:\/\/yenhung.com\/?product=mo-molykote-em-50l-1kg"},"modified":"2026-02-11T04:59:39","modified_gmt":"2026-02-11T04:59:39","slug":"mo-molykote-em-50l-1kg","status":"publish","type":"product","link":"https:\/\/yenhung.com\/?product=mo-molykote-em-50l-1kg","title":{"rendered":"M\u1ee1 Molykote Em-50L (1kg)"},"content":{"rendered":"<div class=\"ba-text-fpt\">\n<h2><strong>M\u1ee1 b\u00f4i tr\u01a1n Molykote EM-50L, quy c\u00e1ch \u0111\u00f3ng g\u00f3i 1kg\/h\u1ed9p.<\/strong><\/h2>\n<p>\u0110\u00e2y l\u00e0 m\u1ed9t lo\u1ea1i m\u1ee1 b\u00f4i tr\u01a1n chuy\u00ean d\u1ee5ng cao c\u1ea5p c\u1ee7a th\u01b0\u01a1ng hi\u1ec7u Molykote (thu\u1ed9c t\u1eadp \u0111o\u00e0n DuPont), n\u1ed5i ti\u1ebfng v\u1edbi kh\u1ea3 n\u0103ng b\u00f4i tr\u01a1n hi\u1ec7u qu\u1ea3 cho c\u00e1c b\u1ed9 ph\u1eadn b\u1eb1ng nh\u1ef1a, \u0111\u1eb7c bi\u1ec7t l\u00e0 trong c\u00e1c \u1ee9ng d\u1ee5ng c\u1ea7n gi\u1ea3m ti\u1ebfng \u1ed3n.<\/p>\n<p><img decoding=\"async\" title=\"mo-molykote-em-50l-1kg-a-1\" src=\"https:\/\/yenhung.com\/wp-content\/uploads\/2025\/11\/mo-molykote-em-50l-1kg-a-1.jpg\" alt=\"M\u1ee1 Molykote Em-50L (1kg)\" data-thumb=\"large\" \/><\/p>\n<h3 data-sourcepos=\"5:1-5:55\">\u0110\u1eb7c \u0111i\u1ec3m n\u1ed5i b\u1eadt c\u1ee7a M\u1ee1 b\u00f4i tr\u01a1n Molykote EM-50L<\/h3>\n<p data-sourcepos=\"7:1-7:215\">Molykote EM-50L l\u00e0 m\u1ee1 g\u1ed1c d\u1ea7u t\u1ed5ng h\u1ee3p (Polyalphaolefin &#8211; PAO) v\u1edbi ch\u1ea5t l\u00e0m \u0111\u1eb7c Lithium, \u0111\u01b0\u1ee3c thi\u1ebft k\u1ebf \u0111\u1eb7c bi\u1ec7t cho c\u00e1c \u1ee9ng d\u1ee5ng c\u00f3 s\u1ef1 k\u1ebft h\u1ee3p gi\u1eefa nh\u1ef1a v\u00e0 kim lo\u1ea1i, ho\u1eb7c nh\u1ef1a v\u1edbi nh\u1ef1a. Nh\u1eefng \u0111\u1eb7c \u0111i\u1ec3m ch\u00ednh bao g\u1ed3m:<\/p>\n<ul data-sourcepos=\"9:1-18:0\">\n<li data-sourcepos=\"9:1-9:183\"><strong>G\u1ed1c d\u1ea7u t\u1ed5ng h\u1ee3p (PAO) v\u00e0 ch\u1ea5t l\u00e0m \u0111\u1eb7c Lithium:<\/strong> Cung c\u1ea5p \u0111\u1ed9 \u1ed5n \u0111\u1ecbnh nhi\u1ec7t v\u00e0 oxy h\u00f3a tuy\u1ec7t v\u1eddi, gi\u00fap m\u1ee1 ho\u1ea1t \u0111\u1ed9ng b\u1ec1n b\u1ec9 trong ph\u1ea1m vi nhi\u1ec7t \u0111\u1ed9 r\u1ed9ng v\u00e0 k\u00e9o d\u00e0i tu\u1ed5i th\u1ecd s\u1eed d\u1ee5ng.<\/li>\n<li data-sourcepos=\"10:1-10:233\"><strong>T\u01b0\u01a1ng th\u00edch tuy\u1ec7t v\u1eddi v\u1edbi nh\u1ef1a:<\/strong> \u0110\u00e2y l\u00e0 \u0111i\u1ec3m m\u1ea1nh n\u1ed5i b\u1eadt nh\u1ea5t c\u1ee7a EM-50L. M\u1ee1 n\u00e0y c\u00f3 kh\u1ea3 n\u0103ng t\u01b0\u01a1ng th\u00edch cao v\u1edbi h\u1ea7u h\u1ebft c\u00e1c lo\u1ea1i nh\u1ef1a k\u1ef9 thu\u1eadt (nh\u01b0 polyacetal, polyamide), kh\u00f4ng g\u00e2y tr\u01b0\u01a1ng n\u1edf, l\u00e0m m\u1ec1m hay h\u01b0 h\u1ea1i v\u1eadt li\u1ec7u nh\u1ef1a.<\/li>\n<li data-sourcepos=\"11:1-11:200\"><strong>Gi\u1ea3m ti\u1ebfng \u1ed3n hi\u1ec7u qu\u1ea3:<\/strong> \u0110\u01b0\u1ee3c c\u00f4ng th\u1ee9c h\u00f3a \u0111\u1eb7c bi\u1ec7t \u0111\u1ec3 l\u00e0m gi\u1ea3m \u0111\u00e1ng k\u1ec3 ti\u1ebfng \u1ed3n ph\u00e1t ra t\u1eeb c\u00e1c b\u1ed9 ph\u1eadn chuy\u1ec3n \u0111\u1ed9ng, \u0111\u1eb7c bi\u1ec7t l\u00e0 <strong>b\u00e1nh r\u0103ng nh\u1ef1a<\/strong>. \u0110\u00e2y l\u00e0 m\u1ed9t lo\u1ea1i m\u1ee1 gi\u1ea3m ch\u1ea5n (damper grease).<\/li>\n<li data-sourcepos=\"12:1-12:131\"><strong>\u0110\u1ed9 b\u00e1m d\u00ednh b\u1ec1 m\u1eb7t t\u0103ng c\u01b0\u1eddng:<\/strong> C\u00f4ng th\u1ee9c \u0111\u1ed9c \u0111\u00e1o gi\u00fap m\u1ee1 b\u00e1m ch\u1eafc v\u00e0o b\u1ec1 m\u1eb7t, \u0111\u1ea3m b\u1ea3o kh\u1ea3 n\u0103ng b\u00f4i tr\u01a1n li\u00ean t\u1ee5c v\u00e0 hi\u1ec7u qu\u1ea3.<\/li>\n<li data-sourcepos=\"13:1-13:139\"><strong>\u0110\u1ed9 th\u1ea9m th\u1ea5u (seepage) th\u1ea5p:<\/strong> Gi\u1ea3m thi\u1ec3u s\u1ef1 ch\u1ea3y tr\u00e0n ho\u1eb7c r\u00f2 r\u1ec9 c\u1ee7a m\u1ee1 ra kh\u1ecfi khu v\u1ef1c b\u00f4i tr\u01a1n, duy tr\u00ec s\u1ef1 s\u1ea1ch s\u1ebd v\u00e0 tr\u00e1nh \u00f4 nhi\u1ec5m.<\/li>\n<li data-sourcepos=\"14:1-14:103\"><strong>Ph\u1ea1m vi nhi\u1ec7t \u0111\u1ed9 ho\u1ea1t \u0111\u1ed9ng r\u1ed9ng:<\/strong> Ho\u1ea1t \u0111\u1ed9ng \u1ed5n \u0111\u1ecbnh trong kho\u1ea3ng nhi\u1ec7t \u0111\u1ed9 t\u1eeb <strong>-40\u00b0C \u0111\u1ebfn +150\u00b0C<\/strong>.<\/li>\n<li data-sourcepos=\"15:1-15:128\"><strong>NLGI Grade 1:<\/strong> M\u1ee1 c\u00f3 \u0111\u1ed9 \u0111\u1eb7c kh\u00e1 m\u1ec1m (NLGI 1), ph\u00f9 h\u1ee3p cho c\u00e1c \u1ee9ng d\u1ee5ng c\u1ea7n kh\u1ea3 n\u0103ng b\u01a1m t\u1ed1t v\u00e0 b\u00f4i tr\u01a1n c\u00e1c c\u01a1 c\u1ea5u tinh vi.<\/li>\n<li data-sourcepos=\"16:1-16:93\"><strong>M\u00e0u s\u1eafc:<\/strong> Tr\u1eafng trong (translucent white), t\u1ea1o v\u1ebb s\u1ea1ch s\u1ebd v\u00e0 chuy\u00ean nghi\u1ec7p cho thi\u1ebft b\u1ecb.<\/li>\n<li data-sourcepos=\"17:1-18:0\"><strong>Kh\u00f4ng ch\u1ee9a silicone:<\/strong> \u0110i\u1ec1u n\u00e0y quan tr\u1ecdng v\u00ec silicone c\u00f3 th\u1ec3 g\u00e2y ra c\u00e1c v\u1ea5n \u0111\u1ec1 v\u1ec1 l\u1ed7i \u0111i\u1ec3m ti\u1ebfp x\u00fac ho\u1eb7c l\u00e0m b\u1ea9n c\u00e1c b\u1ec1 m\u1eb7t trong m\u1ed9t s\u1ed1 quy tr\u00ecnh s\u1ea3n xu\u1ea5t (v\u00ed d\u1ee5 nh\u01b0 s\u01a1n, m\u1ea1).<\/li>\n<li data-sourcepos=\"17:1-18:0\">\n<h3 data-sourcepos=\"21:1-21:47\"><img decoding=\"async\" title=\"mo-molykote-em-50l-1kg-b-1\" src=\"https:\/\/yenhung.com\/wp-content\/uploads\/2025\/11\/mo-molykote-em-50l-1kg-b-1.jpg\" alt=\"M\u1ee1 Molykote Em-50L (1kg)\" data-thumb=\"large\" \/><\/h3>\n<\/li>\n<li data-sourcepos=\"17:1-18:0\">\n<h3 data-sourcepos=\"21:1-21:47\">\u1ee8ng d\u1ee5ng c\u1ee7a M\u1ee1 b\u00f4i tr\u01a1n Molykote EM-50L<\/h3>\n<p data-sourcepos=\"23:1-23:166\">Molykote EM-50L \u0111\u01b0\u1ee3c s\u1eed d\u1ee5ng r\u1ed9ng r\u00e3i trong c\u00e1c ng\u00e0nh c\u00f4ng nghi\u1ec7p \u0111\u00f2i h\u1ecfi \u0111\u1ed9 ch\u00ednh x\u00e1c cao v\u00e0 kh\u1ea3 n\u0103ng gi\u1ea3m ti\u1ebfng \u1ed3n, \u0111\u1eb7c bi\u1ec7t l\u00e0 c\u00e1c thi\u1ebft b\u1ecb c\u00f3 nhi\u1ec1u chi ti\u1ebft nh\u1ef1a:<\/p>\n<\/li>\n<li data-sourcepos=\"25:1-27:59\"><strong>Thi\u1ebft b\u1ecb \u0111i\u1ec7n t\u1eed v\u00e0 nghe nh\u00ecn:<\/strong>\n<ul data-sourcepos=\"26:5-27:59\">\n<li data-sourcepos=\"26:5-26:136\">B\u00e1nh r\u0103ng v\u00e0 c\u00e1c b\u1ed9 ph\u1eadn chuy\u1ec3n \u0111\u1ed9ng trong m\u00e1y in, m\u00e1y fax, m\u00e1y photocopy, m\u00e1y \u1ea3nh, thi\u1ebft b\u1ecb \u00e2m thanh (\u0111\u1ea7u \u0111\u0129a CD, b\u0103ng cassette).<\/li>\n<li data-sourcepos=\"27:5-27:59\">C\u00e1c kh\u1edbp n\u1ed1i, ray tr\u01b0\u1ee3t trong c\u00e1c thi\u1ebft b\u1ecb ch\u00ednh x\u00e1c.<\/li>\n<\/ul>\n<\/li>\n<li data-sourcepos=\"28:1-30:65\"><strong>Ng\u00e0nh \u00f4 t\u00f4:<\/strong>\n<ul data-sourcepos=\"29:5-30:65\">\n<li data-sourcepos=\"29:5-29:113\">C\u00e1c b\u1ed9 ph\u1eadn b\u1eb1ng nh\u1ef1a trong n\u1ed9i th\u1ea5t xe (nh\u01b0 c\u01a1 c\u1ea5u \u0111i\u1ec1u khi\u1ec3n c\u1eeda s\u1ed5, g\u01b0\u01a1ng chi\u1ebfu h\u1eadu, h\u1ec7 th\u1ed1ng \u0111i\u1ec1u h\u00f2a).<\/li>\n<li data-sourcepos=\"30:5-30:65\">B\u00e1nh r\u0103ng nh\u1ef1a trong c\u00e1c m\u00f4 t\u01a1 nh\u1ecf ho\u1eb7c c\u01a1 c\u1ea5u truy\u1ec1n \u0111\u1ed9ng.<\/li>\n<\/ul>\n<\/li>\n<li data-sourcepos=\"31:1-31:152\"><strong>Thi\u1ebft b\u1ecb gia d\u1ee5ng:<\/strong> C\u00e1c thi\u1ebft b\u1ecb c\u00f3 b\u00e1nh r\u0103ng ho\u1eb7c chi ti\u1ebft nh\u1ef1a c\u1ea7n b\u00f4i tr\u01a1n \u00eam \u00e1i, gi\u1ea3m ti\u1ebfng \u1ed3n (v\u00ed d\u1ee5: m\u00e1y gi\u1eb7t, m\u00e1y h\u00fat b\u1ee5i, \u0111\u1ed3 ch\u01a1i \u0111i\u1ec7n t\u1eed).<\/li>\n<li data-sourcepos=\"32:1-32:91\"><strong>Thi\u1ebft b\u1ecb v\u0103n ph\u00f2ng:<\/strong> M\u00e1y h\u1ee7y t\u00e0i li\u1ec7u, c\u00e1c c\u01a1 c\u1ea5u chuy\u1ec3n \u0111\u1ed9ng trong m\u00e1y m\u00f3c v\u0103n ph\u00f2ng.<\/li>\n<li data-sourcepos=\"33:1-34:0\"><strong>C\u00e1c \u1ee9ng d\u1ee5ng c\u01a1 \u0111i\u1ec7n:<\/strong> B\u00f4i tr\u01a1n c\u00e1c b\u1ed9 ph\u1eadn nh\u1ef1a\/kim lo\u1ea1i trong c\u00e1c \u0111\u1ed9ng c\u01a1 \u0111i\u1ec7n nh\u1ecf, thi\u1ebft b\u1ecb t\u1ef1 \u0111\u1ed9ng h\u00f3a.v\u00e0 h\u01a1i n\u01b0\u1edbc, v\u1ed1n l\u00e0 nh\u1eefng y\u1ebfu t\u1ed1 nguy hi\u1ec3m trong tr\u01b0\u1eddng h\u1ee3p h\u1ecfa ho\u1ea1n.<\/li>\n<li data-sourcepos=\"33:1-34:0\">\n<h3><img decoding=\"async\" title=\"mo-molykote-em-50l-1kg-c-2\" src=\"https:\/\/yenhung.com\/wp-content\/uploads\/2025\/11\/mo-molykote-em-50l-1kg-c-2.jpg\" alt=\"M\u1ee1 Molykote Em-50L (1kg)\" data-thumb=\"large\" \/><\/h3>\n<\/li>\n<\/ul>\n<\/div>\n","protected":false},"excerpt":{"rendered":"<p><strong>T\u00ean sa\u0309n ph\u00e2\u0309m:\u00a0M\u1ee1 Molykote Em-50L (1kg)<\/strong><\/p>\n","protected":false},"featured_media":6547,"comment_status":"closed","ping_status":"closed","template":"","meta":[],"product_brand":[],"product_cat":[155],"product_tag":[],"class_list":{"0":"post-6546","1":"product","2":"type-product","3":"status-publish","4":"has-post-thumbnail","6":"product_cat-dupont","8":"first","9":"instock","10":"shipping-taxable","11":"product-type-simple"},"_links":{"self":[{"href":"https:\/\/yenhung.com\/index.php?rest_route=\/wp\/v2\/product\/6546","targetHints":{"allow":["GET"]}}],"collection":[{"href":"https:\/\/yenhung.com\/index.php?rest_route=\/wp\/v2\/product"}],"about":[{"href":"https:\/\/yenhung.com\/index.php?rest_route=\/wp\/v2\/types\/product"}],"replies":[{"embeddable":true,"href":"https:\/\/yenhung.com\/index.php?rest_route=%2Fwp%2Fv2%2Fcomments&post=6546"}],"wp:featuredmedia":[{"embeddable":true,"href":"https:\/\/yenhung.com\/index.php?rest_route=\/wp\/v2\/media\/6547"}],"wp:attachment":[{"href":"https:\/\/yenhung.com\/index.php?rest_route=%2Fwp%2Fv2%2Fmedia&parent=6546"}],"wp:term":[{"taxonomy":"product_brand","embeddable":true,"href":"https:\/\/yenhung.com\/index.php?rest_route=%2Fwp%2Fv2%2Fproduct_brand&post=6546"},{"taxonomy":"product_cat","embeddable":true,"href":"https:\/\/yenhung.com\/index.php?rest_route=%2Fwp%2Fv2%2Fproduct_cat&post=6546"},{"taxonomy":"product_tag","embeddable":true,"href":"https:\/\/yenhung.com\/index.php?rest_route=%2Fwp%2Fv2%2Fproduct_tag&post=6546"}],"curies":[{"name":"wp","href":"https:\/\/api.w.org\/{rel}","templated":true}]}}