{"id":6562,"date":"2025-11-10T07:17:12","date_gmt":"2025-11-10T07:17:12","guid":{"rendered":"https:\/\/yenhung.com\/?product=molykote-g-paste-2kg-hop"},"modified":"2026-02-11T04:59:03","modified_gmt":"2026-02-11T04:59:03","slug":"molykote-g-paste-2kg-hop","status":"publish","type":"product","link":"https:\/\/yenhung.com\/?product=molykote-g-paste-2kg-hop","title":{"rendered":"Molykote G-PASTE 2kg\/h\u1ed9p"},"content":{"rendered":"<div class=\"ba-text-fpt\">\n<h2><strong>Molykote G-PASTE 2kg\/h\u1ed9p<\/strong><\/h2>\n<p><strong>M\u1ee1 b\u00f4i tr\u01a1n Molykote G-Paste<\/strong> v\u1edbi quy c\u00e1ch <strong>2kg\/h\u1ed9p<\/strong>. Molykote l\u00e0 m\u1ed9t th\u01b0\u01a1ng hi\u1ec7u h\u00e0ng \u0111\u1ea7u th\u1ebf gi\u1edbi v\u1ec1 c\u00e1c gi\u1ea3i ph\u00e1p b\u00f4i tr\u01a1n chuy\u00ean d\u1ee5ng, thu\u1ed9c s\u1edf h\u1eefu c\u1ee7a DuPont (tr\u01b0\u1edbc \u0111\u00e2y l\u00e0 Dow Corning).<\/p>\n<p><img decoding=\"async\" title=\"molykote-g-paste-2kg-a-1\" src=\"https:\/\/yenhung.com\/wp-content\/uploads\/2025\/11\/molykote-g-paste-2kg-a-1.jpg\" alt=\"Molykote G-PASTE 2kg\/h\u1ed9p\" data-thumb=\"large\" \/><\/p>\n<p data-sourcepos=\"9:1-9:99\">Molykote G-Paste l\u00e0 m\u1ed9t lo\u1ea1i ch\u1ea5t b\u00f4i tr\u01a1n r\u1eafn (d\u1ea1ng paste) hi\u1ec7u su\u1ea5t cao v\u1edbi c\u00e1c \u0111\u1eb7c t\u00ednh n\u1ed5i b\u1eadt:<\/p>\n<ul data-sourcepos=\"11:1-23:0\">\n<li data-sourcepos=\"11:1-11:354\"><strong>Th\u00e0nh ph\u1ea7n ch\u00ednh:<\/strong> G\u1ed3m d\u1ea7u kho\u00e1ng l\u00e0m n\u1ec1n, ch\u1ea5t l\u00e0m \u0111\u1eb7c g\u1ed1c x\u00e0 ph\u00f2ng Lithium, v\u00e0 quan tr\u1ecdng nh\u1ea5t l\u00e0 h\u00e0m l\u01b0\u1ee3ng cao c\u00e1c h\u1ea1t b\u00f4i tr\u01a1n r\u1eafn nh\u01b0 <strong>Molypden Disulfide (MoS2 &#8211; Moly)<\/strong> v\u00e0 m\u1ed9t s\u1ed1 ch\u1ea5t r\u1eafn m\u00e0u tr\u1eafng kh\u00e1c. C\u00e1c h\u1ea1t r\u1eafn n\u00e0y gi\u00fap t\u1ea1o ra m\u1ed9t l\u1edbp m\u00e0ng b\u00f4i tr\u01a1n b\u1ec1n v\u1eefng ngay c\u1ea3 khi l\u1edbp d\u1ea7u n\u1ec1n \u0111\u00e3 b\u1ecb lo\u1ea1i b\u1ecf d\u01b0\u1edbi \u0111i\u1ec1u ki\u1ec7n t\u1ea3i tr\u1ecdng v\u00e0 nhi\u1ec7t \u0111\u1ed9 cao.<\/li>\n<li data-sourcepos=\"12:1-12:281\"><strong>Ch\u1ed1ng k\u1eb9t v\u00e0 b\u00f3 ch\u1eb7t (Anti-seize):<\/strong> \u0110\u00e2y l\u00e0 c\u00f4ng d\u1ee5ng ch\u00ednh c\u1ee7a G-Paste. N\u00f3 c\u1ef1c k\u1ef3 hi\u1ec7u qu\u1ea3 trong vi\u1ec7c ng\u0103n ch\u1eb7n hi\u1ec7n t\u01b0\u1ee3ng k\u1eb9t, b\u00f3 ch\u1eb7t, tr\u1ea7y x\u01b0\u1edbc v\u00e0 \u0103n m\u00f2n ma s\u00e1t (fretting corrosion) gi\u1eefa c\u00e1c b\u1ec1 m\u1eb7t kim lo\u1ea1i khi ch\u1ecbu t\u1ea3i tr\u1ecdng c\u1ef1c l\u1edbn v\u00e0\/ho\u1eb7c chuy\u1ec3n \u0111\u1ed9ng ch\u1eadm ho\u1eb7c dao \u0111\u1ed9ng.<\/li>\n<li data-sourcepos=\"13:1-13:140\"><strong>Ch\u1ecbu t\u1ea3i tr\u1ecdng c\u1ef1c cao:<\/strong> C\u00f3 kh\u1ea3 n\u0103ng ch\u1ecbu t\u1ea3i tr\u1ecdng r\u1ea5t l\u1edbn (\u0111\u1ea1t t\u1edbi t\u1ea3i h\u00e0n 14700N), l\u00fd t\u01b0\u1edfng cho c\u00e1c \u1ee9ng d\u1ee5ng c\u00f3 \u00e1p l\u1ef1c ti\u1ebfp x\u00fac cao.<\/li>\n<li data-sourcepos=\"14:1-14:111\"><strong>H\u1ec7 s\u1ed1 ma s\u00e1t th\u1ea5p:<\/strong> Gi\u00fap gi\u1ea3m ma s\u00e1t \u0111\u00e1ng k\u1ec3 ngay c\u1ea3 d\u01b0\u1edbi t\u1ea3i tr\u1ecdng cao, k\u00e9o d\u00e0i tu\u1ed5i th\u1ecd c\u1ee7a c\u00e1c b\u1ed9 ph\u1eadn.<\/li>\n<li data-sourcepos=\"15:1-17:271\"><strong>Ph\u1ea1m vi nhi\u1ec7t \u0111\u1ed9 ho\u1ea1t \u0111\u1ed9ng r\u1ed9ng:<\/strong>\n<ul data-sourcepos=\"16:5-17:271\">\n<li data-sourcepos=\"16:5-16:68\">Nhi\u1ec7t \u0111\u1ed9 ho\u1ea1t \u0111\u1ed9ng c\u1ee7a d\u1ea7u g\u1ed1c l\u00e0 kho\u1ea3ng <strong>-20\u00b0C \u0111\u1ebfn +120\u00b0C<\/strong>.<\/li>\n<li data-sourcepos=\"17:5-17:271\">Tuy nhi\u00ean, c\u00e1c h\u1ea1t b\u00f4i tr\u01a1n r\u1eafn (MoS2) c\u00f3 th\u1ec3 duy tr\u00ec kh\u1ea3 n\u0103ng b\u00f4i tr\u01a1n l\u00ean \u0111\u1ebfn <strong>+400\u00b0C<\/strong> trong m\u00f4i tr\u01b0\u1eddng c\u00f3 kh\u00f4ng kh\u00ed v\u00e0 th\u1eadm ch\u00ed l\u00ean \u0111\u1ebfn <strong>+1100\u00b0C<\/strong> trong m\u00f4i tr\u01b0\u1eddng kh\u00f4ng c\u00f3 kh\u00f4ng kh\u00ed (v\u00ed d\u1ee5: ch\u00e2n kh\u00f4ng ho\u1eb7c kh\u00ed tr\u01a1) sau khi d\u1ea7u g\u1ed1c \u0111\u00e3 bay h\u01a1i ho\u1eb7c carbon h\u00f3a.<\/li>\n<\/ul>\n<\/li>\n<li data-sourcepos=\"18:1-18:69\"><strong>Ch\u1ed1ng \u0103n m\u00f2n:<\/strong> B\u1ea3o v\u1ec7 c\u00e1c b\u1ec1 m\u1eb7t kim lo\u1ea1i kh\u1ecfi r\u1ec9 s\u00e9t v\u00e0 \u0103n m\u00f2n.<\/li>\n<li data-sourcepos=\"19:1-19:115\"><strong>Gi\u1ea3m hi\u1ec7n t\u01b0\u1ee3ng Stick-Slip (tr\u01b0\u1ee3t d\u00ednh):<\/strong> Gi\u00fap c\u00e1c chuy\u1ec3n \u0111\u1ed9ng di\u1ec5n ra m\u01b0\u1ee3t m\u00e0, ng\u0103n ng\u1eeba hi\u1ec7n t\u01b0\u1ee3ng gi\u1eadt c\u1ee5c.<\/li>\n<li data-sourcepos=\"20:1-20:167\"><strong>D\u1ec5 d\u00e0ng th\u00e1o r\u1eddi:<\/strong> T\u1ea1o \u0111i\u1ec1u ki\u1ec7n thu\u1eadn l\u1ee3i cho vi\u1ec7c th\u00e1o r\u1eddi c\u00e1c b\u1ed9 ph\u1eadn ngay c\u1ea3 sau th\u1eddi gian d\u00e0i ho\u1ea1t \u0111\u1ed9ng d\u01b0\u1edbi t\u1ea3i tr\u1ecdng cao ho\u1eb7c trong m\u00f4i tr\u01b0\u1eddng kh\u1eafc nghi\u1ec7t.<\/li>\n<li data-sourcepos=\"21:1-21:41\"><strong>M\u00e0u s\u1eafc:<\/strong> Th\u01b0\u1eddng c\u00f3 m\u00e0u <strong>\u0111en x\u00e1m<\/strong>.<\/li>\n<li data-sourcepos=\"22:1-23:0\"><strong>Quy c\u00e1ch \u0111\u00f3ng g\u00f3i:<\/strong> Ph\u1ed5 bi\u1ebfn l\u00e0 h\u1ed9p <strong>1kg, 2kg, 5kg<\/strong>, v\u00e0 c\u00e1c d\u1ea1ng kh\u00e1c nh\u01b0 tu\u00fdp 50g ho\u1eb7c b\u00ecnh x\u1ecbt 400ml.<br \/>\n<h3 data-sourcepos=\"26:1-26:36\">\u1ee8ng d\u1ee5ng c\u1ee7a Molykote G-Paste<\/h3>\n<\/li>\n<li data-sourcepos=\"22:1-23:0\">\n<p data-sourcepos=\"28:1-28:135\"><img decoding=\"async\" title=\"molykote-g-paste-2kg-b-2\" src=\"https:\/\/yenhung.com\/wp-content\/uploads\/2025\/11\/molykote-g-paste-2kg-b-2.jpg\" alt=\"Molykote G-PASTE 2kg\/h\u1ed9p\" data-thumb=\"large\" \/><\/p>\n<\/li>\n<li data-sourcepos=\"22:1-23:0\">\n<p data-sourcepos=\"28:1-28:135\">Molykote G-Paste \u0111\u01b0\u1ee3c s\u1eed d\u1ee5ng r\u1ed9ng r\u00e3i trong c\u00e1c \u1ee9ng d\u1ee5ng c\u00f4ng nghi\u1ec7p n\u1eb7ng, n\u01a1i c\u00e1c lo\u1ea1i d\u1ea7u m\u1ee1 th\u00f4ng th\u01b0\u1eddng kh\u00f4ng \u0111\u1ee7 kh\u1ea3 n\u0103ng \u0111\u00e1p \u1ee9ng:<\/p>\n<\/li>\n<li data-sourcepos=\"30:1-30:188\"><strong>L\u1eafp r\u00e1p \u00e9p (Press-fitting):<\/strong> D\u00f9ng \u0111\u1ec3 b\u00f4i tr\u01a1n v\u00e0 h\u1ed7 tr\u1ee3 l\u1eafp r\u00e1p c\u00e1c chi ti\u1ebft m\u00e1y b\u1eb1ng ph\u01b0\u01a1ng ph\u00e1p \u00e9p, ch\u1eb3ng h\u1ea1n nh\u01b0 l\u1eafp v\u00f2ng bi, b\u00e1nh r\u0103ng, tr\u1ee5c, ho\u1eb7c c\u00e1c chi ti\u1ebft c\u00f3 \u0111\u1ed9 v\u1eeba kh\u00edt cao.<\/li>\n<li data-sourcepos=\"31:1-31:164\"><strong>B\u00f4i tr\u01a1n ch\u1ea1y r\u00e0 (Running-in lubricant):<\/strong> S\u1eed d\u1ee5ng l\u00e0m ch\u1ea5t b\u00f4i tr\u01a1n ban \u0111\u1ea7u cho c\u00e1c m\u00e1y m\u00f3c v\u00e0 h\u1ed9p s\u1ed1 m\u1edbi, gi\u00fap gi\u1ea3m m\u00e0i m\u00f2n trong giai \u0111o\u1ea1n kh\u1edfi \u0111\u1ed9ng ban \u0111\u1ea7u.<\/li>\n<li data-sourcepos=\"32:1-32:175\"><strong>B\u00f4i tr\u01a1n v\u0129nh vi\u1ec5n:<\/strong> \u0110\u1ed1i v\u1edbi c\u00e1c b\u1ed9 ph\u1eadn m\u00e1y m\u00f3c ch\u1ec9 di chuy\u1ec3n \u00edt ho\u1eb7c chuy\u1ec3n \u0111\u1ed9ng nh\u1eb9 nh\u00e0ng, nh\u01b0ng ch\u1ecbu t\u1ea3i tr\u1ecdng cao (v\u00ed d\u1ee5: c\u00e1c kh\u1edbp n\u1ed1i, b\u1ea3n l\u1ec1, c\u00e1c b\u1ed9 ph\u1eadn c\u1ee7a van).<\/li>\n<li data-sourcepos=\"33:1-33:177\"><strong>C\u00e1c \u1ee9ng d\u1ee5ng c\u00f3 ren v\u00e0 bu l\u00f4ng:<\/strong> B\u00f4i tr\u01a1n tr\u1ee5c ren, tr\u1ee5c c\u00f3 r\u0103ng, bu l\u00f4ng, \u0111ai \u1ed1c \u0111\u1ec3 ng\u0103n ng\u1eeba k\u1eb9t ren, \u0111\u1eb7c bi\u1ec7t trong c\u00e1c m\u1ed1i n\u1ed1i ph\u1ea3i ch\u1ecbu t\u1ea3i tr\u1ecdng n\u1eb7ng v\u00e0 nhi\u1ec7t \u0111\u1ed9 cao.<\/li>\n<li data-sourcepos=\"34:1-34:72\"><strong>Gia c\u00f4ng kim lo\u1ea1i:<\/strong> D\u00f9ng trong c\u00e1c quy tr\u00ecnh khoan, c\u01b0a v\u00e0 c\u1eaft ren.<\/li>\n<li data-sourcepos=\"35:1-36:0\"><strong>C\u00e1c chi ti\u1ebft chuy\u1ec3n \u0111\u1ed9ng ch\u1eadm, ch\u1ecbu t\u1ea3i cao:<\/strong> B\u00f4i tr\u01a1n cho b\u00e1nh r\u0103ng, b\u00e1nh r\u0103ng v\u00edt, v\u00edt di chuy\u1ec3n, kh\u1edbp n\u1ed1i, b\u01a1m, thanh d\u1eabn tr\u00ean m\u00e1y c\u00f4ng c\u1ee5, v.v.<\/li>\n<\/ul>\n<\/div>\n","protected":false},"excerpt":{"rendered":"<p>T\u00ean sa\u0309n ph\u00e2\u0309m:\u00a0Molykote G-PASTE 2kg\/h\u1ed9p<\/p>\n","protected":false},"featured_media":6563,"comment_status":"closed","ping_status":"closed","template":"","meta":[],"product_brand":[],"product_cat":[155],"product_tag":[],"class_list":{"0":"post-6562","1":"product","2":"type-product","3":"status-publish","4":"has-post-thumbnail","6":"product_cat-dupont","8":"first","9":"instock","10":"shipping-taxable","11":"product-type-simple"},"_links":{"self":[{"href":"https:\/\/yenhung.com\/index.php?rest_route=\/wp\/v2\/product\/6562","targetHints":{"allow":["GET"]}}],"collection":[{"href":"https:\/\/yenhung.com\/index.php?rest_route=\/wp\/v2\/product"}],"about":[{"href":"https:\/\/yenhung.com\/index.php?rest_route=\/wp\/v2\/types\/product"}],"replies":[{"embeddable":true,"href":"https:\/\/yenhung.com\/index.php?rest_route=%2Fwp%2Fv2%2Fcomments&post=6562"}],"wp:featuredmedia":[{"embeddable":true,"href":"https:\/\/yenhung.com\/index.php?rest_route=\/wp\/v2\/media\/6563"}],"wp:attachment":[{"href":"https:\/\/yenhung.com\/index.php?rest_route=%2Fwp%2Fv2%2Fmedia&parent=6562"}],"wp:term":[{"taxonomy":"product_brand","embeddable":true,"href":"https:\/\/yenhung.com\/index.php?rest_route=%2Fwp%2Fv2%2Fproduct_brand&post=6562"},{"taxonomy":"product_cat","embeddable":true,"href":"https:\/\/yenhung.com\/index.php?rest_route=%2Fwp%2Fv2%2Fproduct_cat&post=6562"},{"taxonomy":"product_tag","embeddable":true,"href":"https:\/\/yenhung.com\/index.php?rest_route=%2Fwp%2Fv2%2Fproduct_tag&post=6562"}],"curies":[{"name":"wp","href":"https:\/\/api.w.org\/{rel}","templated":true}]}}