{"id":6576,"date":"2025-11-10T07:17:21","date_gmt":"2025-11-10T07:17:21","guid":{"rendered":"https:\/\/yenhung.com\/?product=mo-molykote-sh-44-m-1kg"},"modified":"2026-02-11T04:57:29","modified_gmt":"2026-02-11T04:57:29","slug":"mo-molykote-sh-44-m-1kg","status":"publish","type":"product","link":"https:\/\/yenhung.com\/?product=mo-molykote-sh-44-m-1kg","title":{"rendered":"M\u1ee1 Molykote SH 44 M (1kg)"},"content":{"rendered":"<div class=\"ba-text-fpt\">\n<h2><strong>M\u1ee1 Molykote SH 44 M (1kg)<\/strong><\/h2>\n<p>M\u1ee1 Molykote SH 44M (1kg) th\u1ef1c t\u1ebf l\u00e0 <b>Molykote SH 44 M Grease<\/b>. \u0110\u00e2y l\u00e0 m\u1ed9t lo\u1ea1i <b>m\u1ee1 silicone<\/b> ch\u1ecbu nhi\u1ec7t \u0111\u1ed9 cao, c\u00f3 c\u00e1c \u0111\u1eb7c \u0111i\u1ec3m v\u00e0 \u1ee9ng d\u1ee5ng sau:<\/p>\n<p><b>\u0110\u1eb7c \u0111i\u1ec3m ch\u00ednh:<\/b><\/p>\n<p><b><img decoding=\"async\" title=\"molykote-sh-44m-3-1\" src=\"https:\/\/yenhung.com\/wp-content\/uploads\/2025\/11\/molykote-sh-44m-3-1.jpg\" alt=\"M\u1ee1 Molykote SH 44 M (1kg)\" data-thumb=\"large\" \/><\/b><\/p>\n<ul>\n<li><b>Ch\u1ecbu nhi\u1ec7t \u0111\u1ed9 r\u1ed9ng:<\/b> Ho\u1ea1t \u0111\u1ed9ng hi\u1ec7u qu\u1ea3 trong kho\u1ea3ng nhi\u1ec7t \u0111\u1ed9 t\u1eeb <b>-40\u00b0C \u0111\u1ebfn 200\u00b0C<\/b>.<\/li>\n<li><b>Ch\u1ed1ng oxy h\u00f3a tuy\u1ec7t v\u1eddi.<\/b><\/li>\n<li><b>\u0110\u1ed9 bay h\u01a1i th\u1ea5p.<\/b><\/li>\n<li><b>Kh\u1ea3 n\u0103ng ch\u1ecbu n\u01b0\u1edbc t\u1ed1t.<\/b><\/li>\n<li><b>T\u01b0\u01a1ng th\u00edch v\u1edbi nhi\u1ec1u lo\u1ea1i nh\u1ef1a.<\/b><\/li>\n<li><b>M\u00e0u tr\u1eafng.<\/b><\/li>\n<li><b>\u0110\u1ed9 xuy\u00ean kim:<\/b> NLGI 2-3 (t\u00f9y thu\u1ed9c v\u00e0o ngu\u1ed3n). M\u1ed9t s\u1ed1 ngu\u1ed3n ghi l\u00e0 NLGI 2, m\u1ed9t s\u1ed1 kh\u00e1c l\u00e0 NLGI 2-3.<\/li>\n<li><b>D\u1ea7u g\u1ed1c:<\/b> D\u1ea7u silicone.<\/li>\n<li><b>Ch\u1ea5t l\u00e0m \u0111\u1eb7c:<\/b> Lithium soap.<\/li>\n<li><b>Kh\u00f4ng ch\u1ee9a ch\u1ea5t b\u00f4i tr\u01a1n r\u1eafn (nh\u01b0 MoS\u2082).<\/b> M\u1ed9t s\u1ed1 ngu\u1ed3n c\u00f3 th\u1ec3 nh\u1ea7m l\u1eabn v\u1edbi c\u00e1c s\u1ea3n ph\u1ea9m Molykote kh\u00e1c c\u00f3 ch\u1ee9a MoS\u2082.<\/li>\n<\/ul>\n<p><b>\u1ee8ng d\u1ee5ng ti\u00eau bi\u1ec3u:<\/b><\/p>\n<p><b><img decoding=\"async\" title=\"44m-3-1\" src=\"https:\/\/yenhung.com\/wp-content\/uploads\/2025\/11\/44m-3-1.jpg\" alt=\"M\u1ee1 Molykote SH 44 M (1kg)\" data-thumb=\"large\" \/><\/b><\/p>\n<ul>\n<li><b>B\u00f4i tr\u01a1n v\u00f2ng bi:<\/b> \u0110\u1eb7c bi\u1ec7t ph\u00f9 h\u1ee3p cho v\u00f2ng bi ho\u1ea1t \u0111\u1ed9ng \u1edf nhi\u1ec7t \u0111\u1ed9 cao nh\u01b0:\n<ul>\n<li>V\u00f2ng bi trong l\u00f2 n\u01b0\u1edbng.<\/li>\n<li>M\u00e1y s\u1ea5y th\u1ed5i.<\/li>\n<li>B\u0103ng t\u1ea3i.<\/li>\n<li>B\u1ed9 ph\u1eadn gia nhi\u1ec7t tr\u01b0\u1edbc l\u00f2 nung.<\/li>\n<\/ul>\n<\/li>\n<li><b>V\u00f2ng bi ly h\u1ee3p \u00f4 t\u00f4.<\/b><\/li>\n<li><b>C\u00e1c b\u1ed9 ph\u1eadn b\u1eb1ng nh\u1ef1a.<\/b><\/li>\n<li><b>Ph\u1ee5 t\u00f9ng \u00f4 t\u00f4, b\u1ed9 ph\u1eadn phanh v\u00e0 c\u1ea7n s\u1ed1.<\/b><\/li>\n<li><b>Ch\u1ea5t \u0111\u00e0n h\u1ed3i cao su v\u00e0 elastomer nh\u01b0 van, v\u00f2ng \u0111\u1ec7m, O-ring.<\/b><\/li>\n<\/ul>\n<p><b>Th\u00f4ng s\u1ed1 k\u1ef9 thu\u1eadt (th\u00f4ng th\u01b0\u1eddng):<\/b><\/p>\n<p><b><img decoding=\"async\" title=\"44m-2-2\" src=\"https:\/\/yenhung.com\/wp-content\/uploads\/2025\/11\/44m-2-2.jpg\" alt=\"M\u1ee1 Molykote SH 44 M (1kg)\" data-thumb=\"large\" \/><\/b><\/p>\n<ul>\n<li><b>M\u00e0u s\u1eafc:<\/b> Tr\u1eafng \u0111\u1ebfn tr\u1eafng ng\u00e0. M\u1ed9t s\u1ed1 t\u00e0i li\u1ec7u c\u0169 c\u00f3 th\u1ec3 ghi l\u00e0 m\u00e0u n\u00e2u \u0111\u1ecf (c\u00f3 th\u1ec3 l\u00e0 phi\u00ean b\u1ea3n c\u0169 ho\u1eb7c nh\u1ea7m l\u1eabn).<\/li>\n<li><b>\u0110\u1ed9 nh\u1ecf gi\u1ecdt:<\/b> Kho\u1ea3ng 204\u00b0C \u0111\u1ebfn 225\u00b0C (t\u00f9y ngu\u1ed3n).<\/li>\n<li><b>T\u1ef7 tr\u1ecdng:<\/b> Kho\u1ea3ng 1.0 g\/cm\u00b3.<\/li>\n<li><b>\u0110\u1ed9 t\u00e1ch d\u1ea7u (\u1edf 150\u00b0C, 24 gi\u1edd):<\/b> Kho\u1ea3ng 1.3% \u0111\u1ebfn 2.5% (t\u00f9y ngu\u1ed3n).<\/li>\n<li><b>\u0110\u1ed9 bay h\u01a1i (\u1edf 150\u00b0C, 24 gi\u1edd):<\/b> Kho\u1ea3ng 1.2% \u0111\u1ebfn 2.0% (t\u00f9y ngu\u1ed3n).<\/li>\n<li><b>\u1ed4n \u0111\u1ecbnh oxy h\u00f3a (\u1edf 99\u00b0C, 500 gi\u1edd):<\/b> Kho\u1ea3ng 0.01 MPa.<\/li>\n<li><b>Gi\u00e1 tr\u1ecb Dn t\u1ed1i \u0111a:<\/b> Kho\u1ea3ng 300,000 mm\/ph\u00fat.<\/li>\n<\/ul>\n<p><b>L\u01b0u \u00fd khi s\u1eed d\u1ee5ng v\u00e0 b\u1ea3o qu\u1ea3n:<\/b><\/p>\n<ul>\n<li>L\u00e0m s\u1ea1ch b\u1ec1 m\u1eb7t b\u00f4i tr\u01a1n tr\u01b0\u1edbc khi thoa m\u1ee1.<\/li>\n<li>Thoa m\u1ee1 b\u1eb1ng ch\u1ed5i ho\u1eb7c thi\u1ebft b\u1ecb b\u00f4i tr\u01a1n t\u1ef1 \u0111\u1ed9ng.<\/li>\n<li>B\u1ea3o qu\u1ea3n \u1edf n\u01a1i kh\u00f4 r\u00e1o, tho\u00e1ng m\u00e1t, tr\u00e1nh \u00e1nh n\u1eafng tr\u1ef1c ti\u1ebfp v\u00e0 nhi\u1ec7t \u0111\u1ed9 cao.<\/li>\n<li>Th\u1eddi h\u1ea1n s\u1eed d\u1ee5ng th\u01b0\u1eddng l\u00e0 36 th\u00e1ng k\u1ec3 t\u1eeb ng\u00e0y s\u1ea3n xu\u1ea5t khi \u0111\u01b0\u1ee3c b\u1ea3o qu\u1ea3n \u0111\u00fang c\u00e1ch trong th\u00f9ng ch\u1ee9a ban \u0111\u1ea7u ch\u01b0a m\u1edf (\u1edf nhi\u1ec7t \u0111\u1ed9 d\u01b0\u1edbi 20\u00b0C).<\/li>\n<\/ul>\n<\/div>\n","protected":false},"excerpt":{"rendered":"<p>T\u00ean sa\u0309n ph\u00e2\u0309m:\u00a0M\u1ee1 Molykote SH 44M (1kg)<\/p>\n","protected":false},"featured_media":6577,"comment_status":"closed","ping_status":"closed","template":"","meta":[],"product_brand":[],"product_cat":[155],"product_tag":[],"class_list":{"0":"post-6576","1":"product","2":"type-product","3":"status-publish","4":"has-post-thumbnail","6":"product_cat-dupont","8":"first","9":"instock","10":"shipping-taxable","11":"product-type-simple"},"_links":{"self":[{"href":"https:\/\/yenhung.com\/index.php?rest_route=\/wp\/v2\/product\/6576","targetHints":{"allow":["GET"]}}],"collection":[{"href":"https:\/\/yenhung.com\/index.php?rest_route=\/wp\/v2\/product"}],"about":[{"href":"https:\/\/yenhung.com\/index.php?rest_route=\/wp\/v2\/types\/product"}],"replies":[{"embeddable":true,"href":"https:\/\/yenhung.com\/index.php?rest_route=%2Fwp%2Fv2%2Fcomments&post=6576"}],"wp:featuredmedia":[{"embeddable":true,"href":"https:\/\/yenhung.com\/index.php?rest_route=\/wp\/v2\/media\/6577"}],"wp:attachment":[{"href":"https:\/\/yenhung.com\/index.php?rest_route=%2Fwp%2Fv2%2Fmedia&parent=6576"}],"wp:term":[{"taxonomy":"product_brand","embeddable":true,"href":"https:\/\/yenhung.com\/index.php?rest_route=%2Fwp%2Fv2%2Fproduct_brand&post=6576"},{"taxonomy":"product_cat","embeddable":true,"href":"https:\/\/yenhung.com\/index.php?rest_route=%2Fwp%2Fv2%2Fproduct_cat&post=6576"},{"taxonomy":"product_tag","embeddable":true,"href":"https:\/\/yenhung.com\/index.php?rest_route=%2Fwp%2Fv2%2Fproduct_tag&post=6576"}],"curies":[{"name":"wp","href":"https:\/\/api.w.org\/{rel}","templated":true}]}}