{"id":6638,"date":"2025-11-10T07:18:13","date_gmt":"2025-11-10T07:18:13","guid":{"rendered":"https:\/\/yenhung.com\/?product=mo-dan-dien-molykote-hsc-plus-paste-1kg"},"modified":"2026-02-11T04:53:11","modified_gmt":"2026-02-11T04:53:11","slug":"mo-dan-dien-molykote-hsc-plus-paste-1kg","status":"publish","type":"product","link":"https:\/\/yenhung.com\/?product=mo-dan-dien-molykote-hsc-plus-paste-1kg","title":{"rendered":"M\u1ee1 d\u1eabn \u0111i\u1ec7n MOLYKOTE HSC Plus Paste 1kg"},"content":{"rendered":"<div class=\"ba-text-fpt\">\n<h2 data-sourcepos=\"1:1-1:93\">Molykote HSC Plus Paste 1kg: Gi\u1ea3i ph\u00e1p b\u00f4i tr\u01a1n hi\u1ec7u su\u1ea5t cao cho c\u00e1c \u1ee9ng d\u1ee5ng kh\u1eafc nghi\u1ec7t<\/h2>\n<p><img decoding=\"async\" title=\"mo-dan-dien-molykote-hsc-plus-paste-1kg-d-1750299915558-2\" src=\"https:\/\/yenhung.com\/wp-content\/uploads\/2025\/11\/mo-dan-dien-molykote-hsc-plus-paste-1kg-d-1750299915558-2.jpg\" alt=\"M\u1ee1 d\u1eabn \u0111i\u1ec7n MOLYKOTE HSC Plus Paste 1kg\" data-thumb=\"large\" \/><\/p>\n<p data-sourcepos=\"3:1-3:330\"><strong>Molykote HSC Plus Paste 1kg<\/strong> l\u00e0 m\u1ed9t lo\u1ea1i m\u1ee1 ch\u1ed1ng k\u1eb9t hi\u1ec7u su\u1ea5t cao \u0111\u01b0\u1ee3c pha ch\u1ebf t\u1eeb d\u1ea7u kho\u00e1ng ch\u1ea5t l\u01b0\u1ee3ng cao v\u00e0 m\u1ed9t s\u1ed1 ch\u1ea5t ph\u1ee5 gia b\u00f4i tr\u01a1n r\u1eafn \u0111\u1ec3 t\u0103ng c\u01b0\u1eddng kh\u1ea3 n\u0103ng ch\u1ecbu t\u1ea3i, ch\u1ed1ng \u0103n m\u00f2n v\u00e0 \u1ed5n \u0111\u1ecbnh nhi\u1ec7t. S\u1ea3n ph\u1ea9m n\u00e0y \u0111\u01b0\u1ee3c s\u1eed d\u1ee5ng r\u1ed9ng r\u00e3i trong c\u00e1c ng\u00e0nh c\u00f4ng nghi\u1ec7p, \u0111\u1eb7c bi\u1ec7t l\u00e0 trong c\u00e1c \u0111i\u1ec1u ki\u1ec7n l\u00e0m vi\u1ec7c kh\u1eafc nghi\u1ec7t.<\/p>\n<h3 data-sourcepos=\"5:1-5:48\">\u01afu \u0111i\u1ec3m n\u1ed5i b\u1eadt c\u1ee7a Molykote HSC Plus Paste:<\/h3>\n<p><img decoding=\"async\" title=\"mo-dan-dien-molykote-hsc-plus-paste-1kg-c-1750299916355-1\" src=\"https:\/\/yenhung.com\/wp-content\/uploads\/2025\/11\/mo-dan-dien-molykote-hsc-plus-paste-1kg-c-1750299916355-1.jpg\" alt=\"M\u1ee1 d\u1eabn \u0111i\u1ec7n MOLYKOTE HSC Plus Paste 1kg\" data-thumb=\"large\" \/><\/p>\n<ul data-sourcepos=\"7:1-9:103\">\n<li data-sourcepos=\"7:1-7:190\"><strong>Kh\u1ea3 n\u0103ng ch\u1ecbu nhi\u1ec7t cao:<\/strong> S\u1ea3n ph\u1ea9m c\u00f3 th\u1ec3 ho\u1ea1t \u0111\u1ed9ng hi\u1ec7u qu\u1ea3 trong m\u1ed9t ph\u1ea1m vi nhi\u1ec7t \u0111\u1ed9 r\u1ed9ng, t\u1eeb -30\u00b0C \u0111\u1ebfn 1.100\u00b0C, gi\u00fap b\u1ea3o v\u1ec7 c\u00e1c b\u1ed9 ph\u1eadn m\u00e1y m\u00f3c trong \u0111i\u1ec1u ki\u1ec7n nhi\u1ec7t \u0111\u1ed9 kh\u1eafc nghi\u1ec7t.<\/li>\n<li data-sourcepos=\"8:1-8:155\"><strong>Kh\u1ea3 n\u0103ng ch\u1ecbu t\u1ea3i cao:<\/strong> Molykote HSC Plus Paste c\u00f3 kh\u1ea3 n\u0103ng ch\u1ecbu t\u1ea3i tr\u1ecdng l\u1edbn, gi\u1ea3m ma s\u00e1t v\u00e0 m\u00e0i m\u00f2n, gi\u00fap k\u00e9o d\u00e0i tu\u1ed5i th\u1ecd c\u1ee7a c\u00e1c b\u1ed9 ph\u1eadn m\u00e1y m\u00f3c.<\/li>\n<li data-sourcepos=\"9:1-9:103\"><strong>Ch\u1ed1ng \u0103n m\u00f2n:<\/strong> S\u1ea3n ph\u1ea9m c\u00f3 kh\u1ea3 n\u0103ng ch\u1ed1ng \u0103n m\u00f2n t\u1ed1t, b\u1ea3o v\u1ec7 c\u00e1c b\u1ec1 m\u1eb7t kim lo\u1ea1i kh\u1ecfi t\u00e1c \u0111\u1ed9ng c\u1ee7a m\u00f4i tr\u01b0\u1eddng \u1ea9m \u01b0\u1edbt, h\u00f3a ch\u1ea5t v\u00e0 c\u00e1c y\u1ebfu t\u1ed1 \u0103n m\u00f2n kh\u00e1c.<\/li>\n<li data-sourcepos=\"10:1-10:131\"><strong>\u1ed4n \u0111\u1ecbnh h\u00f3a h\u1ecdc:<\/strong> Molykote HSC Plus Paste c\u00f3 t\u00ednh \u1ed5n \u0111\u1ecbnh h\u00f3a h\u1ecdc cao, kh\u00f4ng b\u1ecb ch\u1ea3y, r\u1ec9 ho\u1eb7c bay h\u01a1i trong qu\u00e1 tr\u00ecnh s\u1eed d\u1ee5ng.<\/li>\n<li data-sourcepos=\"11:1-12:0\"><strong>D\u1ec5 s\u1eed d\u1ee5ng:<\/strong> S\u1ea3n ph\u1ea9m c\u00f3 d\u1ea1ng paste, d\u1ec5 d\u00e0ng b\u00f4i tr\u01a1n l\u00ean c\u00e1c b\u1ec1 m\u1eb7t c\u1ea7n thi\u1ebft.<\/li>\n<\/ul>\n<h3 data-sourcepos=\"13:1-13:13\">\u1ee8ng d\u1ee5ng:<\/h3>\n<p><img decoding=\"async\" title=\"mo-dan-dien-molykote-hsc-plus-paste-1kg-a-1750300106759-1\" src=\"https:\/\/yenhung.com\/wp-content\/uploads\/2025\/11\/mo-dan-dien-molykote-hsc-plus-paste-1kg-a-1750300106759-1.jpg\" alt=\"M\u1ee1 d\u1eabn \u0111i\u1ec7n MOLYKOTE HSC Plus Paste 1kg\" data-thumb=\"large\" \/><\/p>\n<ul data-sourcepos=\"15:1-19:0\">\n<li data-sourcepos=\"15:1-15:124\"><strong>Ng\u00e0nh c\u00f4ng nghi\u1ec7p:<\/strong> B\u00f4i tr\u01a1n cho c\u00e1c m\u1ed1i n\u1ed1i bu l\u00f4ng, \u0111ai \u1ed1c, tr\u1ee5c v\u00edt trong c\u00e1c \u0111i\u1ec1u ki\u1ec7n nhi\u1ec7t \u0111\u1ed9 cao v\u00e0 \u00e1p su\u1ea5t l\u1edbn.<\/li>\n<li data-sourcepos=\"16:1-16:93\"><strong>Ng\u00e0nh \u00f4 t\u00f4:<\/strong> B\u00f4i tr\u01a1n cho c\u00e1c b\u1ed9 ph\u1eadn truy\u1ec1n \u0111\u1ed9ng, h\u1ec7 th\u1ed1ng phanh, c\u00e1c m\u1ed1i n\u1ed1i ch\u1ecbu t\u1ea3i.<\/li>\n<li data-sourcepos=\"17:1-17:90\"><strong>Ng\u00e0nh h\u00e0ng kh\u00f4ng:<\/strong> B\u00f4i tr\u01a1n cho c\u00e1c b\u1ed9 ph\u1eadn m\u00e1y bay nh\u01b0 \u0111\u1ed9ng c\u01a1, h\u1ec7 th\u1ed1ng \u0111i\u1ec1u khi\u1ec3n.<\/li>\n<li data-sourcepos=\"18:1-19:0\"><strong>Ng\u00e0nh \u0111i\u1ec7n t\u1eed:<\/strong> B\u00f4i tr\u01a1n cho c\u00e1c ti\u1ebfp \u0111i\u1ec3m \u0111i\u1ec7n, c\u00e1c b\u1ed9 ph\u1eadn ch\u1ecbu ma s\u00e1t trong \u0111i\u1ec1u ki\u1ec7n nhi\u1ec7t \u0111\u1ed9 cao.<\/li>\n<\/ul>\n<h3 data-sourcepos=\"20:1-20:17\">C\u00e1ch s\u1eed d\u1ee5ng:<\/h3>\n<ol data-sourcepos=\"22:1-23:34\">\n<li data-sourcepos=\"22:1-22:104\"><strong>L\u00e0m s\u1ea1ch b\u1ec1 m\u1eb7t:<\/strong> Tr\u01b0\u1edbc khi b\u00f4i tr\u01a1n, h\u00e3y l\u00e0m s\u1ea1ch b\u1ec1 m\u1eb7t c\u1ea7n b\u00f4i tr\u01a1n \u0111\u1ec3 \u0111\u1ea3m b\u1ea3o hi\u1ec7u qu\u1ea3 t\u1ed1i \u0111a.<\/li>\n<li data-sourcepos=\"23:1-23:34\"><strong>B\u00f4i tr\u01a1n:<\/strong> S\u1eed d\u1ee5ng m\u1ed9t l\u01b0\u1ee3ng v\u1eeba \u0111\u1ee7 Molykote HSC Plus Paste b\u00f4i l\u00ean b\u1ec1 m\u1eb7t c\u1ea7n thi\u1ebft.<\/li>\n<li data-sourcepos=\"24:1-25:0\"><strong>L\u1eafp r\u00e1p:<\/strong> Ti\u1ebfn h\u00e0nh l\u1eafp r\u00e1p c\u00e1c b\u1ed9 ph\u1eadn.<\/li>\n<\/ol>\n<h3 data-sourcepos=\"26:1-26:10\">L\u01b0u \u00fd:<\/h3>\n<ul data-sourcepos=\"28:1-30:0\">\n<li data-sourcepos=\"28:1-28:86\"><strong>B\u1ea3o qu\u1ea3n:<\/strong> B\u1ea3o qu\u1ea3n s\u1ea3n ph\u1ea9m \u1edf n\u01a1i kh\u00f4 r\u00e1o, tho\u00e1ng m\u00e1t, tr\u00e1nh \u00e1nh n\u1eafng tr\u1ef1c ti\u1ebfp.<\/li>\n<li data-sourcepos=\"29:1-30:0\"><strong>An to\u00e0n:<\/strong> Tr\u00e1nh ti\u1ebfp x\u00fac tr\u1ef1c ti\u1ebfp v\u1edbi m\u1eaft v\u00e0 da. N\u1ebfu s\u1ea3n ph\u1ea9m d\u00ednh v\u00e0o m\u1eaft, h\u00e3y r\u1eeda ngay b\u1eb1ng n\u01b0\u1edbc s\u1ea1ch v\u00e0 \u0111\u1ebfn g\u1eb7p b\u00e1c s\u0129.<\/li>\n<\/ul>\n<p data-sourcepos=\"31:1-31:211\"><strong>Molykote HSC Plus Paste 1kg<\/strong> l\u00e0 m\u1ed9t s\u1ea3n ph\u1ea9m ch\u1ea5t l\u01b0\u1ee3ng cao, \u0111\u01b0\u1ee3c tin d\u00f9ng b\u1edfi nhi\u1ec1u kh\u00e1ch h\u00e0ng tr\u00ean to\u00e0n th\u1ebf gi\u1edbi. S\u1ea3n ph\u1ea9m gi\u00fap b\u1ea3o v\u1ec7 c\u00e1c thi\u1ebft b\u1ecb m\u00e1y m\u00f3c, k\u00e9o d\u00e0i tu\u1ed5i th\u1ecd v\u00e0 n\u00e2ng cao hi\u1ec7u su\u1ea5t ho\u1ea1t \u0111\u1ed9ng.<\/p>\n<p>&nbsp;<\/p>\n<\/div>\n","protected":false},"excerpt":{"rendered":"<p><strong>T\u00ean sa\u0309n ph\u00e2\u0309m:<\/strong>\u00a0MOLYKOTE HSC Plus Paste 1kg<\/p>\n","protected":false},"featured_media":6639,"comment_status":"closed","ping_status":"closed","template":"","meta":[],"product_brand":[],"product_cat":[155],"product_tag":[],"class_list":{"0":"post-6638","1":"product","2":"type-product","3":"status-publish","4":"has-post-thumbnail","6":"product_cat-dupont","8":"first","9":"instock","10":"shipping-taxable","11":"product-type-simple"},"_links":{"self":[{"href":"https:\/\/yenhung.com\/index.php?rest_route=\/wp\/v2\/product\/6638","targetHints":{"allow":["GET"]}}],"collection":[{"href":"https:\/\/yenhung.com\/index.php?rest_route=\/wp\/v2\/product"}],"about":[{"href":"https:\/\/yenhung.com\/index.php?rest_route=\/wp\/v2\/types\/product"}],"replies":[{"embeddable":true,"href":"https:\/\/yenhung.com\/index.php?rest_route=%2Fwp%2Fv2%2Fcomments&post=6638"}],"wp:featuredmedia":[{"embeddable":true,"href":"https:\/\/yenhung.com\/index.php?rest_route=\/wp\/v2\/media\/6639"}],"wp:attachment":[{"href":"https:\/\/yenhung.com\/index.php?rest_route=%2Fwp%2Fv2%2Fmedia&parent=6638"}],"wp:term":[{"taxonomy":"product_brand","embeddable":true,"href":"https:\/\/yenhung.com\/index.php?rest_route=%2Fwp%2Fv2%2Fproduct_brand&post=6638"},{"taxonomy":"product_cat","embeddable":true,"href":"https:\/\/yenhung.com\/index.php?rest_route=%2Fwp%2Fv2%2Fproduct_cat&post=6638"},{"taxonomy":"product_tag","embeddable":true,"href":"https:\/\/yenhung.com\/index.php?rest_route=%2Fwp%2Fv2%2Fproduct_tag&post=6638"}],"curies":[{"name":"wp","href":"https:\/\/api.w.org\/{rel}","templated":true}]}}