{"id":6743,"date":"2025-11-10T07:20:06","date_gmt":"2025-11-10T07:20:06","guid":{"rendered":"https:\/\/yenhung.com\/?product=mo-molykote-g-4500-fm-5kg-hop"},"modified":"2026-02-24T08:52:19","modified_gmt":"2026-02-24T08:52:19","slug":"mo-molykote-g-4500-fm-5kg-hop","status":"publish","type":"product","link":"https:\/\/yenhung.com\/?product=mo-molykote-g-4500-fm-5kg-hop","title":{"rendered":"M\u1ee1 Molykote G-4500 FM (5Kg\/h\u1ed9p)"},"content":{"rendered":"<div class=\"ba-text-fpt\">\n<h2><strong>M\u00f4 t\u1ea3 M\u1ee1 b\u00f4i tr\u01a1n t\u1ed5ng h\u1ee3p \u0111a n\u0103ng Molykote G-4500 Grease<\/strong><\/h2>\n<p><img decoding=\"async\" title=\"molykote-g-4500-jpeg-2\" src=\"https:\/\/yenhung.com\/wp-content\/uploads\/2025\/11\/molykote-g-4500-jpeg-2.jpg\" alt=\"M\u1ee1 b\u00f4i tr\u01a1n t\u1ed5ng h\u1ee3p \u0111a n\u0103ng Molykote G-4500 - Molykote G-4500 Grease\" data-thumb=\"large\" \/><\/p>\n<p>Tr\u1ecdng t\u1ea3i v\u1eeba. M\u00e0u tr\u1eafng. Ti\u1ebfp x\u00fac ng\u1eabu nhi\u00ean v\u1edbi th\u1ef1c ph\u1ea9m<\/p>\n<p>M\u1ee1 b\u00f4i tr\u01a1n t\u1ed5ng h\u1ee3p \u0111a n\u0103ng Molykote G-4500 Grease l\u00e0 lo\u1ea1i m\u1ee1 b\u00f4i tr\u01a1n t\u1ed5ng h\u1ee3p ph\u00e2n h\u1ea1ng (PAO) NLGI #2 trong ng\u00e0nh th\u1ef1c ph\u1ea9m \u2013 gi\u1ea3i ph\u00e1p b\u00f4i tr\u01a1n l\u00e2u d\u00e0i cho c\u00e1c \u1ee9ng d\u1ee5ng ch\u1ecbu tr\u1ecdng t\u1ea3i v\u1eeba v\u00e0 t\u1ed1c \u0111\u1ed9 cao, \u0111\u1eb7c bi\u1ec7t l\u00e0 cho c\u00e1c \u1ee9ng d\u1ee5ng c\u00f3 s\u1ef1 ti\u1ebfp x\u00fac ng\u1eabu nhi\u00ean v\u1edbi th\u1ef1c ph\u1ea9m ho\u1eb7c nh\u1eefng n\u01a1i c\u1ea7n thi\u1ebft ph\u1ea3i d\u00f9ng m\u1ee1 b\u00f4i tr\u01a1n m\u00e0u tr\u1eafng ho\u1eb7c lo\u1ea1i m\u1ee1 b\u00f4i tr\u01a1n ti\u00eau chu\u1ea9n H-1.<\/p>\n<h2><strong>\u1ee8ng d\u1ee5ng<\/strong><\/h2>\n<p><strong><img decoding=\"async\" title=\"molykote-g-4500-1-jpeg-1\" src=\"https:\/\/yenhung.com\/wp-content\/uploads\/2025\/11\/molykote-g-4500-1-jpeg-1.jpg\" alt=\"M\u1ee1 b\u00f4i tr\u01a1n t\u1ed5ng h\u1ee3p \u0111a n\u0103ng Molykote G-4500 - Molykote G-4500 Grease\" data-thumb=\"large\" \/><\/strong><\/p>\n<p>B\u00f4i tr\u01a1n c\u00e1c m\u00e1y tr\u1ed9n, m\u00f4-t\u01a1, b\u0103ng chuy\u1ec1n, c\u00e1c thi\u1ebft b\u1ecb trong m\u00f4i tr\u01b0\u1eddng l\u1ea1nh \u2013 nhi\u1ec7t \u0111\u1ed9 th\u1ea5p, m\u00e1y \u0111\u00f3ng g\u00f3i, m\u00e1y ch\u1ebf bi\u1ebfn th\u1ef1c ph\u1ea9m v\u00e0 nhi\u1ec1u \u1ee9ng d\u1ee5ng kh\u00e1c trong ho\u1eb7c ngo\u00e0i ng\u00e0nh c\u00f4ng nghi\u1ec7p th\u1ef1c ph\u1ea9m ch\u1ebf bi\u1ebfn s\u1eb5n (b\u00f4i tr\u01a1n m\u00e1y ch\u1ebf bi\u1ebfn th\u1ef1c ph\u1ea9m).<\/p>\n<p>Ch\u1ecbu m\u00e0i m\u00f2n v\u00e0 tu\u1ed5i th\u1ecd d\u00e0i h\u01a1n so v\u1edbi c\u00e1c ch\u1ea5t b\u00f4i tr\u01a1n g\u1ed1c d\u1ea7u th\u00f4 th\u00f4ng th\u01b0\u1eddng.<\/p>\n<table border=\"0\" cellspacing=\"0\" cellpadding=\"9\" align=\"center\">\n<tbody>\n<tr>\n<td>M\u00e0u s\u1eafc<\/td>\n<td>tr\u1eafng<\/td>\n<\/tr>\n<tr>\n<td>Nhi\u1ec7t \u0111\u1ed9 ch\u1ea3y gi\u1ecdt<\/td>\n<td>= 270 \u0111\u1ed9 C<\/td>\n<\/tr>\n<tr>\n<td>T\u1ea3i tr\u1ecdng h\u1eefu \u00edch<\/td>\n<td>= 3090 4 ball weld, N<\/td>\n<\/tr>\n<tr>\n<td>S\u1ed1 NLGI<\/td>\n<td>= 2<\/td>\n<\/tr>\n<tr>\n<td>Tu\u1ed5i th\u1ecd<\/td>\n<td>= 1800 ng\u00e0y<\/td>\n<\/tr>\n<tr>\n<td>Tr\u1ecdng l\u01b0\u1ee3ng ri\u00eang @ 25C<\/td>\n<td>= 0.84<\/td>\n<\/tr>\n<tr>\n<td>D\u1ea3i nhi\u1ec7t \u0111\u1ed9<\/td>\n<td>-40 \u0111\u1ebfn 150 \u0111\u1ed9 C<\/td>\n<\/tr>\n<tr>\n<td>H\u1ec7 ch\u1ea5t ph\u1ee5 gia<\/td>\n<td>nh\u00f4m ph\u1ee9c h\u1ec7<\/td>\n<\/tr>\n<tr>\n<td>\u0110\u1ed9 xuy\u00ean th\u1ea5m sau khi nh\u00e0o tr\u1ed9n<\/td>\n<td>265 mm\/10 \u0111\u1ebfn 295 mm\/10<\/td>\n<\/tr>\n<\/tbody>\n<\/table>\n<p><!-- class=\"post-info\" --><\/p>\n<h2><strong>Chuy\u00ean m\u1ee5c<\/strong><\/h2>\n<p><strong><img decoding=\"async\" title=\"molykote-g-4500-2-jpeg-1\" src=\"https:\/\/yenhung.com\/wp-content\/uploads\/2025\/11\/molykote-g-4500-2-jpeg-1.jpg\" alt=\"M\u1ee1 b\u00f4i tr\u01a1n t\u1ed5ng h\u1ee3p \u0111a n\u0103ng Molykote G-4500 - Molykote G-4500 Grease\" data-thumb=\"large\" \/><\/strong><\/p>\n<table>\n<tbody>\n<tr>\n<td>S\u1ea3n ph\u1ea9m:<\/td>\n<td><a rel=\"category tag\">Ch\u1ea5t b\u00f4i tr\u01a1n an to\u00e0n th\u1ef1c ph\u1ea9m<\/a>, <a rel=\"category tag\">M\u1ee1 b\u00f4i tr\u01a1n<\/a><\/td>\n<\/tr>\n<tr>\n<td><i><\/i> Nh\u00e0 cung c\u1ea5p:<\/td>\n<td><a title=\"Molykote\">Molykote<\/a><\/td>\n<\/tr>\n<tr>\n<td><i><\/i> Ng\u00e0nh c\u00f4ng nghi\u1ec7p:<\/td>\n<td><a title=\"B\u1ea3o tr\u00ec\">B\u1ea3o tr\u00ec<\/a><br \/>\n<a title=\"C\u00e1c ng\u00e0nh c\u00f4ng nghi\u1ec7p t\u1ed5ng h\u1ee3p\">C\u00e1c ng\u00e0nh c\u00f4ng nghi\u1ec7p t\u1ed5ng h\u1ee3p<\/a><\/td>\n<\/tr>\n<tr>\n<td><i><\/i> Th\u1ebb:<\/td>\n<td><a rel=\"tag\">B\u00f4i tr\u01a1n m\u00e1y th\u1ef1c ph\u1ea9m<\/a>, <a rel=\"tag\">M\u1ee1 b\u00f4i tr\u01a1n m\u00e0u tr\u1eafng<\/a><\/td>\n<\/tr>\n<\/tbody>\n<\/table>\n<p>&nbsp;<\/p>\n<\/div>\n","protected":false},"excerpt":{"rendered":"<p><strong>T\u00ean sa\u0309n ph\u00e2\u0309m:<\/strong> Molykote G-4500 Grease<br \/>\n<b>Li\u00ean h\u1ec7: 0397433258<\/b><\/p>\n","protected":false},"featured_media":6744,"comment_status":"closed","ping_status":"closed","template":"","meta":[],"product_brand":[],"product_cat":[155],"product_tag":[],"class_list":{"0":"post-6743","1":"product","2":"type-product","3":"status-publish","4":"has-post-thumbnail","6":"product_cat-dupont","8":"first","9":"instock","10":"shipping-taxable","11":"product-type-simple"},"_links":{"self":[{"href":"https:\/\/yenhung.com\/index.php?rest_route=\/wp\/v2\/product\/6743","targetHints":{"allow":["GET"]}}],"collection":[{"href":"https:\/\/yenhung.com\/index.php?rest_route=\/wp\/v2\/product"}],"about":[{"href":"https:\/\/yenhung.com\/index.php?rest_route=\/wp\/v2\/types\/product"}],"replies":[{"embeddable":true,"href":"https:\/\/yenhung.com\/index.php?rest_route=%2Fwp%2Fv2%2Fcomments&post=6743"}],"wp:featuredmedia":[{"embeddable":true,"href":"https:\/\/yenhung.com\/index.php?rest_route=\/wp\/v2\/media\/6744"}],"wp:attachment":[{"href":"https:\/\/yenhung.com\/index.php?rest_route=%2Fwp%2Fv2%2Fmedia&parent=6743"}],"wp:term":[{"taxonomy":"product_brand","embeddable":true,"href":"https:\/\/yenhung.com\/index.php?rest_route=%2Fwp%2Fv2%2Fproduct_brand&post=6743"},{"taxonomy":"product_cat","embeddable":true,"href":"https:\/\/yenhung.com\/index.php?rest_route=%2Fwp%2Fv2%2Fproduct_cat&post=6743"},{"taxonomy":"product_tag","embeddable":true,"href":"https:\/\/yenhung.com\/index.php?rest_route=%2Fwp%2Fv2%2Fproduct_tag&post=6743"}],"curies":[{"name":"wp","href":"https:\/\/api.w.org\/{rel}","templated":true}]}}