{"id":6927,"date":"2025-11-10T07:50:42","date_gmt":"2025-11-10T07:50:42","guid":{"rendered":"https:\/\/yenhung.com\/?product=keo-trung-gian-belzona-2911-125g-bo"},"modified":"2026-02-11T04:02:32","modified_gmt":"2026-02-11T04:02:32","slug":"keo-trung-gian-belzona-2911-125g-bo","status":"publish","type":"product","link":"https:\/\/yenhung.com\/?product=keo-trung-gian-belzona-2911-125g-bo","title":{"rendered":"Keo trung gian belzona 2911 (125g\/b\u1ed9)"},"content":{"rendered":"<div class=\"ba-text-fpt\">\n<h2><strong>M\u00f4 t\u1ea3 Belzona 2911 \u2013 S\u01a1n l\u00f3t chu\u1ea9n b\u1ecb b\u1ec1 m\u1eb7t<\/strong><\/h2>\n<p><strong><img decoding=\"async\" title=\"2911-jpeg-2\" src=\"https:\/\/yenhung.com\/wp-content\/uploads\/2025\/11\/2911-jpeg-2.jpg\" data-thumb=\"large\" \/><img decoding=\"async\" title=\"2911-1-jpeg-1\" src=\"https:\/\/yenhung.com\/wp-content\/uploads\/2025\/11\/2911-1-jpeg-1.jpg\" data-thumb=\"large\" \/><\/strong><\/p>\n<p>L\u00e0 lo\u1ea1i s\u01a1n l\u00f3t \u0111\u00e0n h\u1ed3i m\u1ed9t th\u00e0nh ph\u1ea7n, \u0111\u00f3ng r\u1eafn nhanh c\u1ea7n thi\u1ebft \u0111\u1ec3 b\u00e1m d\u00ednh c\u00e1c ch\u1ea5t \u0111\u00e0n h\u1ed3i Belzona v\u1edbi n\u1ec1n kim lo\u1ea1i, b\u00ea t\u00f4ng v\u00e0 cao su<\/p>\n<h2><strong>Th\u00f4ng tin truy c\u1eadp<\/strong><\/h2>\n<p><strong><img decoding=\"async\" title=\"2911-2-jpeg-1\" src=\"https:\/\/yenhung.com\/wp-content\/uploads\/2025\/11\/2911-2-jpeg-1.jpg\" data-thumb=\"large\" \/><\/strong><\/p>\n<\/div>\n","protected":false},"excerpt":{"rendered":"<p dir=\"ltr\" data-placeholder=\"B\u1ea3n d\u1ecbch\"><strong>T\u00ean sa\u0309n ph\u00e2\u0309m: Belzona 2911 \u2013\u00a0<\/strong><\/p>\n","protected":false},"featured_media":6928,"comment_status":"closed","ping_status":"closed","template":"","meta":[],"product_brand":[],"product_cat":[156],"product_tag":[],"class_list":{"0":"post-6927","1":"product","2":"type-product","3":"status-publish","4":"has-post-thumbnail","6":"product_cat-belzona","8":"first","9":"instock","10":"shipping-taxable","11":"product-type-simple"},"_links":{"self":[{"href":"https:\/\/yenhung.com\/index.php?rest_route=\/wp\/v2\/product\/6927","targetHints":{"allow":["GET"]}}],"collection":[{"href":"https:\/\/yenhung.com\/index.php?rest_route=\/wp\/v2\/product"}],"about":[{"href":"https:\/\/yenhung.com\/index.php?rest_route=\/wp\/v2\/types\/product"}],"replies":[{"embeddable":true,"href":"https:\/\/yenhung.com\/index.php?rest_route=%2Fwp%2Fv2%2Fcomments&post=6927"}],"wp:featuredmedia":[{"embeddable":true,"href":"https:\/\/yenhung.com\/index.php?rest_route=\/wp\/v2\/media\/6928"}],"wp:attachment":[{"href":"https:\/\/yenhung.com\/index.php?rest_route=%2Fwp%2Fv2%2Fmedia&parent=6927"}],"wp:term":[{"taxonomy":"product_brand","embeddable":true,"href":"https:\/\/yenhung.com\/index.php?rest_route=%2Fwp%2Fv2%2Fproduct_brand&post=6927"},{"taxonomy":"product_cat","embeddable":true,"href":"https:\/\/yenhung.com\/index.php?rest_route=%2Fwp%2Fv2%2Fproduct_cat&post=6927"},{"taxonomy":"product_tag","embeddable":true,"href":"https:\/\/yenhung.com\/index.php?rest_route=%2Fwp%2Fv2%2Fproduct_tag&post=6927"}],"curies":[{"name":"wp","href":"https:\/\/api.w.org\/{rel}","templated":true}]}}