{"id":6943,"date":"2025-11-10T07:52:48","date_gmt":"2025-11-10T07:52:48","guid":{"rendered":"https:\/\/yenhung.com\/?product=son-bao-ve-be-mat-crc-zinc-it-code-2085"},"modified":"2025-11-10T07:52:49","modified_gmt":"2025-11-10T07:52:49","slug":"son-bao-ve-be-mat-crc-zinc-it-code-2085","status":"publish","type":"product","link":"https:\/\/yenhung.com\/?product=son-bao-ve-be-mat-crc-zinc-it-code-2085","title":{"rendered":"S\u01a1n b\u1ea3o v\u1ec7 b\u1ec1 m\u1eb7t CRC ZINC IT &#8211; code: 2085"},"content":{"rendered":"<\/p>\n<div class=\"ba-text-fpt\">\n<h2><strong>M\u00f4 t\u1ea3 S\u01a1n b\u1ea3o v\u1ec7 b\u1ec1 m\u1eb7t CRC ZINC IT (2085)<\/strong><\/h2>\n<p><strong>CRC ZINC IT<\/strong>\u00a0l\u00e0 m\u1ed9t h\u1ee3p ch\u1ea5t gi\u00e0u k\u1ebdm m\u1ed9t th\u00e0nh ph\u1ea7n v\u1edbi ch\u1ea5t k\u1ebft d\u00ednh epoxy \u0111\u1eb7c bi\u1ec7t v\u00e0 ch\u1ee9a 93% k\u1ebdm c\u00f3 \u0111\u1ed9 tinh khi\u1ebft cao nh\u1ea5t trong m\u00e0ng \u0111\u00e3 \u0111\u01b0\u1ee3c s\u1ea5y kh\u00f4, \u0111\u1ec3 ng\u0103n ng\u1eeba g\u1ec9 \u0111i\u1ec7n.<\/p>\n<h2><strong>\u1ee8ng d\u1ee5ng CRC ZINC IT \u2013 (2085) \u2013 S\u01a1n b\u1ea3o v\u1ec7 b\u1ec1 m\u1eb7t CRC ZINC IT<\/strong><\/h2>\n<p>\u00a0<br \/>\n\u0110\u01b0\u1ee3c khuy\u1ebfn ngh\u1ecb s\u1eed d\u1ee5ng tr\u00ean k\u1ebft c\u1ea5u th\u00e9p, xe k\u00e9o, m\u00e1i nh\u00e0, ray b\u1ea3o v\u1ec7, \u0111\u01b0\u1eddng h\u00e0n, l\u1ed7 \u0111inh t\u00e1n, h\u00e0ng r\u00e0o, m\u00e1y bi\u1ebfn \u00e1p b\u1ec3 ch\u1ee9a, thi\u1ebft b\u1ecb ph\u00e1t \u0111i\u1ec7n, gi\u00e0n khoan d\u1ea7u ngo\u00e0i kh\u01a1i, t\u00e0u, thi\u1ebft b\u1ecb \u0111\u01b0\u1eddng s\u1eaft, thi\u1ebft b\u1ecb tr\u1ea1m bi\u1ebfn \u00e1p, th\u00e1p truy\u1ec1n t\u1ea3i, ch\u1ea1m l\u00ean tr\u00ean m\u1ea1 k\u1ebdm l\u1edbp ph\u1ee7, c\u00e1c c\u00f4ng tr\u00ecnh l\u1eafp \u0111\u1eb7t ven bi\u1ec3n v\u00e0 tr\u00ean t\u00e0u ch\u1ecbu s\u1ef1 \u0103n m\u00f2n nghi\u00eam tr\u1ecdng c\u1ee7a n\u01b0\u1edbc mu\u1ed1i v\u00e0 mu\u1ed1i phun.<\/p>\n<h2><strong>\u0110\u1eb7c tr\u01b0ng\u00a0<\/strong><strong>CRC ZINC IT \u2013 (2085) \u2013 S\u01a1n b\u1ea3o v\u1ec7 b\u1ec1 m\u1eb7t CRC ZINC IT<\/strong><\/h2>\n<ul>\n<li>D\u1ec5 d\u00e0ng \u00e1p d\u1ee5ng \u2013 ch\u1ec9 s\u1eed d\u1ee5ng b\u00ecnh x\u1ecbt.<\/li>\n<li>B\u1ea3o v\u1ec7 l\u00e2u d\u00e0i cho th\u00e9p v\u00ec t\u00e1c \u0111\u1ed9ng c\u1ee7a cat\u1ed1t.<\/li>\n<li>L\u1edbp ph\u1ee7 k\u1ebdm kim lo\u1ea1i \u0111\u01b0\u1ee3c ch\u1ea5p nh\u1eadn r\u1ed9ng r\u00e3i nh\u01b0 m\u1ed9t ph\u01b0\u01a1ng ph\u00e1p ch\u1ed1ng g\u1ec9 t\u1ed1t nh\u1ea5t.<\/li>\n<li>M\u00e0ng b\u1ea3o v\u1ec7 li\u00ean t\u1ee5c linh ho\u1ea1t.<\/li>\n<li>Kh\u00f4ng ch\u1ee9a ch\u00ec.<\/li>\n<li>Kh\u1ea3 n\u0103ng h\u00e0n tuy\u1ec7t v\u1eddi<\/li>\n<\/ul>\n<table id=\"product-attribute-specs-table\">\n<caption>\n<h2><strong>Th\u00f4ng tin s\u1ea3n ph\u1ea9m<\/strong><\/h2>\n<\/caption>\n<tbody>\n<tr>\n<th scope=\"row\">BARCODE<\/th>\n<td data-th=\"Barcode\">19310832020854<\/td>\n<\/tr>\n<tr>\n<th scope=\"row\">COUNTRY OF MANUFACTURE<\/th>\n<td data-th=\"Country of Manufacture\">AUSTRALIA<\/td>\n<\/tr>\n<tr>\n<th scope=\"row\">FLAMMABILITY<\/th>\n<td data-th=\"Flammability\">HIGHLY FLAMMABLE<\/td>\n<\/tr>\n<tr>\n<th scope=\"row\">FLASH POINT<\/th>\n<td data-th=\"Flash Point\">41\u2103<\/td>\n<\/tr>\n<tr>\n<th scope=\"row\">UNIT DEPTH (MM)<\/th>\n<td data-th=\"Unit Depth (mm)\">65<\/td>\n<\/tr>\n<tr>\n<th scope=\"row\">UNIT HEIGHT (MM)<\/th>\n<td data-th=\"Unit Height (mm)\">210<\/td>\n<\/tr>\n<tr>\n<th scope=\"row\">UNIT PACKAGE DESCRIPTION<\/th>\n<td data-th=\"Unit Package Description\">350G AEROSOL<\/td>\n<\/tr>\n<tr>\n<th scope=\"row\">UNIT SIZE<\/th>\n<td data-th=\"Unit Size\">350G<\/td>\n<\/tr>\n<tr>\n<th scope=\"row\">UNIT WIDTH (MM)<\/th>\n<td data-th=\"Unit Width (mm)\">65<\/td>\n<\/tr>\n<\/tbody>\n<\/table>\n<h2><strong>T\u00e0i li\u1ec7u<\/strong><\/h2>\n<p><a href=\"https:\/\/crcindustries.com.vn\/wp-content\/uploads\/2023\/06\/msds_en-10232-2085.pdf\" rel=\"noopener\" target=\"_blank\">SAFETY DATA SHEET<\/a><br \/>\n<a href=\"https:\/\/crcindustries.com.vn\/wp-content\/uploads\/2023\/06\/techbrief_doc-10232-2085.pdf\" rel=\"noopener nofollow\" target=\"_blank\"><img alt=\"file\" data-src=\"https:\/\/crcindustries.com.au\/products\/media\/crc\/file.png\" decoding=\"async\" src=\"data:image\/gif;base64,R0lGODlhAQABAAAAACH5BAEKAAEALAAAAAABAAEAAAICTAEAOw==\" title=\"CRC ZINC IT - (2085) - S\u01a1n b\u1ea3o v\u1ec7 b\u1ec1 m\u1eb7t CRC ZINC IT 4\"><\/a><br \/>\n<a href=\"https:\/\/crcindustries.com.vn\/wp-content\/uploads\/2023\/06\/techbrief_doc-10232-2085.pdf\" rel=\"noopener\" target=\"_blank\">TECHNICAL DATA SHEET<\/a><\/p>\n<p><strong>Th\u00f4ng tin li\u00ean h\u1ec7\u00a0<\/strong><\/p>\n<p><strong>C\u00d4NG TY TNHH TH\u01af\u01a0NG M\u1ea0I D\u1ecaCH V\u1ee4 SUN COMMERCIAL \u2013 SUN COMMERCIAL SERVICE TRADING CO., LTD<\/strong><\/p>\n<p>\u2013 M\u00e3 s\u1ed1 thu\u1ebf: 0316694604<\/p>\n<p>\u2013 S\u0110T: 0939 543 005 (Mr. D\u0169ng)<\/p>\n<p>\u2013 \u0110\u1ecba ch\u1ec9: 118\/8 Hu\u1ef3nh Thi\u1ec7n L\u1ed9c, Ph\u01b0\u1eddng Ho\u00e0 Th\u1ea1nh, Qu\u1eadn T\u00e2n Ph\u00fa, TP H\u1ed3 Ch\u00ed Minh<\/p>\n<\/p><\/div>\n","protected":false},"excerpt":{"rendered":"<p>T\u00ean sa\u0309n ph\u00e2\u0309m:\u00a0CRC ZINC IT\u00a0<\/p>\n","protected":false},"featured_media":6944,"comment_status":"closed","ping_status":"closed","template":"","meta":[],"product_brand":[],"product_cat":[157],"product_tag":[],"class_list":{"0":"post-6943","1":"product","2":"type-product","3":"status-publish","4":"has-post-thumbnail","6":"product_cat-crc","8":"first","9":"instock","10":"shipping-taxable","11":"purchasable","12":"product-type-simple"},"_links":{"self":[{"href":"https:\/\/yenhung.com\/index.php?rest_route=\/wp\/v2\/product\/6943","targetHints":{"allow":["GET"]}}],"collection":[{"href":"https:\/\/yenhung.com\/index.php?rest_route=\/wp\/v2\/product"}],"about":[{"href":"https:\/\/yenhung.com\/index.php?rest_route=\/wp\/v2\/types\/product"}],"replies":[{"embeddable":true,"href":"https:\/\/yenhung.com\/index.php?rest_route=%2Fwp%2Fv2%2Fcomments&post=6943"}],"wp:featuredmedia":[{"embeddable":true,"href":"https:\/\/yenhung.com\/index.php?rest_route=\/wp\/v2\/media\/6944"}],"wp:attachment":[{"href":"https:\/\/yenhung.com\/index.php?rest_route=%2Fwp%2Fv2%2Fmedia&parent=6943"}],"wp:term":[{"taxonomy":"product_brand","embeddable":true,"href":"https:\/\/yenhung.com\/index.php?rest_route=%2Fwp%2Fv2%2Fproduct_brand&post=6943"},{"taxonomy":"product_cat","embeddable":true,"href":"https:\/\/yenhung.com\/index.php?rest_route=%2Fwp%2Fv2%2Fproduct_cat&post=6943"},{"taxonomy":"product_tag","embeddable":true,"href":"https:\/\/yenhung.com\/index.php?rest_route=%2Fwp%2Fv2%2Fproduct_tag&post=6943"}],"curies":[{"name":"wp","href":"https:\/\/api.w.org\/{rel}","templated":true}]}}