{"id":6965,"date":"2025-11-10T07:53:05","date_gmt":"2025-11-10T07:53:05","guid":{"rendered":"https:\/\/yenhung.com\/?product=hoa-chat-crc-lectra-clean-code-2018-400g"},"modified":"2026-02-11T03:59:59","modified_gmt":"2026-02-11T03:59:59","slug":"hoa-chat-crc-lectra-clean-code-2018-400g","status":"publish","type":"product","link":"https:\/\/yenhung.com\/?product=hoa-chat-crc-lectra-clean-code-2018-400g","title":{"rendered":"H\u00f3a ch\u1ea5t crc lectra clean code 2018, 400g"},"content":{"rendered":"<div class=\"ba-text-fpt\">\n<h2><strong>M\u00f4 t\u1ea3 s\u1ea3n ph\u1ea9m<\/strong><\/h2>\n<p><strong><img decoding=\"async\" title=\"crc-2018-lectra-clean-2\" src=\"https:\/\/yenhung.com\/wp-content\/uploads\/2025\/11\/crc-2018-lectra-clean-2.jpg\" data-thumb=\"large\" \/><\/strong><\/p>\n<p>Ch\u1ea5t l\u00e0m s\u1ea1ch\/ t\u1ea9y nh\u1eddn CRC LECTRA CLEAN\u00a0 \u0111\u1ed9c \u0111\u00e1o \u0111\u01b0\u1ee3c ch\u1ebf t\u1ea1o m\u1ed9t c\u00e1ch khoa h\u1ecdc, hi\u1ec7u qu\u1ea3 \u0111\u1ed1i v\u1edbi h\u1ea7u h\u1ebft c\u00e1c m\u00e1y m\u00f3c c\u00f4ng nghi\u1ec7p n\u1eb7ng, lo\u1ea1i b\u1ecf hi\u1ec7u qu\u1ea3: d\u1ea7u m\u1ee1, s\u00e1p ong, b\u1ee5i b\u1ea9n v\u00e0 c\u00e1c ch\u1ea5t g\u00e2y \u00f4 nhi\u1ec5m kh\u00e1c\u2026 Khuy\u00ean d\u00f9ng \u0111\u1ec3 lo\u1ea1i b\u1ecf hi\u1ec7u qu\u1ea3 d\u1ea7u m\u1ee1, g\u1ec9 v\u00e0 c\u1eb7n d\u1ea7u kh\u1ecfi c\u00e1c thi\u1ebft b\u1ecb hang kh\u00f4ng, phanh c\u01a1 kh\u00ed, kh\u1edbp ly h\u1ee3p, d\u00e2y chuy\u1ec1n, c\u00e1p th\u00e9p, m\u00f4 t\u01a1, b\u00e0n ren, c\u00e1c chi ti\u1ebft, v\u00f2ng bi, m\u00e1y ph\u00e1t \u0111i\u1ec7n\u2026 Kh\u00f4ng \u0111i\u1ec3m ch\u1edbp ch\u00e1y, kh\u00f4ng b\u1eaft l\u1eeda, kh\u00f4 nhanh. Kh\u00f4ng ch\u1ee9a c\u00e1c th\u00e0nh ph\u1ea7n: Carbon Tetra Chloride, Silicones, CFC.<\/p>\n<p><img decoding=\"async\" title=\"crc-02018-1-1\" src=\"https:\/\/yenhung.com\/wp-content\/uploads\/2025\/11\/crc-02018-1-1.png\" alt=\"Ch\u1ea5t l\u00e0m s\u1ea1ch CRC Lectra Clean (code 02018)- 539g\" data-thumb=\"large\" \/><\/p>\n<table id=\"product-attribute-specs-table\">\n<caption>\n<h2><strong>Th\u00f4ng tin s\u1ea3n ph\u1ea9m<\/strong><\/h2>\n<\/caption>\n<tbody>\n<tr>\n<th scope=\"row\">BRAND<\/th>\n<td data-th=\"Brand\">CRC<\/td>\n<\/tr>\n<tr>\n<th scope=\"row\">CASE#<\/th>\n<td data-th=\"Case#\">1003175<\/td>\n<\/tr>\n<tr>\n<th scope=\"row\">DOT PROPER SHIPPING NAME<\/th>\n<td data-th=\"DOT Proper Shipping Name\">AEROSOLS, POISON, LIMITED QUANTITY<\/td>\n<\/tr>\n<tr>\n<th scope=\"row\">DIELECTRIC STRENGTH<\/th>\n<td data-th=\"Dielectric Strength\">50,500 VOLTS<\/td>\n<\/tr>\n<tr>\n<th scope=\"row\">DRY TIME FULLY DRY<\/th>\n<td data-th=\"Dry Time Fully Dry\">30 SECONDS<\/td>\n<\/tr>\n<tr>\n<th scope=\"row\">EVAPORATION RATE<\/th>\n<td data-th=\"Evaporation Rate\">VERY FAST<\/td>\n<\/tr>\n<tr>\n<th scope=\"row\">FLAMMABILITY CLASS &#8211; CPSC<\/th>\n<td data-th=\"Flammability Class - CPSC\">NONE<\/td>\n<\/tr>\n<tr>\n<th scope=\"row\">FLASH POINT (C)<\/th>\n<td data-th=\"Flash point (C)\">NONE<\/td>\n<\/tr>\n<tr>\n<th scope=\"row\">FLASH POINT (F)<\/th>\n<td data-th=\"Flash point (F)\">NONE<\/td>\n<\/tr>\n<tr>\n<th scope=\"row\">GENERIC DESCRIPTION<\/th>\n<td data-th=\"Generic Description\">HEAVY DUTY DEGREASER<\/td>\n<\/tr>\n<tr>\n<th scope=\"row\">I 2 OF 5 CODE<\/th>\n<td data-th=\"I 2 of 5 Code\">30078254020182<\/td>\n<\/tr>\n<tr>\n<th scope=\"row\">ITEM NUMBER<\/th>\n<td data-th=\"Item Number\">02018<\/td>\n<\/tr>\n<tr>\n<th scope=\"row\">KB VALUE<\/th>\n<td data-th=\"KB Value\">95<\/td>\n<\/tr>\n<tr>\n<th scope=\"row\">NSF CATEGORY CODE<\/th>\n<td data-th=\"NSF Category Code\">K2<\/td>\n<\/tr>\n<tr>\n<th scope=\"row\">NSF NUMBER<\/th>\n<td data-th=\"NSF Number\">017216<\/td>\n<\/tr>\n<tr>\n<th scope=\"row\">NET FILL<\/th>\n<td data-th=\"Net Fill\">19 WT OZ<\/td>\n<\/tr>\n<tr>\n<th scope=\"row\">PLASTIC SAFE<\/th>\n<td data-th=\"Plastic Safe\">NO<\/td>\n<\/tr>\n<tr>\n<th scope=\"row\">PROPELLANT<\/th>\n<td data-th=\"Propellant\">CARBON DIOXIDE<\/td>\n<\/tr>\n<tr>\n<th scope=\"row\">UPC CODE<\/th>\n<td data-th=\"UPC Code\">78254020181<\/td>\n<\/tr>\n<tr>\n<th scope=\"row\">UNIT DIMENSIONS<\/th>\n<td data-th=\"Unit Dimensions\">9.25H X 2.63W X 2.63D IN<\/td>\n<\/tr>\n<tr>\n<th scope=\"row\">UNIT PACKAGE DESCRIPTION<\/th>\n<td data-th=\"Unit Package Description\">20 OUNCE AEROSOL<\/td>\n<\/tr>\n<tr>\n<th scope=\"row\">UNITS PER CASE<\/th>\n<td data-th=\"Units per Case\">12<\/td>\n<\/tr>\n<tr>\n<th scope=\"row\">VOC % (CONSUMER PRODUCT DEF)<\/th>\n<td data-th=\"VOC % (Consumer Product def)\">0<\/td>\n<\/tr>\n<tr>\n<th scope=\"row\">VOC % (FEDERAL)<\/th>\n<td data-th=\"VOC % (Federal)\">0<\/td>\n<\/tr>\n<tr>\n<th scope=\"row\">VOC CATEGORY<\/th>\n<td data-th=\"VOC Category\">ENERGIZED ELECTRICAL CLEANER<\/td>\n<\/tr>\n<tr>\n<th scope=\"row\">VOC LBS.\/GAL. (FEDERAL)<\/th>\n<td data-th=\"VOC Lbs.\/Gal. (Federal)\">0<\/td>\n<\/tr>\n<tr>\n<th scope=\"row\">VOC G\/L (CONSUMER PRODUCT DEF)<\/th>\n<td data-th=\"VOC g\/L (Consumer Product def)\">0<\/td>\n<\/tr>\n<tr>\n<th scope=\"row\">VOC G\/L (FEDERAL)<\/th>\n<td data-th=\"VOC g\/L (Federal)\">0<\/td>\n<\/tr>\n<tr>\n<th scope=\"row\">VOC LBS\/GAL (CONSUMER PROD DEF)<\/th>\n<td data-th=\"VOC lbs\/gal (Consumer Prod def)\">0<\/td>\n<\/tr>\n<\/tbody>\n<\/table>\n<h2><img decoding=\"async\" title=\"crc-02018-2-jpeg\" src=\"https:\/\/yenhung.com\/wp-content\/uploads\/2025\/11\/crc-02018-2-jpeg.jpg\" alt=\"Ch\u1ea5t l\u00e0m s\u1ea1ch CRC Lectra Clean (code 02018)- 539g\" data-thumb=\"large\" \/><\/h2>\n<\/div>\n","protected":false},"excerpt":{"rendered":"<p><strong>PRODUCT CODE<\/strong> : 02018<br \/>\n<strong>T\u00ean sa\u0309n ph\u00e2\u0309m<\/strong>: Ch\u1ea5t l\u00e0m s\u1ea1ch CRC LECTRA CLEAN HEAVY DUTY ELECTRICAL PARTS DEGREASER<br \/>\n<strong>T\u00ecnh tr\u1ea1ng:<\/strong> Li\u00ean h\u1ec7 S\u0110T 090 666 5927 .<br \/>\n<strong>Kho:<\/strong> H\u1ed3 Ch\u00ed Minh.<br \/>\n<strong>Li\u00ean h\u1ec7:<\/strong> 090.666.5927 (24\/7)<br \/>\n<strong>Giao h\u00e0ng:<\/strong> Trong ng\u00e0y<\/p>\n","protected":false},"featured_media":6966,"comment_status":"closed","ping_status":"closed","template":"","meta":[],"product_brand":[],"product_cat":[157],"product_tag":[],"class_list":{"0":"post-6965","1":"product","2":"type-product","3":"status-publish","4":"has-post-thumbnail","6":"product_cat-crc","8":"first","9":"instock","10":"shipping-taxable","11":"product-type-simple"},"_links":{"self":[{"href":"https:\/\/yenhung.com\/index.php?rest_route=\/wp\/v2\/product\/6965","targetHints":{"allow":["GET"]}}],"collection":[{"href":"https:\/\/yenhung.com\/index.php?rest_route=\/wp\/v2\/product"}],"about":[{"href":"https:\/\/yenhung.com\/index.php?rest_route=\/wp\/v2\/types\/product"}],"replies":[{"embeddable":true,"href":"https:\/\/yenhung.com\/index.php?rest_route=%2Fwp%2Fv2%2Fcomments&post=6965"}],"wp:featuredmedia":[{"embeddable":true,"href":"https:\/\/yenhung.com\/index.php?rest_route=\/wp\/v2\/media\/6966"}],"wp:attachment":[{"href":"https:\/\/yenhung.com\/index.php?rest_route=%2Fwp%2Fv2%2Fmedia&parent=6965"}],"wp:term":[{"taxonomy":"product_brand","embeddable":true,"href":"https:\/\/yenhung.com\/index.php?rest_route=%2Fwp%2Fv2%2Fproduct_brand&post=6965"},{"taxonomy":"product_cat","embeddable":true,"href":"https:\/\/yenhung.com\/index.php?rest_route=%2Fwp%2Fv2%2Fproduct_cat&post=6965"},{"taxonomy":"product_tag","embeddable":true,"href":"https:\/\/yenhung.com\/index.php?rest_route=%2Fwp%2Fv2%2Fproduct_tag&post=6965"}],"curies":[{"name":"wp","href":"https:\/\/api.w.org\/{rel}","templated":true}]}}