{"id":6973,"date":"2025-11-10T07:53:12","date_gmt":"2025-11-10T07:53:12","guid":{"rendered":"https:\/\/yenhung.com\/?product=mo-boi-tron-crc-food-grade-contaminant-label-release-400ml"},"modified":"2026-02-11T03:59:45","modified_gmt":"2026-02-11T03:59:45","slug":"mo-boi-tron-crc-food-grade-contaminant-label-release-400ml","status":"publish","type":"product","link":"https:\/\/yenhung.com\/?product=mo-boi-tron-crc-food-grade-contaminant-label-release-400ml","title":{"rendered":"M\u1ee1 b\u00f4i tr\u01a1n crc food grade contaminant &#038; label release, 400ml"},"content":{"rendered":"<div class=\"ba-text-fpt\">\n<h2 data-sourcepos=\"1:1-1:108\"><strong>CRC Food Grade Contaminant &amp; Label Release: Gi\u1ea3i ph\u00e1p v\u1ec7 sinh an to\u00e0n cho ng\u00e0nh c\u00f4ng nghi\u1ec7p th\u1ef1c ph\u1ea9m<\/strong><\/h2>\n<p><img decoding=\"async\" title=\"crc-food-grade-contaminant-label-release-jpeg-1\" src=\"https:\/\/yenhung.com\/wp-content\/uploads\/2025\/11\/crc-food-grade-contaminant-label-release-jpeg-1.jpg\" alt=\"CRC Food Grade Contaminant &amp; Label Release\" data-thumb=\"large\" \/><\/p>\n<p data-sourcepos=\"3:1-3:48\"><strong>CRC Food Grade Contaminant &amp; Label Release<\/strong> l\u00e0 s\u1ea3n ph\u1ea9m t\u1ea9y r\u1eeda chuy\u00ean d\u1ee5ng \u0111\u01b0\u1ee3c thi\u1ebft k\u1ebf \u0111\u1ec3 lo\u1ea1i b\u1ecf b\u1ee5i b\u1ea9n, d\u1ea7u m\u1ee1, keo d\u00e1n v\u00e0 c\u00e1c ch\u1ea5t b\u1ea9n kh\u00e1c kh\u1ecfi m\u00e1y m\u00f3c v\u00e0 thi\u1ebft b\u1ecb \u0111i\u1ec7n trong ng\u00e0nh c\u00f4ng nghi\u1ec7p th\u1ef1c ph\u1ea9m. S\u1ea3n ph\u1ea9m \u0111\u01b0\u1ee3c ch\u1ee9ng nh\u1eadn an to\u00e0n th\u1ef1c ph\u1ea9m NSF H1, \u0111\u1ea3m b\u1ea3o an to\u00e0n cho vi\u1ec7c s\u1eed d\u1ee5ng trong m\u00f4i tr\u01b0\u1eddng ch\u1ebf bi\u1ebfn th\u1ef1c ph\u1ea9m.<\/p>\n<h2 data-sourcepos=\"5:1-5:20\"><strong>\u01afu \u0111i\u1ec3m n\u1ed5i b\u1eadt:<\/strong><\/h2>\n<ul data-sourcepos=\"7:1-7:70\">\n<li data-sourcepos=\"7:1-7:70\"><strong>Lo\u1ea1i b\u1ecf hi\u1ec7u qu\u1ea3:<\/strong> CRC Food Grade Contaminant &amp; Label Release c\u00f3 kh\u1ea3 n\u0103ng lo\u1ea1i b\u1ecf nhanh ch\u00f3ng v\u00e0 hi\u1ec7u qu\u1ea3 c\u00e1c ch\u1ea5t b\u1ea9n c\u1ee9ng \u0111\u1ea7u nh\u01b0 b\u1ee5i b\u1ea9n, d\u1ea7u m\u1ee1, keo d\u00e1n, keo d\u00ednh, nh\u00e3n d\u00e1n,&#8230;<\/li>\n<li data-sourcepos=\"8:1-8:173\"><strong>An to\u00e0n cho th\u1ef1c ph\u1ea9m:<\/strong> S\u1ea3n ph\u1ea9m \u0111\u01b0\u1ee3c ch\u1ee9ng nh\u1eadn NSF H1, \u0111\u1ea3m b\u1ea3o an to\u00e0n cho vi\u1ec7c s\u1eed d\u1ee5ng trong m\u00f4i tr\u01b0\u1eddng ch\u1ebf bi\u1ebfn th\u1ef1c ph\u1ea9m v\u00e0 kh\u00f4ng \u1ea3nh h\u01b0\u1edfng \u0111\u1ebfn h\u01b0\u01a1ng v\u1ecb th\u1ef1c ph\u1ea9m.<\/li>\n<li data-sourcepos=\"9:1-9:97\"><strong>Kh\u00f4 nhanh:<\/strong> CRC Food Grade Contaminant &amp; Label Release bay h\u01a1i nhanh ch\u00f3ng, kh\u00f4ng \u0111\u1ec3 l\u1ea1i d\u01b0 l\u01b0\u1ee3ng tr\u00ean b\u1ec1 m\u1eb7t, gi\u00fap ti\u1ebft ki\u1ec7m th\u1eddi gian v\u00e0 c\u00f4ng s\u1ee9c v\u1ec7 sinh.<\/li>\n<li data-sourcepos=\"10:1-10:137\"><strong>B\u1ea3o v\u1ec7 b\u1ec1 m\u1eb7t:<\/strong> S\u1ea3n ph\u1ea9m kh\u00f4ng g\u00e2y h\u1ea1i cho c\u00e1c b\u1ec1 m\u1eb7t kim lo\u1ea1i, nh\u1ef1a, cao su v\u00e0 s\u01a1n, gi\u00fap b\u1ea3o v\u1ec7 thi\u1ebft b\u1ecb kh\u1ecfi b\u1ecb \u0103n m\u00f2n v\u00e0 h\u01b0 h\u1ecfng.<\/li>\n<li data-sourcepos=\"11:1-12:0\"><strong>D\u1ec5 s\u1eed d\u1ee5ng:<\/strong> CRC Food Grade Contaminant &amp; Label Release \u0111\u01b0\u1ee3c thi\u1ebft k\u1ebf d\u1ea1ng chai x\u1ecbt ti\u1ec7n l\u1ee3i, d\u1ec5 d\u00e0ng s\u1eed d\u1ee5ng m\u00e0 kh\u00f4ng c\u1ea7n d\u1ee5ng c\u1ee5 h\u1ed7 tr\u1ee3.<\/li>\n<\/ul>\n<h2 data-sourcepos=\"13:1-13:13\"><strong>\u1ee8ng d\u1ee5ng:<\/strong><\/h2>\n<p><strong><img decoding=\"async\" title=\"mo-bo-i-tro-n-crc-food-grade-contaminant-label-release-jpeg-2\" src=\"https:\/\/yenhung.com\/wp-content\/uploads\/2025\/11\/mo-bo-i-tro-n-crc-food-grade-contaminant-label-release-jpeg-2.jpg\" alt=\"CRC Food Grade Contaminant &amp; Label Release\" data-thumb=\"large\" \/><\/strong><\/p>\n<ul data-sourcepos=\"15:1-19:0\">\n<li data-sourcepos=\"15:1-15:89\">V\u1ec7 sinh m\u00e1y m\u00f3c v\u00e0 thi\u1ebft b\u1ecb ch\u1ebf bi\u1ebfn th\u1ef1c ph\u1ea9m nh\u01b0 m\u00e1y tr\u1ed9n, m\u00e1y th\u00e1i, m\u00e1y \u0111\u00f3ng g\u00f3i,&#8230;<\/li>\n<li data-sourcepos=\"16:1-16:67\">Lo\u1ea1i b\u1ecf keo d\u00e1n, nh\u00e3n d\u00e1n tr\u00ean c\u00e1c b\u1ec1 m\u1eb7t kim lo\u1ea1i, nh\u1ef1a, cao su.<\/li>\n<li data-sourcepos=\"17:1-17:73\">V\u1ec7 sinh c\u00e1c b\u1ed9 ph\u1eadn \u0111i\u1ec7n v\u00e0 c\u01a1 kh\u00ed trong m\u00f4i tr\u01b0\u1eddng ch\u1ebf bi\u1ebfn th\u1ef1c ph\u1ea9m.<\/li>\n<li data-sourcepos=\"18:1-19:0\">L\u00e0m s\u1ea1ch c\u00e1c b\u1ec1 m\u1eb7t b\u1ecb d\u00ednh d\u1ea7u m\u1ee1, b\u1ee5i b\u1ea9n.<\/li>\n<\/ul>\n<h2 data-sourcepos=\"20:1-20:17\"><strong>C\u00e1ch s\u1eed d\u1ee5ng:<\/strong><\/h2>\n<ol data-sourcepos=\"22:1-24:36\">\n<li data-sourcepos=\"22:1-22:33\">L\u1eafc k\u1ef9 chai tr\u01b0\u1edbc khi s\u1eed d\u1ee5ng.<\/li>\n<li data-sourcepos=\"23:1-23:50\">X\u1ecbt tr\u1ef1c ti\u1ebfp s\u1ea3n ph\u1ea9m l\u00ean b\u1ec1 m\u1eb7t c\u1ea7n l\u00e0m s\u1ea1ch.<\/li>\n<li data-sourcepos=\"24:1-24:36\">D\u00f9ng kh\u0103n s\u1ea1ch \u0111\u1ec3 lau ch\u00f9i b\u1ec1 m\u1eb7t.<\/li>\n<li data-sourcepos=\"25:1-26:0\">\u0110\u1ec3 b\u1ec1 m\u1eb7t kh\u00f4 ho\u00e0n to\u00e0n tr\u01b0\u1edbc khi s\u1eed d\u1ee5ng thi\u1ebft b\u1ecb.<\/li>\n<\/ol>\n<h2 data-sourcepos=\"27:1-27:10\"><strong>L\u01b0u \u00fd:<\/strong><\/h2>\n<ul data-sourcepos=\"29:1-33:0\">\n<li data-sourcepos=\"29:1-29:31\">Tr\u00e1nh ti\u1ebfp x\u00fac v\u1edbi m\u1eaft v\u00e0 da.<\/li>\n<li data-sourcepos=\"30:1-30:18\">Kh\u00f4ng \u0111\u01b0\u1ee3c nu\u1ed1t.<\/li>\n<li data-sourcepos=\"31:1-31:35\">B\u1ea3o qu\u1ea3n n\u01a1i kh\u00f4 r\u00e1o, tho\u00e1ng m\u00e1t.<\/li>\n<li data-sourcepos=\"32:1-33:0\">Tr\u00e1nh xa t\u1ea7m tay tr\u1ebb em.<\/li>\n<\/ul>\n<p data-sourcepos=\"34:1-34:249\"><strong>CRC Food Grade Contaminant &amp; Label Release<\/strong> l\u00e0 s\u1ea3n ph\u1ea9m c\u1ea7n thi\u1ebft cho vi\u1ec7c v\u1ec7 sinh m\u00e1y m\u00f3c v\u00e0 thi\u1ebft b\u1ecb trong ng\u00e0nh c\u00f4ng nghi\u1ec7p th\u1ef1c ph\u1ea9m. H\u00e3y s\u1eed d\u1ee5ng s\u1ea3n ph\u1ea9m \u0111\u1ec3 \u0111\u1ea3m b\u1ea3o an to\u00e0n v\u1ec7 sinh th\u1ef1c ph\u1ea9m v\u00e0 b\u1ea3o v\u1ec7 thi\u1ebft b\u1ecb c\u1ee7a b\u1ea1n ho\u1ea1t \u0111\u1ed9ng hi\u1ec7u qu\u1ea3.<\/p>\n<\/div>\n","protected":false},"excerpt":{"rendered":"<p><strong>T\u00ean sa\u0309n ph\u00e2\u0309m:<\/strong>\u00a0CRC Food Grade Contaminant &amp; Label Release<\/p>\n","protected":false},"featured_media":6974,"comment_status":"closed","ping_status":"closed","template":"","meta":[],"product_brand":[],"product_cat":[157],"product_tag":[],"class_list":{"0":"post-6973","1":"product","2":"type-product","3":"status-publish","4":"has-post-thumbnail","6":"product_cat-crc","8":"first","9":"instock","10":"shipping-taxable","11":"product-type-simple"},"_links":{"self":[{"href":"https:\/\/yenhung.com\/index.php?rest_route=\/wp\/v2\/product\/6973","targetHints":{"allow":["GET"]}}],"collection":[{"href":"https:\/\/yenhung.com\/index.php?rest_route=\/wp\/v2\/product"}],"about":[{"href":"https:\/\/yenhung.com\/index.php?rest_route=\/wp\/v2\/types\/product"}],"replies":[{"embeddable":true,"href":"https:\/\/yenhung.com\/index.php?rest_route=%2Fwp%2Fv2%2Fcomments&post=6973"}],"wp:featuredmedia":[{"embeddable":true,"href":"https:\/\/yenhung.com\/index.php?rest_route=\/wp\/v2\/media\/6974"}],"wp:attachment":[{"href":"https:\/\/yenhung.com\/index.php?rest_route=%2Fwp%2Fv2%2Fmedia&parent=6973"}],"wp:term":[{"taxonomy":"product_brand","embeddable":true,"href":"https:\/\/yenhung.com\/index.php?rest_route=%2Fwp%2Fv2%2Fproduct_brand&post=6973"},{"taxonomy":"product_cat","embeddable":true,"href":"https:\/\/yenhung.com\/index.php?rest_route=%2Fwp%2Fv2%2Fproduct_cat&post=6973"},{"taxonomy":"product_tag","embeddable":true,"href":"https:\/\/yenhung.com\/index.php?rest_route=%2Fwp%2Fv2%2Fproduct_tag&post=6973"}],"curies":[{"name":"wp","href":"https:\/\/api.w.org\/{rel}","templated":true}]}}