{"id":7083,"date":"2025-11-10T07:54:39","date_gmt":"2025-11-10T07:54:39","guid":{"rendered":"https:\/\/yenhung.com\/?product=hoa-chat-crc-welder-anti-spatter-code-3033"},"modified":"2026-02-11T03:43:06","modified_gmt":"2026-02-11T03:43:06","slug":"hoa-chat-crc-welder-anti-spatter-code-3033","status":"publish","type":"product","link":"https:\/\/yenhung.com\/?product=hoa-chat-crc-welder-anti-spatter-code-3033","title":{"rendered":"H\u00f3a ch\u1ea5t crc welder anti-spatter, code 3033"},"content":{"rendered":"<div class=\"ba-text-fpt\">\n<h2><strong>M\u00f4 t\u1ea3 s\u1ea3n ph\u1ea9m<\/strong><\/h2>\n<p><img decoding=\"async\" title=\"crc-3033-jpeg-2\" src=\"https:\/\/yenhung.com\/wp-content\/uploads\/2025\/11\/crc-3033-jpeg-2.jpg\" alt=\"B\u00ecnh x\u1ecbt t\u1ea1o l\u1edbp ph\u1ee7 ch\u1ed1ng x\u1ec9 h\u00e0n CRC Welder Anti-spatter (code 3033)\" data-thumb=\"large\" \/><\/p>\n<p>CRC Anti-Spatter for Welding l\u00e0 ch\u1ea5t b\u00f4i tr\u01a1n g\u1ed1c n\u01b0\u1edbc c\u00f4ng ngh\u1ec7 ti\u00ean ti\u1ebfn cung c\u1ea5p m\u1ed9t l\u1edbp ph\u1ee7 nhanh ch\u00f3ng v\u00e0 hi\u1ec7u qu\u1ea3 \u0111\u1ec3 ng\u0103n ch\u1eb7n tia l\u1eeda h\u00e0n b\u00e1m v\u00e0o b\u1ec1 m\u1eb7t kim lo\u1ea1i xung quanh.\u00a0CRC Anti-Spatter cho h\u00e0n ti\u1ebft ki\u1ec7m th\u1eddi gian v\u00e0 l\u00e0m s\u1ea1ch d\u1ec5 d\u00e0ng b\u1eb1ng c\u00e1ch lo\u1ea1i b\u1ecf nhu c\u1ea7u \u0111\u1ee5c, m\u00e0i ho\u1eb7c b\u00e0n ch\u1ea3i s\u1eaft b\u1eafn tung t\u00f3e sau khi h\u00e0n.\u00a0M\u00e0ng g\u1ed1c n\u01b0\u1edbc c\u00f3 th\u1ec3 d\u1ec5 d\u00e0ng lo\u1ea1i b\u1ecf b\u1eb1ng c\u00e1ch lau b\u1eb1ng v\u1ea3i ho\u1eb7c gi\u1ebb, \u0111\u1ec3 l\u1ea1i b\u1ec1 m\u1eb7t s\u1eb5n s\u00e0ng cho s\u01a1n ho\u1eb7c l\u1edbp ph\u1ee7 b\u1ea3o v\u1ec7 nh\u01b0 CRC Zinc-It\u00ae<\/p>\n<h2><strong>C\u00c1C \u1ee8NG D\u1ee4NG<\/strong><\/h2>\n<p><img decoding=\"async\" title=\"crc-3033-1-jpeg-1\" src=\"https:\/\/yenhung.com\/wp-content\/uploads\/2025\/11\/crc-3033-1-jpeg-1.jpg\" alt=\"B\u00ecnh x\u1ecbt t\u1ea1o l\u1edbp ph\u1ee7 ch\u1ed1ng x\u1ec9 h\u00e0n CRC Welder Anti-spatter (code 3033)\" data-thumb=\"large\" \/><\/p>\n<p>\u0110\u01b0\u1ee3c khuy\u1ebfn ngh\u1ecb s\u1eed d\u1ee5ng cho c\u00e1c \u0111\u1ea7u h\u00e0n \u0111i\u1ec7n tr\u1edf, \u0111\u1ea7u MIG &amp; TIG, m\u1ed1i h\u00e0n, gi\u00e1 \u0111\u1ee1 \u0111i\u1ec7n c\u1ef1c, \u0111\u1ea7u ti\u1ebfp x\u00fac, d\u1ee5ng c\u1ee5, khu\u00f4n kim lo\u1ea1i v\u00e0 b\u1ed9 ph\u1eadn b\u1ea3o v\u1ec7 ch\u1ed1ng v\u0103ng tr\u00ean b\u0103ng gh\u1ebf d\u1ef1 b\u1ecb.<\/p>\n<h2><strong>C\u00c1C T\u00cdNH N\u0102NG V\u00c0 L\u1ee2I \u00cdCH<\/strong><\/h2>\n<p><img decoding=\"async\" title=\"crc-3033-2-jpeg-1\" src=\"https:\/\/yenhung.com\/wp-content\/uploads\/2025\/11\/crc-3033-2-jpeg-1.jpg\" alt=\"B\u00ecnh x\u1ecbt t\u1ea1o l\u1edbp ph\u1ee7 ch\u1ed1ng x\u1ec9 h\u00e0n CRC Welder Anti-spatter (code 3033)\" data-thumb=\"large\" \/><\/p>\n<p>C\u00f4ng th\u1ee9c d\u1ef1a tr\u00ean n\u01b0\u1edbc, cho ph\u00e9p l\u00e0m s\u1ea1ch d\u1ec5 d\u00e0ng m\u00e0 kh\u00f4ng c\u1ea7n ch\u1ea5t t\u1ea9y r\u1eeda dung m\u00f4i.\u00a0Gi\u1ea3m thi\u1ec3u c\u00e1c v\u1ea5n \u0111\u1ec1 v\u1ec1 \u0111\u1ed9 b\u00e1m d\u00ednh c\u1ee7a s\u01a1n v\u00e0 l\u1edbp ph\u1ee7 do c\u1eb7n d\u1ea7u m\u1ecf v\u00e0 silicone g\u00e2y ra, \u0111\u1ed3ng th\u1eddi cho ph\u00e9p h\u00e0n c\u00e1c b\u1ed9 ph\u1eadn khi c\u00f2n \u01b0\u1edbt.\u00a0M\u00f9i th\u1ea5p, th\u00fac \u0111\u1ea9y m\u1ed9t m\u00f4i tr\u01b0\u1eddng l\u00e0m vi\u1ec7c t\u1ed1t h\u01a1n v\u00e0 s\u1ef1 tho\u1ea3i m\u00e1i cho ng\u01b0\u1eddi d\u00f9ng.<\/p>\n<table id=\"product-attribute-specs-table\">\n<tbody>\n<tr>\n<th scope=\"row\">M\u00c3 V\u1ea0CH<\/th>\n<td data-th=\"Barcode\">9310832080337<\/td>\n<\/tr>\n<tr>\n<th scope=\"row\">\u0110I\u1ec2M S\u00c1NG<\/th>\n<td data-th=\"Flash Point\">&lt;0 \u2103 (CH\u1ea4T \u0110\u1ea8Y) &lt;0 \u2103 TCC (ASTM D56)<\/td>\n<\/tr>\n<tr>\n<th scope=\"row\">\u0110\u1ed8 S\u00c2U \u0110\u01a0N V\u1eca (MM)<\/th>\n<td data-th=\"Unit Depth (mm)\">65<\/td>\n<\/tr>\n<tr>\n<th scope=\"row\">CHI\u1ec0U CAO \u0110\u01a0N V\u1eca (MM)<\/th>\n<td data-th=\"Unit Height (mm)\">210<\/td>\n<\/tr>\n<tr>\n<th scope=\"row\">M\u00d4 T\u1ea2 G\u00d3I \u0110\u01a0N V\u1eca<\/th>\n<td data-th=\"Unit Package Description\">300G KH\u00cd DUNG<\/td>\n<\/tr>\n<tr>\n<th scope=\"row\">K\u00cdCH TH\u01af\u1edaC \u0110\u01a0N V\u1eca<\/th>\n<td data-th=\"Unit Size\">300G<\/td>\n<\/tr>\n<tr>\n<th scope=\"row\">CHI\u1ec0U R\u1ed8NG \u0110\u01a0N V\u1eca (MM)<\/th>\n<td data-th=\"Unit Width (mm)\">65<\/td>\n<\/tr>\n<\/tbody>\n<\/table>\n<p>&nbsp;<\/p>\n<\/div>\n","protected":false},"excerpt":{"rendered":"<p><strong>PRODUCT CODE<\/strong> : 3033<br \/>\n<strong>T\u00ean sa\u0309n ph\u00e2\u0309m: B\u00ecnh x\u1ecbt t\u1ea1o l\u1edbp ph\u1ee7 ch\u1ed1ng x\u1ec9 h\u00e0n<\/strong><br \/>\n<strong>T\u00ecnh tr\u1ea1ng:<\/strong> Li\u00ean h\u1ec7 S\u0110T 090 666 5927 .<br \/>\n<strong>Kho:<\/strong> H\u1ed3 Ch\u00ed Minh.<br \/>\n<strong>Li\u00ean h\u1ec7:<\/strong> 090.666.5927 (24\/7)<br \/>\n<strong>Giao h\u00e0ng:<\/strong> Trong ng\u00e0y<\/p>\n","protected":false},"featured_media":7084,"comment_status":"closed","ping_status":"closed","template":"","meta":[],"product_brand":[],"product_cat":[157],"product_tag":[],"class_list":{"0":"post-7083","1":"product","2":"type-product","3":"status-publish","4":"has-post-thumbnail","6":"product_cat-crc","8":"first","9":"instock","10":"shipping-taxable","11":"product-type-simple"},"_links":{"self":[{"href":"https:\/\/yenhung.com\/index.php?rest_route=\/wp\/v2\/product\/7083","targetHints":{"allow":["GET"]}}],"collection":[{"href":"https:\/\/yenhung.com\/index.php?rest_route=\/wp\/v2\/product"}],"about":[{"href":"https:\/\/yenhung.com\/index.php?rest_route=\/wp\/v2\/types\/product"}],"replies":[{"embeddable":true,"href":"https:\/\/yenhung.com\/index.php?rest_route=%2Fwp%2Fv2%2Fcomments&post=7083"}],"wp:featuredmedia":[{"embeddable":true,"href":"https:\/\/yenhung.com\/index.php?rest_route=\/wp\/v2\/media\/7084"}],"wp:attachment":[{"href":"https:\/\/yenhung.com\/index.php?rest_route=%2Fwp%2Fv2%2Fmedia&parent=7083"}],"wp:term":[{"taxonomy":"product_brand","embeddable":true,"href":"https:\/\/yenhung.com\/index.php?rest_route=%2Fwp%2Fv2%2Fproduct_brand&post=7083"},{"taxonomy":"product_cat","embeddable":true,"href":"https:\/\/yenhung.com\/index.php?rest_route=%2Fwp%2Fv2%2Fproduct_cat&post=7083"},{"taxonomy":"product_tag","embeddable":true,"href":"https:\/\/yenhung.com\/index.php?rest_route=%2Fwp%2Fv2%2Fproduct_tag&post=7083"}],"curies":[{"name":"wp","href":"https:\/\/api.w.org\/{rel}","templated":true}]}}