{"id":7138,"date":"2025-11-10T07:55:49","date_gmt":"2025-11-10T07:55:49","guid":{"rendered":"https:\/\/yenhung.com\/?product=rocol-dry-moly-spray"},"modified":"2026-02-11T03:21:44","modified_gmt":"2026-02-11T03:21:44","slug":"rocol-dry-moly-spray","status":"publish","type":"product","link":"https:\/\/yenhung.com\/?product=rocol-dry-moly-spray","title":{"rendered":"Rocol dry moly spray"},"content":{"rendered":"<div class=\"ba-text-fpt\">\n<h2><strong>M\u00f4 t\u1ea3 s\u1ea3n ph\u1ea9m<\/strong><\/h2>\n<p><img decoding=\"async\" title=\"rocol-dry-moly-spray-2\" src=\"https:\/\/yenhung.com\/wp-content\/uploads\/2025\/11\/rocol-dry-moly-spray-2.png\" alt=\"ROCOL DRY MOLY Spray\" data-thumb=\"large\" \/><\/p>\n<h2><strong>\u0110\u1eb7c \u0111i\u1ec3m<\/strong><\/h2>\n<p><strong><img decoding=\"async\" title=\"z5264411566438-ab29271ba96cdcc74507abca76b1a197-1\" src=\"https:\/\/yenhung.com\/wp-content\/uploads\/2025\/11\/z5264411566438-ab29271ba96cdcc74507abca76b1a197-1.jpg\" alt=\"ROCOL DRY MOLY Spray\" data-thumb=\"large\" \/><\/strong><\/p>\n<p>L\u1edbp ph\u1ee7 m\u00e0ng kh\u00f4 n\u00e0y l\u00fd t\u01b0\u1edfng cho nh\u1eefng n\u01a1i kh\u00f4ng th\u1ec3 dung n\u1ea1p ch\u1ea5t b\u00f4i tr\u01a1n m\u00e0ng \u01b0\u1edbt<\/p>\n<p>Ng\u0103n ch\u1eb7n phi m\u00e3, pick-up v\u00e0 thu gi\u1eef<\/p>\n<p>Ch\u1ecbu \u0111\u01b0\u1ee3c t\u1ea3i tr\u1ecdng cao (l\u00ean \u0111\u1ebfn 7.000 kg\/cm2)<\/p>\n<p>Ch\u1ed1ng m\u00e0i m\u00f2n tuy\u1ec7t v\u1eddi<\/p>\n<p>D\u1ea3i nhi\u1ec7t \u0111\u1ed9 r\u1ed9ng t\u1eeb -50\u00b0C \u0111\u1ebfn + 450\u00b0C<\/p>\n<p>B\u00ecnh x\u1ecbt aerosol kh\u00f4 nhanh<\/p>\n<p>S\u1ef1 ch\u1ea5p thu\u1eadn c\u1ee7a Rolls Royce, RAF, H\u1ea3i qu\u00e2n v\u00e0 NATO<\/p>\n<h2><strong>Th\u00f4ng tin s\u1ea3n ph\u1ea9m <\/strong><\/h2>\n<p><strong><img decoding=\"async\" title=\"z5264411538019-670b9c3375dbf7a3371a3ec11ea02aae-1\" src=\"https:\/\/yenhung.com\/wp-content\/uploads\/2025\/11\/z5264411538019-670b9c3375dbf7a3371a3ec11ea02aae-1.jpg\" alt=\"ROCOL DRY MOLY Spray\" data-thumb=\"large\" \/><\/strong><\/p>\n<p>B\u00ecnh x\u1ecbt molybdenum disulphide m\u00e0ng kh\u00f4 c\u00f3 \u0111\u1ed9 tinh khi\u1ebft cao, c\u1ef1c t\u1ea3i \u0111\u01b0\u1ee3c thi\u1ebft k\u1ebf \u0111\u1ec3 s\u1eed d\u1ee5ng \u1edf nh\u1eefng n\u01a1i kh\u00f4ng th\u1ec3 dung n\u1ea1p ch\u1ea5t b\u00f4i tr\u01a1n \u01b0\u1edbt.<\/p>\n<p>DRY MOLY X\u1ecbt \u0111\u01b0\u1ee3c s\u1eed d\u1ee5ng \u01b0\u1edbt \u0111\u1ec3 th\u1ea9m th\u1ea5u t\u1ed1t. B\u00ecnh x\u1ecbt kh\u00f4 nhanh \u0111\u01b0\u1ee3c l\u00e0m kh\u00f4 trong v\u00f2ng 2 \u2013 3 ph\u00fat, \u0111\u1ec3 l\u1ea1i m\u1ed9t l\u1edbp m\u00e0ng b\u1ea3o v\u1ec7 kh\u00f4 ch\u1ee9a h\u01a1n 70% molybdenum disulphide.<\/p>\n<p>DRY MOLY Spray l\u00e0 ch\u1ea5t b\u00f4i tr\u01a1n l\u1eafp r\u00e1p cho c\u00e1c b\u1ec1 m\u1eb7t tr\u01b0\u1ee3t nh\u01b0 \u1ed5 tr\u01b0\u1ee3t, ch\u1ed1t, cam v\u00e0 r\u00e3nh tr\u01b0\u1ee3t nh\u1eb1m gi\u1ea3m ma s\u00e1t v\u00e0 do \u0111\u00f3 t\u0103ng tu\u1ed5i th\u1ecd c\u1ee7a c\u00e1c b\u1ed9 ph\u1eadn chuy\u1ec3n \u0111\u1ed9ng.<\/p>\n<p>B\u00ecnh x\u1ecbt ch\u1ea5t b\u00f4i tr\u01a1n aerosol c\u0169ng c\u00f3 th\u1ec3 \u0111\u01b0\u1ee3c s\u1eed d\u1ee5ng k\u1ebft h\u1ee3p v\u1edbi ch\u1ea5t b\u00f4i tr\u01a1n m\u00e0ng \u01b0\u1edbt gi\u00fap n\u00e2ng cao hi\u1ec7u su\u1ea5t v\u00e0 k\u00e9o d\u00e0i tu\u1ed5i th\u1ecd c\u1ee7a c\u00e1c b\u1ed9 ph\u1eadn v\u00e0 c\u1ee5m l\u1eafp r\u00e1p.<\/p>\n<p>C\u0169ng c\u00f3 s\u1eb5n \u1edf d\u1ea1ng b\u1ed9t nh\u00e3o v\u00e0 d\u1ea1ng l\u1ecfng.<\/p>\n<\/div>\n","protected":false},"excerpt":{"rendered":"<p><strong>T\u00ean sa\u0309n ph\u00e2\u0309m: DRY MOLY Spray<\/strong><\/p>\n","protected":false},"featured_media":7139,"comment_status":"closed","ping_status":"closed","template":"","meta":[],"product_brand":[],"product_cat":[158],"product_tag":[],"class_list":{"0":"post-7138","1":"product","2":"type-product","3":"status-publish","4":"has-post-thumbnail","6":"product_cat-rocol","8":"first","9":"instock","10":"shipping-taxable","11":"product-type-simple"},"_links":{"self":[{"href":"https:\/\/yenhung.com\/index.php?rest_route=\/wp\/v2\/product\/7138","targetHints":{"allow":["GET"]}}],"collection":[{"href":"https:\/\/yenhung.com\/index.php?rest_route=\/wp\/v2\/product"}],"about":[{"href":"https:\/\/yenhung.com\/index.php?rest_route=\/wp\/v2\/types\/product"}],"replies":[{"embeddable":true,"href":"https:\/\/yenhung.com\/index.php?rest_route=%2Fwp%2Fv2%2Fcomments&post=7138"}],"wp:featuredmedia":[{"embeddable":true,"href":"https:\/\/yenhung.com\/index.php?rest_route=\/wp\/v2\/media\/7139"}],"wp:attachment":[{"href":"https:\/\/yenhung.com\/index.php?rest_route=%2Fwp%2Fv2%2Fmedia&parent=7138"}],"wp:term":[{"taxonomy":"product_brand","embeddable":true,"href":"https:\/\/yenhung.com\/index.php?rest_route=%2Fwp%2Fv2%2Fproduct_brand&post=7138"},{"taxonomy":"product_cat","embeddable":true,"href":"https:\/\/yenhung.com\/index.php?rest_route=%2Fwp%2Fv2%2Fproduct_cat&post=7138"},{"taxonomy":"product_tag","embeddable":true,"href":"https:\/\/yenhung.com\/index.php?rest_route=%2Fwp%2Fv2%2Fproduct_tag&post=7138"}],"curies":[{"name":"wp","href":"https:\/\/api.w.org\/{rel}","templated":true}]}}