{"id":7163,"date":"2025-11-10T07:57:52","date_gmt":"2025-11-10T07:57:52","guid":{"rendered":"https:\/\/yenhung.com\/?product=chat-tham-goc-nuoc-magnaflux-skl-4c-5-gallon-thung"},"modified":"2026-02-11T02:30:39","modified_gmt":"2026-02-11T02:30:39","slug":"chat-tham-goc-nuoc-magnaflux-skl-4c-5-gallon-thung","status":"publish","type":"product","link":"https:\/\/yenhung.com\/?product=chat-tham-goc-nuoc-magnaflux-skl-4c-5-gallon-thung","title":{"rendered":"Ch\u1ea5t th\u1ea5m g\u1ed1c n\u01b0\u1edbc Magnaflux SKL-4C (5 gallon\/th\u00f9ng)"},"content":{"rendered":"<div class=\"ba-text-fpt\">\n<h2 data-sourcepos=\"1:1-1:241\"><strong>Ch\u1ea5t th\u1ea5m g\u1ed1c n\u01b0\u1edbc Magnaflux SKL-4C (5 gallon\/th\u00f9ng)<\/strong><\/h2>\n<p><strong><img decoding=\"async\" title=\"chat-tham-goc-nuoc-magnaflux-skl-4c-c-2\" src=\"https:\/\/yenhung.com\/wp-content\/uploads\/2025\/11\/chat-tham-goc-nuoc-magnaflux-skl-4c-c-2.png\" alt=\"Ch\u1ea5t th\u1ea5m g\u1ed1c n\u01b0\u1edbc Magnaflux SKL-4C (5 gallon\/th\u00f9ng)\" data-thumb=\"large\" \/><\/strong><\/p>\n<p data-sourcepos=\"1:1-1:241\"><strong>Ch\u1ea5t th\u1ea5m g\u1ed1c n\u01b0\u1edbc Magnaflux SKL-4C<\/strong>. \u0110\u00e2y l\u00e0 m\u1ed9t s\u1ea3n ph\u1ea9m quan tr\u1ecdng trong l\u0129nh v\u1ef1c <strong>ki\u1ec3m tra kh\u00f4ng ph\u00e1 h\u1ee7y (Non-Destructive Testing &#8211; NDT)<\/strong>, c\u1ee5 th\u1ec3 l\u00e0 ph\u01b0\u01a1ng ph\u00e1p <strong>ki\u1ec3m tra th\u1ea9m th\u1ea5u (Liquid Penetrant Testing &#8211; LPT)<\/strong>.<\/p>\n<p data-sourcepos=\"3:1-3:177\">Magnaflux SKL-4C l\u00e0 m\u1ed9t lo\u1ea1i <strong>thu\u1ed1c th\u1ea5m (penetrant)<\/strong> thu\u1ed9c d\u00f2ng <strong>Spotcheck\u00ae<\/strong> c\u1ee7a Magnaflux, \u0111\u01b0\u1ee3c thi\u1ebft k\u1ebf \u0111\u1ec3 ph\u00e1t hi\u1ec7n c\u00e1c v\u1ebft n\u1ee9t, khuy\u1ebft t\u1eadt h\u1edf b\u1ec1 m\u1eb7t trong c\u00e1c v\u1eadt li\u1ec7u<\/p>\n<h3 data-sourcepos=\"7:1-7:63\">\u0110\u1eb7c \u0111i\u1ec3m n\u1ed5i b\u1eadt c\u1ee7a Ch\u1ea5t th\u1ea5m g\u1ed1c n\u01b0\u1edbc Magnaflux SKL-4C<\/h3>\n<p><img decoding=\"async\" title=\"chat-tham-goc-nuoc-magnaflux-skl-4c-b-1\" src=\"https:\/\/yenhung.com\/wp-content\/uploads\/2025\/11\/chat-tham-goc-nuoc-magnaflux-skl-4c-b-1.jpg\" alt=\"Ch\u1ea5t th\u1ea5m g\u1ed1c n\u01b0\u1edbc Magnaflux SKL-4C (5 gallon\/th\u00f9ng)\" data-thumb=\"large\" \/><\/p>\n<p data-sourcepos=\"9:1-9:84\">Magnaflux SKL-4C c\u00f3 nh\u1eefng \u0111\u1eb7c t\u00ednh chuy\u00ean bi\u1ec7t ph\u00f9 h\u1ee3p cho vi\u1ec7c ki\u1ec3m tra khuy\u1ebft t\u1eadt:<\/p>\n<ul data-sourcepos=\"11:1-20:0\">\n<li data-sourcepos=\"11:1-11:182\"><strong>L\u00e0 thu\u1ed1c th\u1ea5m d\u1ea1ng n\u01b0\u1edbc (Water-Based):<\/strong> \u0110\u00e2y l\u00e0 \u0111\u1eb7c \u0111i\u1ec3m ch\u00ednh, c\u00f3 ngh\u0129a l\u00e0 th\u00e0nh ph\u1ea7n ch\u1ee7 y\u1ebfu l\u00e0 n\u01b0\u1edbc, gi\u00fap s\u1ea3n ph\u1ea9m th\u00e2n thi\u1ec7n v\u1edbi m\u00f4i tr\u01b0\u1eddng h\u01a1n v\u00e0 d\u1ec5 d\u00e0ng l\u00e0m s\u1ea1ch b\u1eb1ng n\u01b0\u1edbc.<\/li>\n<li data-sourcepos=\"12:1-12:258\"><strong>C\u00f3 th\u1ec3 l\u00e0m s\u1ea1ch b\u1eb1ng n\u01b0\u1edbc (Water Washable):<\/strong> Sau khi th\u1eddi gian th\u1ea5m, SKL-4C c\u00f3 th\u1ec3 d\u1ec5 d\u00e0ng \u0111\u01b0\u1ee3c lo\u1ea1i b\u1ecf kh\u1ecfi b\u1ec1 m\u1eb7t b\u1eb1ng c\u00e1ch r\u1eeda b\u1eb1ng n\u01b0\u1edbc (ph\u01b0\u01a1ng ph\u00e1p A &#8211; theo ti\u00eau chu\u1ea9n ki\u1ec3m tra th\u1ea9m th\u1ea5u). \u0110i\u1ec1u n\u00e0y gi\u00fap qu\u00e1 tr\u00ecnh ki\u1ec3m tra nhanh ch\u00f3ng v\u00e0 thu\u1eadn ti\u1ec7n.<\/li>\n<li data-sourcepos=\"13:1-13:327\"><strong>M\u00e0u s\u1eafc:<\/strong> SKL-4C l\u00e0 thu\u1ed1c th\u1ea5m m\u00e0u \u0111\u1ecf (visible red dye penetrant). N\u00f3 c\u00f3 m\u00e0u <strong>\u0111\u1ecf t\u00eda s\u1eabm<\/strong> d\u01b0\u1edbi \u00e1nh s\u00e1ng th\u01b0\u1eddng v\u00e0 c\u00f3 th\u1ec3 ph\u00e1t <strong>hu\u1ef3nh quang m\u00e0u cam<\/strong> d\u01b0\u1edbi \u00e1nh s\u00e1ng c\u1ef1c t\u00edm (UV\/black light). \u0110i\u1ec1u n\u00e0y cho ph\u00e9p kh\u1ea3 n\u0103ng ki\u1ec3m tra <strong>k\u00e9p (dual-range)<\/strong>, t\u1ee9c l\u00e0 c\u00f3 th\u1ec3 quan s\u00e1t b\u1eb1ng m\u1eaft th\u01b0\u1eddng ho\u1eb7c d\u01b0\u1edbi \u0111\u00e8n UV \u0111\u1ec3 t\u0103ng \u0111\u1ed9 nh\u1ea1y.<\/li>\n<li data-sourcepos=\"14:1-14:345\"><strong>T\u00ednh t\u01b0\u01a1ng th\u00edch h\u00f3a h\u1ecdc cao:<\/strong> \u0110\u01b0\u1ee3c thi\u1ebft k\u1ebf \u0111\u1eb7c bi\u1ec7t cho c\u00e1c b\u1ed9 ph\u1eadn <strong>nh\u1ea1y c\u1ea3m v\u1edbi h\u00f3a ch\u1ea5t<\/strong>, ch\u1eb3ng h\u1ea1n nh\u01b0 <strong>nh\u1ef1a, g\u1ed1m s\u1ee9<\/strong> v\u00e0 c\u00e1c v\u1eadt li\u1ec7u kh\u00f4ng kim lo\u1ea1i kh\u00e1c, n\u01a1i c\u00e1c thu\u1ed1c th\u1ea5m g\u1ed1c d\u1ea7u ho\u1eb7c dung m\u00f4i c\u00f3 th\u1ec3 g\u00e2y h\u01b0 h\u1ea1i. Tuy nhi\u00ean, v\u1eabn n\u00ean th\u1eed nghi\u1ec7m tr\u00ean m\u1ed9t khu v\u1ef1c nh\u1ecf tr\u01b0\u1edbc khi s\u1eed d\u1ee5ng r\u1ed9ng r\u00e3i, \u0111\u1eb7c bi\u1ec7t v\u1edbi c\u00e1c lo\u1ea1i nh\u1ef1a nh\u1ea1y c\u1ea3m.<\/li>\n<li data-sourcepos=\"15:1-15:159\"><strong>\u1ee8ng d\u1ee5ng ph\u00e1t hi\u1ec7n r\u00f2 r\u1ec9 (Leak Detection):<\/strong> Ngo\u00e0i vi\u1ec7c ph\u00e1t hi\u1ec7n v\u1ebft n\u1ee9t b\u1ec1 m\u1eb7t, SKL-4C c\u0169ng r\u1ea5t hi\u1ec7u qu\u1ea3 trong vi\u1ec7c ki\u1ec3m tra r\u00f2 r\u1ec9 tr\u00ean c\u00e1c h\u1ec7 th\u1ed1ng k\u00edn.<\/li>\n<li data-sourcepos=\"16:1-16:148\"><strong>Pha lo\u00e3ng v\u1edbi n\u01b0\u1edbc:<\/strong> SKL-4C c\u00f3 th\u1ec3 pha lo\u00e3ng v\u1edbi n\u01b0\u1edbc, th\u00f4ng th\u01b0\u1eddng t\u1ef7 l\u1ec7 khuy\u1ebfn ngh\u1ecb l\u00e0 1:1 cho c\u00e1c \u1ee9ng d\u1ee5ng ph\u1ed5 bi\u1ebfn, gi\u00fap ti\u1ebft ki\u1ec7m chi ph\u00ed.<\/li>\n<li data-sourcepos=\"17:1-17:96\"><strong>Nhi\u1ec7t \u0111\u1ed9 s\u1eed d\u1ee5ng:<\/strong> Ph\u1ea1m vi nhi\u1ec7t \u0111\u1ed9 s\u1eed d\u1ee5ng th\u01b0\u1eddng l\u00e0 t\u1eeb <strong>5\u00b0C \u0111\u1ebfn 52\u00b0C (40\u00b0F \u0111\u1ebfn 125\u00b0F)<\/strong>.<\/li>\n<li data-sourcepos=\"18:1-18:55\"><strong>\u0110\u1ed9 \u1ed5n \u0111\u1ecbnh:<\/strong> Kh\u00f4ng ch\u1ee9a c\u00e1c th\u00e0nh ph\u1ea7n g\u00e2y \u0103n m\u00f2n.<\/li>\n<li data-sourcepos=\"19:1-20:0\"><strong>\u0110\u00f3ng g\u00f3i:<\/strong> Th\u01b0\u1eddng c\u00f3 s\u1eb5n trong c\u00e1c th\u00f9ng <strong>18.9 L (5 gallon)<\/strong> ho\u1eb7c <strong>208 L (55 gallon)<\/strong>. Kh\u00f4ng ph\u1ed5 bi\u1ebfn d\u1ea1ng b\u00ecnh x\u1ecbt (aerosol) \u0111\u1ed1i v\u1edbi thu\u1ed1c th\u1ea5m d\u1ea1ng n\u01b0\u1edbc nh\u01b0 SKL-4C, m\u00e0 th\u01b0\u1eddng l\u00e0 d\u1ea1ng b\u00ecnh ch\u1ee9a l\u1edbn \u0111\u1ec3 pha lo\u00e3ng. (B\u00ecnh x\u1ecbt th\u01b0\u1eddng l\u00e0 SKL-SP1 ho\u1eb7c SKL-SP2 &#8211; c\u00e1c lo\u1ea1i thu\u1ed1c th\u1ea5m c\u00f3 th\u1ec3 l\u00e0m s\u1ea1ch b\u1eb1ng dung m\u00f4i ho\u1eb7c c\u00f3 th\u1ec3 l\u00e0m s\u1ea1ch b\u1eb1ng n\u01b0\u1edbc).<\/li>\n<li data-sourcepos=\"19:1-20:0\">\n<p data-sourcepos=\"25:1-25:59\"><img decoding=\"async\" title=\"chat-tham-goc-nuoc-magnaflux-skl-4c-a-1\" src=\"https:\/\/yenhung.com\/wp-content\/uploads\/2025\/11\/chat-tham-goc-nuoc-magnaflux-skl-4c-a-1.jpg\" alt=\"Ch\u1ea5t th\u1ea5m g\u1ed1c n\u01b0\u1edbc Magnaflux SKL-4C (5 gallon\/th\u00f9ng)\" data-thumb=\"large\" \/><\/p>\n<\/li>\n<li data-sourcepos=\"19:1-20:0\">\n<p data-sourcepos=\"25:1-25:59\">Quy tr\u00ecnh c\u01a1 b\u1ea3n c\u1ee7a ki\u1ec3m tra th\u1ea9m th\u1ea5u v\u1edbi SKL-4C nh\u01b0 sau:<\/p>\n<\/li>\n<li data-sourcepos=\"27:1-27:149\"><strong>L\u00e0m s\u1ea1ch b\u1ec1 m\u1eb7t:<\/strong> B\u1ec1 m\u1eb7t v\u1eadt li\u1ec7u c\u1ea7n \u0111\u01b0\u1ee3c l\u00e0m s\u1ea1ch ho\u00e0n to\u00e0n kh\u1ecfi d\u1ea7u m\u1ee1, b\u1ee5i b\u1ea9n, r\u1ec9 s\u00e9t, s\u01a1n&#8230; \u0111\u1ec3 thu\u1ed1c th\u1ea5m c\u00f3 th\u1ec3 \u0111i v\u00e0o c\u00e1c khuy\u1ebft t\u1eadt.<\/li>\n<li data-sourcepos=\"28:1-28:249\"><strong>Thoa thu\u1ed1c th\u1ea5m (Penetrant Application):<\/strong> Phun, qu\u00e9t, nh\u00fang SKL-4C l\u00ean to\u00e0n b\u1ed9 b\u1ec1 m\u1eb7t v\u1eadt li\u1ec7u v\u00e0 \u0111\u1ec3 trong m\u1ed9t kho\u1ea3ng th\u1eddi gian nh\u1ea5t \u0111\u1ecbnh (th\u1eddi gian th\u1ea5m). Trong th\u1eddi gian n\u00e0y, thu\u1ed1c th\u1ea5m s\u1ebd \u0111i v\u00e0o c\u00e1c v\u1ebft n\u1ee9t h\u1edf b\u1ec1 m\u1eb7t do hi\u1ec7n t\u01b0\u1ee3ng mao d\u1eabn.<\/li>\n<li data-sourcepos=\"29:1-29:187\"><strong>L\u00e0m s\u1ea1ch thu\u1ed1c th\u1ea5m d\u01b0 th\u1eeba (Excess Penetrant Removal):<\/strong> R\u1eeda s\u1ea1ch thu\u1ed1c th\u1ea5m c\u00f2n \u0111\u1ecdng tr\u00ean b\u1ec1 m\u1eb7t b\u1eb1ng n\u01b0\u1edbc. C\u1ea7n c\u1ea9n th\u1eadn \u0111\u1ec3 kh\u00f4ng r\u1eeda tr\u00f4i thu\u1ed1c th\u1ea5m \u0111\u00e3 l\u1ecdt v\u00e0o b\u00ean trong v\u1ebft n\u1ee9t.<\/li>\n<li data-sourcepos=\"30:1-30:50\"><strong>L\u00e0m kh\u00f4 (Drying):<\/strong> S\u1ea5y kh\u00f4 b\u1ec1 m\u1eb7t v\u1eadt li\u1ec7u.<\/li>\n<li data-sourcepos=\"31:1-31:286\"><strong>Thoa thu\u1ed1c hi\u1ec7n (Developer Application):<\/strong> Thoa m\u1ed9t l\u1edbp thu\u1ed1c hi\u1ec7n (developer) m\u00e0u tr\u1eafng (v\u00ed d\u1ee5: SKD-S2 kh\u00f4ng n\u01b0\u1edbc ho\u1eb7c ZP-5B d\u1ea1ng n\u01b0\u1edbc) l\u00ean b\u1ec1 m\u1eb7t. Thu\u1ed1c hi\u1ec7n s\u1ebd h\u00fat thu\u1ed1c th\u1ea5m t\u1eeb b\u00ean trong v\u1ebft n\u1ee9t l\u00ean b\u1ec1 m\u1eb7t, t\u1ea1o th\u00e0nh c\u00e1c ch\u1ec9 th\u1ecb m\u00e0u \u0111\u1ecf t\u01b0\u01a1ng ph\u1ea3n v\u1edbi n\u1ec1n tr\u1eafng c\u1ee7a thu\u1ed1c hi\u1ec7n.<\/li>\n<li data-sourcepos=\"32:1-33:0\"><strong>Ki\u1ec3m tra v\u00e0 \u0111\u00e1nh gi\u00e1 (Inspection &amp; Evaluation):<\/strong> Quan s\u00e1t c\u00e1c ch\u1ec9 th\u1ecb m\u00e0u \u0111\u1ecf d\u01b0\u1edbi \u00e1nh s\u00e1ng th\u01b0\u1eddng. V\u1edbi SKL-4C, b\u1ea1n c\u0169ng c\u00f3 th\u1ec3 ki\u1ec3m tra d\u01b0\u1edbi \u0111\u00e8n UV \u0111\u1ec3 ph\u00e1t hi\u1ec7n c\u00e1c ch\u1ec9 th\u1ecb hu\u1ef3nh quang.<\/li>\n<\/ul>\n<\/div>\n","protected":false},"excerpt":{"rendered":"<p><strong>T\u00ean sa\u0309n ph\u00e2\u0309m:\u00a0Ch\u1ea5t th\u1ea5m g\u1ed1c n\u01b0\u1edbc Magnaflux SKL-4C (5 gallon\/th\u00f9ng)<\/strong><\/p>\n","protected":false},"featured_media":7164,"comment_status":"closed","ping_status":"closed","template":"","meta":[],"product_brand":[],"product_cat":[159],"product_tag":[],"class_list":{"0":"post-7163","1":"product","2":"type-product","3":"status-publish","4":"has-post-thumbnail","6":"product_cat-magnaflux","8":"first","9":"instock","10":"shipping-taxable","11":"product-type-simple"},"_links":{"self":[{"href":"https:\/\/yenhung.com\/index.php?rest_route=\/wp\/v2\/product\/7163","targetHints":{"allow":["GET"]}}],"collection":[{"href":"https:\/\/yenhung.com\/index.php?rest_route=\/wp\/v2\/product"}],"about":[{"href":"https:\/\/yenhung.com\/index.php?rest_route=\/wp\/v2\/types\/product"}],"replies":[{"embeddable":true,"href":"https:\/\/yenhung.com\/index.php?rest_route=%2Fwp%2Fv2%2Fcomments&post=7163"}],"wp:featuredmedia":[{"embeddable":true,"href":"https:\/\/yenhung.com\/index.php?rest_route=\/wp\/v2\/media\/7164"}],"wp:attachment":[{"href":"https:\/\/yenhung.com\/index.php?rest_route=%2Fwp%2Fv2%2Fmedia&parent=7163"}],"wp:term":[{"taxonomy":"product_brand","embeddable":true,"href":"https:\/\/yenhung.com\/index.php?rest_route=%2Fwp%2Fv2%2Fproduct_brand&post=7163"},{"taxonomy":"product_cat","embeddable":true,"href":"https:\/\/yenhung.com\/index.php?rest_route=%2Fwp%2Fv2%2Fproduct_cat&post=7163"},{"taxonomy":"product_tag","embeddable":true,"href":"https:\/\/yenhung.com\/index.php?rest_route=%2Fwp%2Fv2%2Fproduct_tag&post=7163"}],"curies":[{"name":"wp","href":"https:\/\/api.w.org\/{rel}","templated":true}]}}