{"id":7224,"date":"2025-11-10T07:58:48","date_gmt":"2025-11-10T07:58:48","guid":{"rendered":"https:\/\/yenhung.com\/?product=muc-tu-pha-san-magnaflux-7hf"},"modified":"2026-02-11T02:24:47","modified_gmt":"2026-02-11T02:24:47","slug":"muc-tu-pha-san-magnaflux-7hf","status":"publish","type":"product","link":"https:\/\/yenhung.com\/?product=muc-tu-pha-san-magnaflux-7hf","title":{"rendered":"M\u1ef1c t\u1eeb pha s\u1eb5n Magnaflux 7HF"},"content":{"rendered":"<div class=\"ba-text-fpt\">\n<h2><strong>M\u00f4 t\u1ea3 M\u1ef1c t\u1eeb pha s\u1eb5n Magnaflux 7HF Black (Aerosol)<\/strong><\/h2>\n<p><img decoding=\"async\" title=\"7hf-2-1\" src=\"https:\/\/yenhung.com\/wp-content\/uploads\/2025\/11\/7hf-2-1.png\" alt=\"M\u1ef1c t\u1eeb pha s\u1eb5n 7HF\" data-thumb=\"large\" \/><\/p>\n<p>Magnaflux 7HF cung c\u1ea5p c\u00e1c ch\u1ec9 b\u00e1o r\u00f5 r\u00e0ng, m\u1ea1nh m\u1ebd do s\u1ef1 t\u00edch t\u1ee5 n\u1eb7ng c\u1ee7a c\u00e1c h\u1ea1t c\u00f3 t\u1eeb t\u00ednh cao. Bao b\u00ec b\u00ecnh x\u1ecbt ti\u1ec7n l\u1ee3i l\u00fd t\u01b0\u1edfng cho vi\u1ec7c ki\u1ec3m tra hi\u1ec7n tr\u01b0\u1eddng, ki\u1ec3m tra t\u1ea1i ch\u1ed7 v\u00e0 nh\u1eefng n\u01a1i kh\u00f4ng th\u1ef1c t\u1ebf ch\u1ebf bi\u1ebfn s\u1ed1 l\u01b0\u1ee3ng l\u1edbn v\u00e0 ki\u1ec3u phun r\u1ed9ng gi\u00fap d\u1ec5 d\u00e0ng bao ph\u1ee7 c\u00e1c khu v\u1ef1c r\u1ed9ng l\u1edbn \u0111\u1ec3 x\u1eed l\u00fd nhanh h\u01a1n trong qu\u00e1 tr\u00ecnh ki\u1ec3m tra t\u1eeb xa \u0111\u1ed1i v\u1edbi \u0111\u01b0\u1eddng \u1ed1ng, \u0111\u01b0\u1eddng \u1ed1ng v\u00e0 c\u00e1c c\u1ea5u tr\u00fac l\u1edbn.<\/p>\n<p>Magnaflux 7HF th\u01b0\u1eddng \u0111\u01b0\u1ee3c s\u1eed d\u1ee5ng v\u1edbi s\u01a1n t\u01b0\u01a1ng ph\u1ea3n tr\u1eafng WCP-2 \u0111\u1ec3 c\u1ea3i thi\u1ec7n \u0111\u1ed9 t\u01b0\u01a1ng ph\u1ea3n v\u00e0 \u0111\u1ed9 nh\u1ea1y ki\u1ec3m tra.<\/p>\n<h2><strong>\u0110\u1eb7c tr\u01b0ng<\/strong><\/h2>\n<p><img decoding=\"async\" title=\"7hf-jpeg-2\" src=\"https:\/\/yenhung.com\/wp-content\/uploads\/2025\/11\/7hf-jpeg-2.jpg\" alt=\"M\u1ef1c t\u1eeb pha s\u1eb5n 7HF\" data-thumb=\"large\" \/><\/p>\n<ul>\n<li>Ch\u1ec9 d\u1eabn r\u00f5 r\u00e0ng d\u01b0\u1edbi \u00e1nh s\u00e1ng nh\u00ecn th\u1ea5y<\/li>\n<li>T\u00edch t\u1ee5 h\u1ea1t n\u1eb7ng<\/li>\n<li>T\u00ednh linh \u0111\u1ed9ng c\u1ee7a h\u1ea1t tuy\u1ec7t v\u1eddi<\/li>\n<li>B\u1ea3o v\u1ec7 c\u00e1c b\u1ed9 ph\u1eadn v\u00e0 thi\u1ebft b\u1ecb ch\u1ed1ng l\u1ea1i s\u1ef1 \u0103n m\u00f2n<\/li>\n<li>D\u1ea1ng phun r\u1ed9ng cung c\u1ea5p \u0111\u1ed9 ph\u1ee7 b\u1ec1 m\u1eb7t \u0111\u1ed3ng \u0111\u1ec1u tr\u00ean c\u00e1c khu v\u1ef1c r\u1ed9ng l\u1edbn<\/li>\n<li>L\u00e0m \u01b0\u1edbt b\u1ec1 m\u1eb7t v\u01b0\u1ee3t tr\u1ed9i<\/li>\n<li>K\u00edch th\u01b0\u1edbc h\u1ea1t r\u1ea5t nh\u1ecf<\/li>\n<li>Ho\u1ea1t \u0111\u1ed9ng trong \u00e1nh s\u00e1ng nh\u00ecn th\u1ea5y<\/li>\n<li>C\u00f4ng th\u1ee9c d\u1ef1a tr\u00ean d\u1ea7u<\/li>\n<li>\u0110\u1ed9c t\u00ednh r\u1ea5t th\u1ea5p<\/li>\n<li>M\u00f9i th\u1ea5p<\/li>\n<\/ul>\n<h2><strong>T\u00ednh n\u0103ng<\/strong><\/h2>\n<p><img decoding=\"async\" title=\"7hf-1-jpeg-1\" src=\"https:\/\/yenhung.com\/wp-content\/uploads\/2025\/11\/7hf-1-jpeg-1.jpg\" alt=\"M\u1ef1c t\u1eeb pha s\u1eb5n 7HF\" data-thumb=\"large\" \/><\/p>\n<ul>\n<li>T\u1ed1i \u0111a h\u00f3a kh\u1ea3 n\u0103ng ph\u00e1t hi\u1ec7n ch\u1ec9 b\u00e1o<\/li>\n<li>T\u00ecm d\u1ea5u hi\u1ec7u c\u1ee7a t\u1ea5t c\u1ea3 c\u00e1c h\u00ecnh d\u1ea1ng v\u00e0 k\u00edch th\u01b0\u1edbc nh\u1edd v\u00e0o h\u1ea1t nh\u1ecf nh\u1ea5t tr\u00ean th\u1ecb tr\u01b0\u1eddng<\/li>\n<li>S\u1ef1 t\u00edch t\u1ee5 n\u1eb7ng c\u1ee7a c\u00e1c h\u1ea1t c\u00f3 t\u1eeb t\u00ednh cao xung quanh t\u1ea5t c\u1ea3 c\u00e1c tr\u01b0\u1eddng r\u00f2 r\u1ec9 t\u1ea1o ra c\u00e1c ch\u1ec9 b\u00e1o c\u00f3 \u0111\u1ed9 t\u01b0\u01a1ng ph\u1ea3n n\u1eb7ng, \u0111\u1eb7c bi\u1ec7t khi \u0111\u01b0\u1ee3c s\u1eed d\u1ee5ng v\u1edbi s\u01a1n t\u01b0\u01a1ng ph\u1ea3n tr\u1eafng WCP-2<\/li>\n<li>Thu\u1eadn ti\u1ec7n \u0111\u1ec3 s\u1eed d\u1ee5ng<\/li>\n<li>Ki\u1ec3m tra trong m\u1ecdi \u0111i\u1ec1u ki\u1ec7n m\u00e0 kh\u00f4ng c\u1ea7n b\u00f3ng t\u1ed1i ho\u1eb7c \u0111\u00e8n UV<\/li>\n<li>C\u00e1c h\u1ea1t c\u00f3 th\u1ec3 nh\u00ecn th\u1ea5y \u0111\u01b0\u1ee3c \u1edf d\u1ea1ng b\u00ecnh x\u1ecbt, ti\u1ec7n l\u1ee3i \u0111\u1ec3 d\u1ec5 d\u00e0ng mang theo v\u00e0 s\u1eed d\u1ee5ng t\u1ea1i hi\u1ec7n tr\u01b0\u1eddng<\/li>\n<li>\u1ee8ng d\u1ee5ng r\u1ed9ng r\u00e3i linh ho\u1ea1t<\/li>\n<\/ul>\n<\/div>\n","protected":false},"excerpt":{"rendered":"<p><strong>T\u00ean sa\u0309n ph\u00e2\u0309m:\u00a0<\/strong>Magnaflux 7HF Black (Aerosol)<\/p>\n","protected":false},"featured_media":7225,"comment_status":"closed","ping_status":"closed","template":"","meta":[],"product_brand":[],"product_cat":[159],"product_tag":[],"class_list":{"0":"post-7224","1":"product","2":"type-product","3":"status-publish","4":"has-post-thumbnail","6":"product_cat-magnaflux","8":"first","9":"instock","10":"shipping-taxable","11":"product-type-simple"},"_links":{"self":[{"href":"https:\/\/yenhung.com\/index.php?rest_route=\/wp\/v2\/product\/7224","targetHints":{"allow":["GET"]}}],"collection":[{"href":"https:\/\/yenhung.com\/index.php?rest_route=\/wp\/v2\/product"}],"about":[{"href":"https:\/\/yenhung.com\/index.php?rest_route=\/wp\/v2\/types\/product"}],"replies":[{"embeddable":true,"href":"https:\/\/yenhung.com\/index.php?rest_route=%2Fwp%2Fv2%2Fcomments&post=7224"}],"wp:featuredmedia":[{"embeddable":true,"href":"https:\/\/yenhung.com\/index.php?rest_route=\/wp\/v2\/media\/7225"}],"wp:attachment":[{"href":"https:\/\/yenhung.com\/index.php?rest_route=%2Fwp%2Fv2%2Fmedia&parent=7224"}],"wp:term":[{"taxonomy":"product_brand","embeddable":true,"href":"https:\/\/yenhung.com\/index.php?rest_route=%2Fwp%2Fv2%2Fproduct_brand&post=7224"},{"taxonomy":"product_cat","embeddable":true,"href":"https:\/\/yenhung.com\/index.php?rest_route=%2Fwp%2Fv2%2Fproduct_cat&post=7224"},{"taxonomy":"product_tag","embeddable":true,"href":"https:\/\/yenhung.com\/index.php?rest_route=%2Fwp%2Fv2%2Fproduct_tag&post=7224"}],"curies":[{"name":"wp","href":"https:\/\/api.w.org\/{rel}","templated":true}]}}