{"id":7264,"date":"2025-11-10T08:01:09","date_gmt":"2025-11-10T08:01:09","guid":{"rendered":"https:\/\/yenhung.com\/?product=mo-boi-tron-interflon-food-grease-1-hop-1l"},"modified":"2026-02-11T02:22:40","modified_gmt":"2026-02-11T02:22:40","slug":"mo-boi-tron-interflon-food-grease-1-hop-1l","status":"publish","type":"product","link":"https:\/\/yenhung.com\/?product=mo-boi-tron-interflon-food-grease-1-hop-1l","title":{"rendered":"M\u1ee1 b\u00f4i tr\u01a1n interflon food grease 1, h\u1ed9p 1L"},"content":{"rendered":"<div class=\"ba-text-fpt\">\n<h2 data-sourcepos=\"1:1-1:207\"><strong>M\u1ee1 b\u00f4i tr\u01a1n interflon food grease 1, h\u1ed9p 1L<\/strong><\/h2>\n<p data-sourcepos=\"1:1-1:207\">Interflon Food Grease 1 l\u00e0 m\u1ed9t lo\u1ea1i m\u1ee1 b\u00f4i tr\u01a1n hi\u1ec7u su\u1ea5t cao, an to\u00e0n cho th\u1ef1c ph\u1ea9m, \u0111\u01b0\u1ee3c thi\u1ebft k\u1ebf \u0111\u1ec3 s\u1eed d\u1ee5ng trong ng\u00e0nh c\u00f4ng nghi\u1ec7p th\u1ef1c ph\u1ea9m v\u00e0 \u0111\u1ed3 u\u1ed1ng. D\u01b0\u1edbi \u0111\u00e2y l\u00e0 nh\u1eefng th\u00f4ng tin ch\u00ednh v\u1ec1 s\u1ea3n ph\u1ea9m n\u00e0y:<\/p>\n<p data-sourcepos=\"1:1-1:207\"><img decoding=\"async\" title=\"interflon-food-grease-1-1-jpeg-1713949257634-2\" src=\"https:\/\/yenhung.com\/wp-content\/uploads\/2025\/11\/interflon-food-grease-1-1-jpeg-1713949257634-2.jpg\" alt=\"M\u1ee1 b\u00f4i tr\u01a1n interflon food grease 1, h\u1ed9p 1L\" data-thumb=\"large\" \/><\/p>\n<p data-sourcepos=\"3:1-3:21\"><strong>\u0110\u1eb7c \u0111i\u1ec3m n\u1ed5i b\u1eadt:<\/strong><\/p>\n<ul data-sourcepos=\"5:1-15:0\">\n<li data-sourcepos=\"5:1-7:67\"><strong>An to\u00e0n cho th\u1ef1c ph\u1ea9m:<\/strong>\n<ul data-sourcepos=\"6:5-7:67\">\n<li data-sourcepos=\"6:5-6:136\">\u0110\u01b0\u1ee3c ch\u1ee9ng nh\u1eadn NSF H1, cho ph\u00e9p s\u1eed d\u1ee5ng trong c\u00e1c khu v\u1ef1c ch\u1ebf bi\u1ebfn th\u1ef1c ph\u1ea9m n\u01a1i c\u00f3 th\u1ec3 x\u1ea3y ra ti\u1ebfp x\u00fac ng\u1eabu nhi\u00ean v\u1edbi th\u1ef1c ph\u1ea9m.<\/li>\n<li data-sourcepos=\"7:5-7:67\">\u0110\u00e1p \u1ee9ng c\u00e1c y\u00eau c\u1ea7u nghi\u00eam ng\u1eb7t v\u1ec1 an to\u00e0n v\u1ec7 sinh th\u1ef1c ph\u1ea9m.<\/li>\n<\/ul>\n<\/li>\n<li data-sourcepos=\"8:1-11:43\"><strong>Hi\u1ec7u su\u1ea5t cao:<\/strong>\n<ul data-sourcepos=\"9:5-11:43\">\n<li data-sourcepos=\"9:5-9:107\">Ch\u1ee9a c\u00f4ng ngh\u1ec7 MicPol\u00ae \u0111\u1ed9c \u0111\u00e1o c\u1ee7a Interflon, gi\u00fap gi\u1ea3m ma s\u00e1t v\u00e0 m\u00e0i m\u00f2n, k\u00e9o d\u00e0i tu\u1ed5i th\u1ecd thi\u1ebft b\u1ecb.<\/li>\n<li data-sourcepos=\"10:5-10:52\">Kh\u1ea3 n\u0103ng ch\u1ecbu t\u1ea3i tr\u1ecdng cao v\u00e0 ch\u1ecbu nhi\u1ec7t t\u1ed1t.<\/li>\n<li data-sourcepos=\"11:5-11:43\">Ch\u1ed1ng n\u01b0\u1edbc v\u00e0 ch\u1ed1ng \u0103n m\u00f2n tuy\u1ec7t v\u1eddi.<\/li>\n<\/ul>\n<\/li>\n<li data-sourcepos=\"12:1-15:0\"><strong>\u0110a d\u1ee5ng:<\/strong>\n<ul data-sourcepos=\"13:5-15:0\">\n<li data-sourcepos=\"13:5-13:129\">Ph\u00f9 h\u1ee3p cho nhi\u1ec1u \u1ee9ng d\u1ee5ng b\u00f4i tr\u01a1n trong ng\u00e0nh th\u1ef1c ph\u1ea9m, bao g\u1ed3m \u1ed5 tr\u1ee5c, b\u00e1nh r\u0103ng, x\u00edch t\u1ea3i v\u00e0 c\u00e1c b\u1ed9 ph\u1eadn m\u00e1y m\u00f3c kh\u00e1c.<\/li>\n<li data-sourcepos=\"14:5-15:0\">C\u00f3 th\u1ec3 s\u1eed d\u1ee5ng trong c\u00e1c h\u1ec7 th\u1ed1ng b\u00f4i tr\u01a1n t\u1ef1 \u0111\u1ed9ng.<\/li>\n<\/ul>\n<\/li>\n<\/ul>\n<p data-sourcepos=\"16:1-16:13\"><strong>\u1ee8ng d\u1ee5ng:<\/strong><\/p>\n<ul data-sourcepos=\"18:1-23:0\">\n<li data-sourcepos=\"18:1-18:40\">M\u00e1y m\u00f3c ch\u1ebf bi\u1ebfn th\u1ef1c ph\u1ea9m v\u00e0 \u0111\u1ed3 u\u1ed1ng.<\/li>\n<li data-sourcepos=\"19:1-19:20\">Thi\u1ebft b\u1ecb \u0111\u00f3ng g\u00f3i.<\/li>\n<li data-sourcepos=\"20:1-20:11\">B\u0103ng t\u1ea3i.<\/li>\n<li data-sourcepos=\"21:1-21:32\">L\u00f2 n\u01b0\u1edbng v\u00e0 thi\u1ebft b\u1ecb l\u00e0m l\u1ea1nh.<\/li>\n<li data-sourcepos=\"22:1-23:0\">C\u00e1c \u1ee9ng d\u1ee5ng kh\u00e1c trong m\u00f4i tr\u01b0\u1eddng ch\u1ebf bi\u1ebfn th\u1ef1c ph\u1ea9m.<\/li>\n<\/ul>\n<p data-sourcepos=\"24:1-24:12\"><strong>L\u1ee3i \u00edch:<\/strong><\/p>\n<ul data-sourcepos=\"26:1-30:0\">\n<li data-sourcepos=\"26:1-26:52\">Gi\u1ea3m chi ph\u00ed b\u1ea3o tr\u00ec v\u00e0 th\u1eddi gian ng\u1eebng ho\u1ea1t \u0111\u1ed9ng.<\/li>\n<li data-sourcepos=\"27:1-27:25\">T\u0103ng tu\u1ed5i th\u1ecd thi\u1ebft b\u1ecb.<\/li>\n<li data-sourcepos=\"28:1-28:44\">C\u1ea3i thi\u1ec7n hi\u1ec7u su\u1ea5t ho\u1ea1t \u0111\u1ed9ng c\u1ee7a m\u00e1y m\u00f3c.<\/li>\n<li data-sourcepos=\"29:1-30:0\">\u0110\u1ea3m b\u1ea3o an to\u00e0n v\u1ec7 sinh th\u1ef1c ph\u1ea9m.<\/li>\n<\/ul>\n<p><img decoding=\"async\" title=\"interflon-food-grease-1-2-jpeg-1713949256655-1\" src=\"https:\/\/yenhung.com\/wp-content\/uploads\/2025\/11\/interflon-food-grease-1-2-jpeg-1713949256655-1.jpg\" alt=\"M\u1ee1 b\u00f4i tr\u01a1n interflon food grease 1, h\u1ed9p 1L\" data-thumb=\"large\" \/><\/p>\n<p data-sourcepos=\"31:1-31:28\"><strong>Th\u00f4ng s\u1ed1 k\u1ef9 thu\u1eadt ch\u00ednh:<\/strong><\/p>\n<ul data-sourcepos=\"33:1-37:0\">\n<li data-sourcepos=\"33:1-33:54\">Ph\u1ea1m vi nhi\u1ec7t \u0111\u1ed9 ho\u1ea1t \u0111\u1ed9ng: Kho\u1ea3ng -30\u00b0C \u0111\u1ebfn +150\u00b0C.<\/li>\n<li data-sourcepos=\"34:1-34:21\">M\u00e0u s\u1eafc: M\u00e0u tr\u1eafng.<\/li>\n<li data-sourcepos=\"35:1-35:24\">Ch\u1ea5t l\u00e0m \u0111\u1eb7c: Lithium.<\/li>\n<li data-sourcepos=\"36:1-37:0\">\u0110\u1ed9 nh\u1edbt: thay \u0111\u1ed5i t\u00f9y theo nhi\u1ec7t \u0111\u1ed9.<\/li>\n<\/ul>\n<p data-sourcepos=\"38:1-38:10\"><strong>L\u01b0u \u00fd:<\/strong><\/p>\n<ul data-sourcepos=\"40:1-42:0\">\n<li data-sourcepos=\"40:1-40:86\">Lu\u00f4n tham kh\u1ea3o h\u01b0\u1edbng d\u1eabn c\u1ee7a nh\u00e0 s\u1ea3n xu\u1ea5t thi\u1ebft b\u1ecb \u0111\u1ec3 ch\u1ecdn lo\u1ea1i m\u1ee1 b\u00f4i tr\u01a1n ph\u00f9 h\u1ee3p.<\/li>\n<li data-sourcepos=\"41:1-42:0\">B\u1ea3o qu\u1ea3n m\u1ee1 \u1edf n\u01a1i kh\u00f4 r\u00e1o, tho\u00e1ng m\u00e1t, tr\u00e1nh \u00e1nh n\u1eafng tr\u1ef1c ti\u1ebfp v\u00e0 nhi\u1ec7t \u0111\u1ed9 cao.<\/li>\n<\/ul>\n<p data-sourcepos=\"43:1-43:156\">Interflon Food Grease 1 l\u00e0 m\u1ed9t l\u1ef1a ch\u1ecdn tuy\u1ec7t v\u1eddi cho c\u00e1c \u1ee9ng d\u1ee5ng b\u00f4i tr\u01a1n trong ng\u00e0nh c\u00f4ng nghi\u1ec7p th\u1ef1c ph\u1ea9m, n\u01a1i y\u00eau c\u1ea7u hi\u1ec7u su\u1ea5t cao v\u00e0 an to\u00e0n v\u1ec7 sinh<\/p>\n<\/div>\n","protected":false},"excerpt":{"rendered":"<p>T\u00ean sa\u0309n ph\u00e2\u0309m: Interflon food grease 1<\/p>\n","protected":false},"featured_media":7265,"comment_status":"closed","ping_status":"closed","template":"","meta":[],"product_brand":[],"product_cat":[160],"product_tag":[],"class_list":{"0":"post-7264","1":"product","2":"type-product","3":"status-publish","4":"has-post-thumbnail","6":"product_cat-interflon","8":"first","9":"instock","10":"shipping-taxable","11":"product-type-simple"},"_links":{"self":[{"href":"https:\/\/yenhung.com\/index.php?rest_route=\/wp\/v2\/product\/7264","targetHints":{"allow":["GET"]}}],"collection":[{"href":"https:\/\/yenhung.com\/index.php?rest_route=\/wp\/v2\/product"}],"about":[{"href":"https:\/\/yenhung.com\/index.php?rest_route=\/wp\/v2\/types\/product"}],"replies":[{"embeddable":true,"href":"https:\/\/yenhung.com\/index.php?rest_route=%2Fwp%2Fv2%2Fcomments&post=7264"}],"wp:featuredmedia":[{"embeddable":true,"href":"https:\/\/yenhung.com\/index.php?rest_route=\/wp\/v2\/media\/7265"}],"wp:attachment":[{"href":"https:\/\/yenhung.com\/index.php?rest_route=%2Fwp%2Fv2%2Fmedia&parent=7264"}],"wp:term":[{"taxonomy":"product_brand","embeddable":true,"href":"https:\/\/yenhung.com\/index.php?rest_route=%2Fwp%2Fv2%2Fproduct_brand&post=7264"},{"taxonomy":"product_cat","embeddable":true,"href":"https:\/\/yenhung.com\/index.php?rest_route=%2Fwp%2Fv2%2Fproduct_cat&post=7264"},{"taxonomy":"product_tag","embeddable":true,"href":"https:\/\/yenhung.com\/index.php?rest_route=%2Fwp%2Fv2%2Fproduct_tag&post=7264"}],"curies":[{"name":"wp","href":"https:\/\/api.w.org\/{rel}","templated":true}]}}