{"id":7300,"date":"2025-11-10T08:01:53","date_gmt":"2025-11-10T08:01:53","guid":{"rendered":"https:\/\/yenhung.com\/?product=dau-boi-tron-interflon-food-lube-chai-1-lit"},"modified":"2026-02-11T02:18:18","modified_gmt":"2026-02-11T02:18:18","slug":"dau-boi-tron-interflon-food-lube-chai-1-lit","status":"publish","type":"product","link":"https:\/\/yenhung.com\/?product=dau-boi-tron-interflon-food-lube-chai-1-lit","title":{"rendered":"D\u1ea7u b\u00f4i tr\u01a1n Interflon Food Lube chai 1 l\u00edt"},"content":{"rendered":"<div class=\"ba-text-fpt\">\n<h2 data-sourcepos=\"3:1-3:73\"><strong>Interflon Food Lube: D\u1ea7u b\u00f4i tr\u01a1n th\u1ef1c ph\u1ea9m \u0111a n\u0103ng, b\u1ea3o v\u1ec7 t\u1ed1i \u01b0u<\/strong><\/h2>\n<h3 data-sourcepos=\"5:1-5:27\"><\/h3>\n<p data-sourcepos=\"7:1-7:279\"><strong>Interflon Food Lube<\/strong> l\u00e0 m\u1ed9t lo\u1ea1i d\u1ea7u b\u00f4i tr\u01a1n \u0111\u1eb7c bi\u1ec7t, \u0111\u01b0\u1ee3c thi\u1ebft k\u1ebf d\u00e0nh ri\u00eang cho c\u00e1c \u1ee9ng d\u1ee5ng trong ng\u00e0nh c\u00f4ng nghi\u1ec7p th\u1ef1c ph\u1ea9m. S\u1ea3n ph\u1ea9m n\u00e0y \u0111\u01b0\u1ee3c pha ch\u1ebf t\u1eeb c\u00e1c th\u00e0nh ph\u1ea7n tinh khi\u1ebft, kh\u00f4ng \u0111\u1ed9c h\u1ea1i, \u0111\u1ea3m b\u1ea3o an to\u00e0n tuy\u1ec7t \u0111\u1ed1i cho qu\u00e1 tr\u00ecnh s\u1ea3n xu\u1ea5t v\u00e0 ch\u1ebf bi\u1ebfn th\u1ef1c ph\u1ea9m.<\/p>\n<p data-sourcepos=\"9:1-9:39\"><img decoding=\"async\" title=\"interflon-food-lube-2\" src=\"https:\/\/yenhung.com\/wp-content\/uploads\/2025\/11\/interflon-food-lube-2.jpg\" alt=\"Interflon Food Lube\" data-thumb=\"large\" \/><\/p>\n<h3 data-sourcepos=\"11:1-11:23\"><\/h3>\n<ul data-sourcepos=\"13:1-19:0\">\n<li data-sourcepos=\"13:1-13:109\"><strong>An to\u00e0n th\u1ef1c ph\u1ea9m:<\/strong> \u0110\u1ea1t c\u00e1c ti\u00eau chu\u1ea9n nghi\u00eam ng\u1eb7t v\u1ec1 an to\u00e0n th\u1ef1c ph\u1ea9m, kh\u00f4ng g\u00e2y \u00f4 nhi\u1ec5m cho s\u1ea3n ph\u1ea9m.<\/li>\n<li data-sourcepos=\"14:1-14:94\"><strong>Kh\u1ea3 n\u0103ng b\u00f4i tr\u01a1n v\u01b0\u1ee3t tr\u1ed9i:<\/strong> T\u1ea1o l\u1edbp m\u00e0ng b\u00f4i tr\u01a1n m\u1ecfng, b\u1ec1n b\u1ec9, gi\u1ea3m ma s\u00e1t v\u00e0 m\u00e0i m\u00f2n.<\/li>\n<li data-sourcepos=\"15:1-15:70\"><strong>Ch\u1ecbu nhi\u1ec7t t\u1ed1t:<\/strong> Ho\u1ea1t \u0111\u1ed9ng \u1ed5n \u0111\u1ecbnh trong m\u00f4i tr\u01b0\u1eddng nhi\u1ec7t \u0111\u1ed9 cao.<\/li>\n<li data-sourcepos=\"16:1-16:80\"><strong>Ch\u1ed1ng \u0103n m\u00f2n:<\/strong> B\u1ea3o v\u1ec7 thi\u1ebft b\u1ecb kh\u1ecfi s\u1ef1 \u0103n m\u00f2n c\u1ee7a n\u01b0\u1edbc v\u00e0 c\u00e1c ch\u1ea5t h\u00f3a h\u1ecdc.<\/li>\n<li data-sourcepos=\"17:1-17:73\"><strong>Ch\u1ed1ng b\u1ee5i b\u1ea9n:<\/strong> Gi\u1ea3m thi\u1ec3u s\u1ef1 b\u00e1m d\u00ednh c\u1ee7a b\u1ee5i b\u1ea9n, \u0111\u1ea3m b\u1ea3o v\u1ec7 sinh.<\/li>\n<li data-sourcepos=\"18:1-19:0\"><strong>Ti\u1ebft ki\u1ec7m chi ph\u00ed:<\/strong> Gi\u1ea3m thi\u1ec3u th\u1eddi gian ng\u1eebng m\u00e1y, gi\u1ea3m chi ph\u00ed b\u1ea3o tr\u00ec.<\/li>\n<li data-sourcepos=\"22:1-22:105\"><strong>B\u00f4i tr\u01a1n d\u00e2y chuy\u1ec1n s\u1ea3n xu\u1ea5t th\u1ef1c ph\u1ea9m:<\/strong> B\u00f4i tr\u01a1n c\u00e1c b\u1ed9 ph\u1eadn chuy\u1ec3n \u0111\u1ed9ng nh\u01b0 x\u00edch, tr\u1ee5c, b\u00e1nh r\u0103ng.<\/li>\n<li data-sourcepos=\"23:1-23:63\"><strong>B\u00f4i tr\u01a1n khu\u00f4n m\u1eabu:<\/strong> Gi\u1ea3m ma s\u00e1t, t\u0103ng tu\u1ed5i th\u1ecd khu\u00f4n m\u1eabu.<\/li>\n<li data-sourcepos=\"24:1-24:70\"><strong>B\u00f4i tr\u01a1n van v\u00e0 kh\u1edbp n\u1ed1i:<\/strong> \u0110\u1ea3m b\u1ea3o ho\u1ea1t \u0111\u1ed9ng tr\u01a1n tru, ch\u00ednh x\u00e1c.<\/li>\n<li data-sourcepos=\"25:1-26:0\"><strong>B\u00f4i tr\u01a1n c\u00e1c thi\u1ebft b\u1ecb \u0111\u00f3ng g\u00f3i:<\/strong> B\u1ea3o v\u1ec7 thi\u1ebft b\u1ecb kh\u1ecfi s\u1ef1 \u0103n m\u00f2n v\u00e0 m\u00e0i m\u00f2n.<\/li>\n<li data-sourcepos=\"29:1-29:21\"><strong>D\u1ea1ng:<\/strong> Ch\u1ea5t l\u1ecfng<\/li>\n<li data-sourcepos=\"30:1-30:37\"><strong>M\u00e0u s\u1eafc:<\/strong> [M\u00e0u s\u1eafc c\u1ee7a s\u1ea3n ph\u1ea9m]<\/li>\n<li data-sourcepos=\"31:1-31:37\"><strong>\u0110\u1ed9 nh\u1edbt:<\/strong> [\u0110\u1ed9 nh\u1edbt c\u1ee7a s\u1ea3n ph\u1ea9m]<\/li>\n<li data-sourcepos=\"32:1-33:0\"><strong>Nhi\u1ec7t \u0111\u1ed9 ho\u1ea1t \u0111\u1ed9ng:<\/strong> [Kho\u1ea3ng nhi\u1ec7t \u0111\u1ed9 ho\u1ea1t \u0111\u1ed9ng]<\/li>\n<\/ul>\n<ol data-sourcepos=\"36:1-39:0\">\n<li data-sourcepos=\"36:1-36:71\"><strong>L\u00e0m s\u1ea1ch b\u1ec1 m\u1eb7t:<\/strong> L\u00e0m s\u1ea1ch b\u1ec1 m\u1eb7t c\u1ea7n b\u00f4i tr\u01a1n tr\u01b0\u1edbc khi s\u1eed d\u1ee5ng.<\/li>\n<li data-sourcepos=\"37:1-37:60\"><strong>B\u00f4i tr\u01a1n:<\/strong> B\u00f4i m\u1ed9t l\u1edbp m\u1ecfng \u0111\u1ec1u l\u00ean b\u1ec1 m\u1eb7t c\u1ea7n b\u1ea3o v\u1ec7.<\/li>\n<li data-sourcepos=\"38:1-39:0\"><strong>Th\u01b0\u1eddng xuy\u00ean ki\u1ec3m tra:<\/strong> Ki\u1ec3m tra \u0111\u1ecbnh k\u1ef3 v\u00e0 b\u00f4i tr\u01a1n l\u1ea1i khi c\u1ea7n thi\u1ebft.<\/li>\n<\/ol>\n<ul data-sourcepos=\"42:1-45:0\">\n<li data-sourcepos=\"42:1-42:75\"><strong>B\u1ea3o qu\u1ea3n:<\/strong> B\u1ea3o qu\u1ea3n n\u01a1i kh\u00f4 r\u00e1o, tho\u00e1ng m\u00e1t, tr\u00e1nh \u00e1nh n\u1eafng tr\u1ef1c ti\u1ebfp.<\/li>\n<li data-sourcepos=\"43:1-43:58\"><strong>An to\u00e0n:<\/strong> S\u1eed d\u1ee5ng g\u0103ng tay, k\u00ednh b\u1ea3o h\u1ed9 khi thi c\u00f4ng.<\/li>\n<li data-sourcepos=\"44:1-45:0\"><strong>M\u00f4i tr\u01b0\u1eddng:<\/strong> X\u1eed l\u00fd bao b\u00ec v\u00e0 ch\u1ea5t th\u1ea3i theo \u0111\u00fang quy \u0111\u1ecbnh.<\/li>\n<\/ul>\n<\/div>\n","protected":false},"excerpt":{"rendered":"<p>T\u00ean sa\u0309n ph\u00e2\u0309m:\u00a0Interflon Food Lube<\/p>\n","protected":false},"featured_media":7301,"comment_status":"closed","ping_status":"closed","template":"","meta":[],"product_brand":[],"product_cat":[160],"product_tag":[],"class_list":{"0":"post-7300","1":"product","2":"type-product","3":"status-publish","4":"has-post-thumbnail","6":"product_cat-interflon","8":"first","9":"instock","10":"shipping-taxable","11":"product-type-simple"},"_links":{"self":[{"href":"https:\/\/yenhung.com\/index.php?rest_route=\/wp\/v2\/product\/7300","targetHints":{"allow":["GET"]}}],"collection":[{"href":"https:\/\/yenhung.com\/index.php?rest_route=\/wp\/v2\/product"}],"about":[{"href":"https:\/\/yenhung.com\/index.php?rest_route=\/wp\/v2\/types\/product"}],"replies":[{"embeddable":true,"href":"https:\/\/yenhung.com\/index.php?rest_route=%2Fwp%2Fv2%2Fcomments&post=7300"}],"wp:featuredmedia":[{"embeddable":true,"href":"https:\/\/yenhung.com\/index.php?rest_route=\/wp\/v2\/media\/7301"}],"wp:attachment":[{"href":"https:\/\/yenhung.com\/index.php?rest_route=%2Fwp%2Fv2%2Fmedia&parent=7300"}],"wp:term":[{"taxonomy":"product_brand","embeddable":true,"href":"https:\/\/yenhung.com\/index.php?rest_route=%2Fwp%2Fv2%2Fproduct_brand&post=7300"},{"taxonomy":"product_cat","embeddable":true,"href":"https:\/\/yenhung.com\/index.php?rest_route=%2Fwp%2Fv2%2Fproduct_cat&post=7300"},{"taxonomy":"product_tag","embeddable":true,"href":"https:\/\/yenhung.com\/index.php?rest_route=%2Fwp%2Fv2%2Fproduct_tag&post=7300"}],"curies":[{"name":"wp","href":"https:\/\/api.w.org\/{rel}","templated":true}]}}