{"id":7310,"date":"2025-11-10T08:02:04","date_gmt":"2025-11-10T08:02:04","guid":{"rendered":"https:\/\/yenhung.com\/?product=interflon-food-grease-lt2-mo-thuc-pham-lt2"},"modified":"2026-02-11T02:16:02","modified_gmt":"2026-02-11T02:16:02","slug":"interflon-food-grease-lt2-mo-thuc-pham-lt2","status":"publish","type":"product","link":"https:\/\/yenhung.com\/?product=interflon-food-grease-lt2-mo-thuc-pham-lt2","title":{"rendered":"Interflon Food Grease LT2 \u2013 M\u1ee1 th\u1ef1c ph\u1ea9m LT2"},"content":{"rendered":"<div class=\"ba-text-fpt\">\n<h2 id=\"h-combat\"><strong>M\u00f4 t\u1ea3 Interflon Food Grease LT2 \u2013 M\u1ee1 th\u1ef1c ph\u1ea9m LT2<\/strong><\/h2>\n<figure id=\"attachment_24741\" aria-describedby=\"caption-attachment-24741\"><img loading=\"lazy\" decoding=\"async\" title=\"Interflon Food Grease LT2 - M\u1ee1 th\u1ef1c ph\u1ea9m LT2 1\" src=\"https:\/\/hoachatvattu.com\/wp-content\/uploads\/2023\/09\/Interflon-Food-Grease-LT2-1-500x500.jpg.webp\" sizes=\"auto, (max-width: 500px) 100vw, 500px\" srcset=\"https:\/\/hoachatvattu.com\/wp-content\/uploads\/2023\/09\/Interflon-Food-Grease-LT2-1-500x500.jpg.webp 500w, https:\/\/hoachatvattu.com\/wp-content\/uploads\/2023\/09\/Interflon-Food-Grease-LT2-1-150x150.jpg.webp 150w, https:\/\/hoachatvattu.com\/wp-content\/uploads\/2023\/09\/Interflon-Food-Grease-LT2-1-100x100.jpg.webp 100w, https:\/\/hoachatvattu.com\/wp-content\/uploads\/2023\/09\/Interflon-Food-Grease-LT2-1.jpg.webp 640w\" alt=\"Interflon Food Grease LT2 - M\u1ee1 th\u1ef1c ph\u1ea9m LT2\" width=\"500\" height=\"500\" \/><figcaption id=\"caption-attachment-24741\">Interflon Food Grease LT2 \u2013 M\u1ee1 th\u1ef1c ph\u1ea9m LT2<\/figcaption><\/figure>\n<p>Interflon cung c\u1ea5p Fin Food Greas LT2 kh\u00f4ng ch\u1ec9 gi\u1eef \u0111\u01b0\u1ee3c ch\u1ea5t l\u1ecfng m\u00e0 c\u00f2n cung c\u1ea5p kh\u1ea3 n\u0103ng b\u00f4i tr\u01a1n hi\u1ec7u su\u1ea5t cao v\u00e0 b\u1ea3o v\u1ec7 ch\u1ed1ng m\u00e0i m\u00f2n tuy\u1ec7t v\u1eddi trong nh\u1eefng tr\u01b0\u1eddng h\u1ee3p n\u00e0y.<\/p>\n<p>C\u00f4ng th\u1ee9c ti\u00ean ti\u1ebfn gi\u00fap lo\u1ea1i m\u1ee1 th\u1ef1c ph\u1ea9m n\u00e0y c\u00f3 tu\u1ed5i th\u1ecd cao \u1edf c\u1ea3 nhi\u1ec7t \u0111\u1ed9 th\u1ea5p v\u00e0 cao trong h\u1ea7u h\u1ebft m\u1ecdi \u0111i\u1ec1u ki\u1ec7n. \u0110\u00f3 l\u00e0 \u0111\u1eb7c t\u00ednh \u00e1p su\u1ea5t c\u1ef1c cao \u0111\u1ee9ng v\u1eefng tr\u01b0\u1edbc t\u1ea3i tr\u1ecdng va \u0111\u1eadp cao.<\/p>\n<h2><strong>\u0110\u1eb7c \u0111i\u1ec3m Interflon Food Grease LT2 \u2013 M\u1ee1 th\u1ef1c ph\u1ea9m LT2<\/strong><\/h2>\n<figure id=\"attachment_24740\" aria-describedby=\"caption-attachment-24740\"><img loading=\"lazy\" decoding=\"async\" title=\"Interflon Food Grease LT2 - M\u1ee1 th\u1ef1c ph\u1ea9m LT2 2\" src=\"https:\/\/hoachatvattu.com\/wp-content\/uploads\/2023\/09\/Interflon-LT2.jpg.webp\" sizes=\"auto, (max-width: 387px) 100vw, 387px\" srcset=\"https:\/\/hoachatvattu.com\/wp-content\/uploads\/2023\/09\/Interflon-LT2.jpg.webp 387w, https:\/\/hoachatvattu.com\/wp-content\/uploads\/2023\/09\/Interflon-LT2-150x150.jpg.webp 150w, https:\/\/hoachatvattu.com\/wp-content\/uploads\/2023\/09\/Interflon-LT2-100x100.jpg.webp 100w\" alt=\"Interflon Food Grease LT2 - M\u1ee1 th\u1ef1c ph\u1ea9m LT2\" width=\"387\" height=\"387\" \/><figcaption id=\"caption-attachment-24740\">Interflon Food Grease LT2 \u2013 M\u1ee1 th\u1ef1c ph\u1ea9m LT2<\/figcaption><\/figure>\n<ul>\n<li>Hi\u1ec7u su\u1ea5t nhi\u1ec7t \u0111\u1ed9 cao v\u00e0 th\u1ea5p \u0111\u1eb7c bi\u1ec7t<\/li>\n<li>Gi\u1ea3m \u0111\u00e1ng k\u1ec3 ma s\u00e1t v\u00e0 m\u00e0i m\u00f2n<\/li>\n<li>Ch\u1ed1ng n\u01b0\u1edbc r\u1eeda tr\u00f4i c\u1ef1c t\u1ed1t<\/li>\n<li>\u1ee8c ch\u1ebf r\u1ec9 s\u00e9t v\u00e0 \u0103n m\u00f2n<\/li>\n<li>\u0110\u1eb7c \u0111i\u1ec3m ch\u1ea1y kh\u1ea9n c\u1ea5p n\u1ed5i b\u1eadt<\/li>\n<li>Minh b\u1ea1ch, cho ph\u00e9p ki\u1ec3m tra tr\u1ef1c quan d\u1ec5 d\u00e0ng<\/li>\n<\/ul>\n<h2 id=\"h-features-and-benefits\"><strong>\u1ee8ng d\u1ee5ng Interflon Food Grease LT2 \u2013 M\u1ee1 th\u1ef1c ph\u1ea9m LT2<\/strong><\/h2>\n<figure id=\"attachment_24739\" aria-describedby=\"caption-attachment-24739\"><img loading=\"lazy\" decoding=\"async\" title=\"Interflon Food Grease LT2 - M\u1ee1 th\u1ef1c ph\u1ea9m LT2 3\" src=\"https:\/\/hoachatvattu.com\/wp-content\/uploads\/2023\/09\/Interflon-Food-Grease-LT2-500x500.jpg.webp\" sizes=\"auto, (max-width: 500px) 100vw, 500px\" srcset=\"https:\/\/hoachatvattu.com\/wp-content\/uploads\/2023\/09\/Interflon-Food-Grease-LT2-500x500.jpg.webp 500w, https:\/\/hoachatvattu.com\/wp-content\/uploads\/2023\/09\/Interflon-Food-Grease-LT2-1024x1024.jpg.webp 1024w, https:\/\/hoachatvattu.com\/wp-content\/uploads\/2023\/09\/Interflon-Food-Grease-LT2-150x150.jpg.webp 150w, https:\/\/hoachatvattu.com\/wp-content\/uploads\/2023\/09\/Interflon-Food-Grease-LT2-768x768.jpg.webp 768w, https:\/\/hoachatvattu.com\/wp-content\/uploads\/2023\/09\/Interflon-Food-Grease-LT2-100x100.jpg.webp 100w, https:\/\/hoachatvattu.com\/wp-content\/uploads\/2023\/09\/Interflon-Food-Grease-LT2.jpg.webp 1500w\" alt=\"Interflon Food Grease LT2 - M\u1ee1 th\u1ef1c ph\u1ea9m LT2\" width=\"500\" height=\"500\" \/><figcaption id=\"caption-attachment-24739\">Interflon Food Grease LT2 \u2013 M\u1ee1 th\u1ef1c ph\u1ea9m LT2<\/figcaption><\/figure>\n<p>S\u1ef1 l\u1ef1a ch\u1ecdn tuy\u1ec7t v\u1eddi \u0111\u1ec3 b\u00f4i tr\u01a1n V\u00f2ng bi, X\u00edch, Thanh tr\u01b0\u1ee3t v\u00e0 nhi\u1ec1u b\u1ed9 ph\u1eadn m\u00e1y kh\u00e1c ti\u1ebfp x\u00fac ngo\u00e0i tr\u1eddi ho\u1eb7c \u0111\u01b0\u1ee3c s\u1eed d\u1ee5ng trong m\u00f4i tr\u01b0\u1eddng c\u00f4ng nghi\u1ec7p v\u00e0 th\u1ef1c ph\u1ea9m, n\u01a1i c\u00f3 nhi\u1ec7t \u0111\u1ed9 c\u1ef1c th\u1ea5p, lo\u1ea1i tr\u1eeb vi\u1ec7c s\u1eed d\u1ee5ng m\u1ee1 b\u00f4i tr\u01a1n th\u00f4ng th\u01b0\u1eddng.<\/p>\n<\/div>\n","protected":false},"excerpt":{"rendered":"<p><strong>T\u00ean sa\u0309n ph\u00e2\u0309m: <\/strong>Interflon Food Grease LT2<\/p>\n","protected":false},"featured_media":7311,"comment_status":"closed","ping_status":"closed","template":"","meta":[],"product_brand":[],"product_cat":[160],"product_tag":[],"class_list":{"0":"post-7310","1":"product","2":"type-product","3":"status-publish","4":"has-post-thumbnail","6":"product_cat-interflon","8":"first","9":"instock","10":"shipping-taxable","11":"product-type-simple"},"_links":{"self":[{"href":"https:\/\/yenhung.com\/index.php?rest_route=\/wp\/v2\/product\/7310","targetHints":{"allow":["GET"]}}],"collection":[{"href":"https:\/\/yenhung.com\/index.php?rest_route=\/wp\/v2\/product"}],"about":[{"href":"https:\/\/yenhung.com\/index.php?rest_route=\/wp\/v2\/types\/product"}],"replies":[{"embeddable":true,"href":"https:\/\/yenhung.com\/index.php?rest_route=%2Fwp%2Fv2%2Fcomments&post=7310"}],"wp:featuredmedia":[{"embeddable":true,"href":"https:\/\/yenhung.com\/index.php?rest_route=\/wp\/v2\/media\/7311"}],"wp:attachment":[{"href":"https:\/\/yenhung.com\/index.php?rest_route=%2Fwp%2Fv2%2Fmedia&parent=7310"}],"wp:term":[{"taxonomy":"product_brand","embeddable":true,"href":"https:\/\/yenhung.com\/index.php?rest_route=%2Fwp%2Fv2%2Fproduct_brand&post=7310"},{"taxonomy":"product_cat","embeddable":true,"href":"https:\/\/yenhung.com\/index.php?rest_route=%2Fwp%2Fv2%2Fproduct_cat&post=7310"},{"taxonomy":"product_tag","embeddable":true,"href":"https:\/\/yenhung.com\/index.php?rest_route=%2Fwp%2Fv2%2Fproduct_tag&post=7310"}],"curies":[{"name":"wp","href":"https:\/\/api.w.org\/{rel}","templated":true}]}}