{"id":7366,"date":"2025-11-10T08:03:59","date_gmt":"2025-11-10T08:03:59","guid":{"rendered":"https:\/\/yenhung.com\/?product=mo-chiu-nhiet-goc-lps-nickel-nickel-anti-sieze-03910"},"modified":"2026-02-11T02:12:46","modified_gmt":"2026-02-11T02:12:46","slug":"mo-chiu-nhiet-goc-lps-nickel-nickel-anti-sieze-03910","status":"publish","type":"product","link":"https:\/\/yenhung.com\/?product=mo-chiu-nhiet-goc-lps-nickel-nickel-anti-sieze-03910","title":{"rendered":"M\u1ee1 Ch\u1ecbu Nhi\u1ec7t G\u1ed1c LPS Nickel\/ Nickel Anti Sieze &#8211; 03910"},"content":{"rendered":"<div class=\"ba-text-fpt\">\n<h2 data-sourcepos=\"1:1-1:60\"><strong>LPS 03910 Nickel Anti-Seize: Gi\u1ea3i ph\u00e1p ch\u1ed1ng k\u1eb9t hi\u1ec7u qu\u1ea3<\/strong><\/h2>\n<p data-sourcepos=\"3:1-3:284\"><img decoding=\"async\" title=\"nickel-anti-sieze-03910-2\" src=\"https:\/\/yenhung.com\/wp-content\/uploads\/2025\/11\/nickel-anti-sieze-03910-2.jpg\" alt=\"Nickel Anti Sieze - 03910\" data-thumb=\"large\" \/><\/p>\n<p data-sourcepos=\"3:1-3:284\"><strong>LPS 03910 Nickel Anti-Seize<\/strong> l\u00e0 m\u1ed9t lo\u1ea1i ch\u1ea5t b\u00f4i tr\u01a1n chuy\u00ean d\u1ee5ng c\u00f3 kh\u1ea3 n\u0103ng ch\u1ed1ng k\u1eb9t, ch\u1ed1ng g\u1ec9 s\u00e9t v\u00e0 \u0103n m\u00f2n hi\u1ec7u qu\u1ea3. S\u1ea3n ph\u1ea9m n\u00e0y \u0111\u01b0\u1ee3c s\u1eed d\u1ee5ng r\u1ed9ng r\u00e3i trong c\u00e1c \u1ee9ng d\u1ee5ng c\u00f4ng nghi\u1ec7p, \u0111\u1eb7c bi\u1ec7t trong c\u00e1c tr\u01b0\u1eddng h\u1ee3p y\u00eau c\u1ea7u \u0111\u1ed9 b\u1ec1n cao v\u00e0 ho\u1ea1t \u0111\u1ed9ng trong m\u00f4i tr\u01b0\u1eddng kh\u1eafc nghi\u1ec7t.<\/p>\n<h3 data-sourcepos=\"5:1-5:20\">\u01afu \u0111i\u1ec3m n\u1ed5i b\u1eadt:<\/h3>\n<ul data-sourcepos=\"7:1-12:0\">\n<li data-sourcepos=\"7:1-7:122\"><strong>Ch\u1ed1ng k\u1eb9t hi\u1ec7u qu\u1ea3:<\/strong> Ng\u0103n ng\u1eeba s\u1ef1 k\u1eb9t c\u1ee9ng gi\u1eefa c\u00e1c b\u1ec1 m\u1eb7t kim lo\u1ea1i, gi\u00fap cho c\u00e1c b\u1ed9 ph\u1eadn di chuy\u1ec3n d\u1ec5 d\u00e0ng v\u00e0 \u00eam \u00e1i.<\/li>\n<li data-sourcepos=\"8:1-8:132\"><strong>Ch\u1ed1ng g\u1ec9 s\u00e9t v\u00e0 \u0103n m\u00f2n:<\/strong> T\u1ea1o l\u1edbp m\u00e0ng b\u1ea3o v\u1ec7 b\u1ec1 m\u1eb7t kim lo\u1ea1i kh\u1ecfi s\u1ef1 t\u1ea5n c\u00f4ng c\u1ee7a n\u01b0\u1edbc, mu\u1ed1i, axit v\u00e0 c\u00e1c t\u00e1c nh\u00e2n \u0103n m\u00f2n kh\u00e1c.<\/li>\n<li data-sourcepos=\"9:1-9:105\"><strong>Ch\u1ecbu nhi\u1ec7t \u0111\u1ed9 cao:<\/strong> C\u00f3 th\u1ec3 ho\u1ea1t \u0111\u1ed9ng t\u1ed1t trong m\u00f4i tr\u01b0\u1eddng nhi\u1ec7t \u0111\u1ed9 cao, kh\u00f4ng b\u1ecb ch\u1ea3y ho\u1eb7c kh\u00f4 c\u1ee9ng.<\/li>\n<li data-sourcepos=\"10:1-10:110\"><strong>Ch\u1ed1ng m\u00e0i m\u00f2n:<\/strong> Gi\u1ea3m ma s\u00e1t gi\u1eefa c\u00e1c b\u1ec1 m\u1eb7t ti\u1ebfp x\u00fac, gi\u00fap gi\u1ea3m m\u00e0i m\u00f2n v\u00e0 k\u00e9o d\u00e0i tu\u1ed5i th\u1ecd c\u1ee7a thi\u1ebft b\u1ecb.<\/li>\n<li data-sourcepos=\"11:1-12:0\"><strong>D\u1ec5 s\u1eed d\u1ee5ng:<\/strong> D\u1ec5 d\u00e0ng b\u00f4i tr\u01a1n v\u00e0 kh\u00f4ng g\u00e2y b\u1ea9n.<\/li>\n<\/ul>\n<h3 data-sourcepos=\"13:1-13:13\">\u1ee8ng d\u1ee5ng:<\/h3>\n<ul data-sourcepos=\"15:1-19:0\">\n<li data-sourcepos=\"15:1-15:115\"><strong>B\u00f4i tr\u01a1n bu l\u00f4ng, \u1ed1c v\u00edt:<\/strong> Ch\u1ed1ng k\u1eb9t bu l\u00f4ng, \u1ed1c v\u00edt trong c\u00e1c \u0111i\u1ec1u ki\u1ec7n kh\u1eafc nghi\u1ec7t nh\u01b0 nhi\u1ec7t \u0111\u1ed9 cao, \u1ea9m \u01b0\u1edbt.<\/li>\n<li data-sourcepos=\"16:1-16:94\"><strong>B\u00f4i tr\u01a1n c\u00e1c b\u1ed9 ph\u1eadn di \u0111\u1ed9ng:<\/strong> B\u00f4i tr\u01a1n c\u00e1c b\u1ed9 ph\u1eadn di \u0111\u1ed9ng nh\u01b0 tr\u1ee5c, b\u00e1nh r\u0103ng, b\u1ea1c \u0111\u1ea1n.<\/li>\n<li data-sourcepos=\"17:1-17:82\"><strong>B\u1ea3o v\u1ec7 b\u1ec1 m\u1eb7t kim lo\u1ea1i:<\/strong> B\u1ea3o v\u1ec7 c\u00e1c b\u1ec1 m\u1eb7t kim lo\u1ea1i kh\u1ecfi s\u1ef1 \u0103n m\u00f2n v\u00e0 g\u1ec9 s\u00e9t.<\/li>\n<li data-sourcepos=\"18:1-19:0\"><strong>S\u1eed d\u1ee5ng trong c\u00e1c ng\u00e0nh c\u00f4ng nghi\u1ec7p:<\/strong> \u1ee8ng d\u1ee5ng r\u1ed9ng r\u00e3i trong c\u00e1c ng\u00e0nh c\u00f4ng nghi\u1ec7p nh\u01b0 h\u00e0ng kh\u00f4ng, \u00f4 t\u00f4, d\u1ea7u kh\u00ed, h\u00f3a ch\u1ea5t.<\/li>\n<\/ul>\n<h3 data-sourcepos=\"20:1-20:22\">Th\u00f4ng s\u1ed1 k\u1ef9 thu\u1eadt:<\/h3>\n<ul data-sourcepos=\"22:1-27:0\">\n<li data-sourcepos=\"22:1-22:15\"><strong>D\u1ea1ng:<\/strong> Kem<\/li>\n<li data-sourcepos=\"23:1-23:18\"><strong>M\u00e0u s\u1eafc:<\/strong> B\u1ea1c<\/li>\n<li data-sourcepos=\"24:1-24:54\"><strong>Th\u00e0nh ph\u1ea7n:<\/strong> Ch\u1ee9a nickel v\u00e0 c\u00e1c ph\u1ee5 gia \u0111\u1eb7c bi\u1ec7t.<\/li>\n<li data-sourcepos=\"25:1-25:41\"><strong>Nhi\u1ec7t \u0111\u1ed9 l\u00e0m vi\u1ec7c:<\/strong> -40\u00b0C \u0111\u1ebfn 1427\u00b0C<\/li>\n<li data-sourcepos=\"26:1-27:0\"><strong>\u0110\u00f3ng g\u00f3i:<\/strong> Th\u00f4ng th\u01b0\u1eddng \u0111\u01b0\u1ee3c \u0111\u00f3ng g\u00f3i trong tu\u00fdp ho\u1eb7c h\u1ed9p.<\/li>\n<\/ul>\n<h3 data-sourcepos=\"28:1-28:22\">H\u01b0\u1edbng d\u1eabn s\u1eed d\u1ee5ng:<\/h3>\n<ul data-sourcepos=\"30:1-33:0\">\n<li data-sourcepos=\"30:1-30:49\">L\u00e0m s\u1ea1ch b\u1ec1 m\u1eb7t c\u1ea7n b\u00f4i tr\u01a1n tr\u01b0\u1edbc khi s\u1eed d\u1ee5ng.<\/li>\n<li data-sourcepos=\"31:1-31:44\">Thoa m\u1ed9t l\u1edbp m\u1ecfng \u0111\u1ec1u l\u00ean b\u1ec1 m\u1eb7t ti\u1ebfp x\u00fac.<\/li>\n<li data-sourcepos=\"32:1-33:0\">S\u1eed d\u1ee5ng d\u1ee5ng c\u1ee5 th\u00edch h\u1ee3p \u0111\u1ec3 b\u00f4i tr\u01a1n \u0111\u1ec1u v\u00e0 \u0111\u1ea3m b\u1ea3o ph\u1ee7 k\u00edn to\u00e0n b\u1ed9 b\u1ec1 m\u1eb7t.<\/li>\n<\/ul>\n<h3 data-sourcepos=\"34:1-34:10\">L\u01b0u \u00fd:<\/h3>\n<ul data-sourcepos=\"36:1-40:0\">\n<li data-sourcepos=\"36:1-36:55\">S\u1eed d\u1ee5ng g\u0103ng tay v\u00e0 k\u00ednh b\u1ea3o h\u1ed9 khi s\u1eed d\u1ee5ng s\u1ea3n ph\u1ea9m.<\/li>\n<li data-sourcepos=\"37:1-37:30\">Tr\u00e1nh h\u00edt ph\u1ea3i b\u1ee5i s\u1ea3n ph\u1ea9m.<\/li>\n<li data-sourcepos=\"38:1-38:72\">B\u1ea3o qu\u1ea3n s\u1ea3n ph\u1ea9m \u1edf n\u01a1i kh\u00f4 r\u00e1o, tho\u00e1ng m\u00e1t, tr\u00e1nh \u00e1nh n\u1eafng tr\u1ef1c ti\u1ebfp.<\/li>\n<li data-sourcepos=\"39:1-40:0\">Tham kh\u1ea3o k\u1ef9 h\u01b0\u1edbng d\u1eabn s\u1eed d\u1ee5ng chi ti\u1ebft tr\u00ean bao b\u00ec s\u1ea3n ph\u1ea9m tr\u01b0\u1edbc khi s\u1eed d\u1ee5ng.<\/li>\n<\/ul>\n<h3 data-sourcepos=\"41:1-41:13\">K\u1ebft lu\u1eadn:<\/h3>\n<p data-sourcepos=\"43:1-43:228\">LPS 03910 Nickel Anti-Seize l\u00e0 m\u1ed9t gi\u1ea3i ph\u00e1p hi\u1ec7u qu\u1ea3 \u0111\u1ec3 ch\u1ed1ng k\u1eb9t, ch\u1ed1ng g\u1ec9 s\u00e9t v\u00e0 b\u1ea3o v\u1ec7 c\u00e1c b\u1ed9 ph\u1eadn kim lo\u1ea1i trong c\u00e1c \u0111i\u1ec1u ki\u1ec7n kh\u1eafc nghi\u1ec7t. S\u1ea3n ph\u1ea9m n\u00e0y gi\u00fap \u0111\u1ea3m b\u1ea3o ho\u1ea1t \u0111\u1ed9ng tr\u01a1n tru, b\u1ec1n b\u1ec9 v\u00e0 gi\u1ea3m thi\u1ec3u chi ph\u00ed b\u1ea3o tr\u00ec.<\/p>\n<\/div>\n","protected":false},"excerpt":{"rendered":"<p>T\u00ean sa\u0309n ph\u00e2\u0309m:\u00a0Nickel Anti Sieze &#8211; 03910<\/p>\n","protected":false},"featured_media":7367,"comment_status":"closed","ping_status":"closed","template":"","meta":[],"product_brand":[],"product_cat":[161],"product_tag":[],"class_list":{"0":"post-7366","1":"product","2":"type-product","3":"status-publish","4":"has-post-thumbnail","6":"product_cat-lps","8":"first","9":"instock","10":"shipping-taxable","11":"product-type-simple"},"_links":{"self":[{"href":"https:\/\/yenhung.com\/index.php?rest_route=\/wp\/v2\/product\/7366","targetHints":{"allow":["GET"]}}],"collection":[{"href":"https:\/\/yenhung.com\/index.php?rest_route=\/wp\/v2\/product"}],"about":[{"href":"https:\/\/yenhung.com\/index.php?rest_route=\/wp\/v2\/types\/product"}],"replies":[{"embeddable":true,"href":"https:\/\/yenhung.com\/index.php?rest_route=%2Fwp%2Fv2%2Fcomments&post=7366"}],"wp:featuredmedia":[{"embeddable":true,"href":"https:\/\/yenhung.com\/index.php?rest_route=\/wp\/v2\/media\/7367"}],"wp:attachment":[{"href":"https:\/\/yenhung.com\/index.php?rest_route=%2Fwp%2Fv2%2Fmedia&parent=7366"}],"wp:term":[{"taxonomy":"product_brand","embeddable":true,"href":"https:\/\/yenhung.com\/index.php?rest_route=%2Fwp%2Fv2%2Fproduct_brand&post=7366"},{"taxonomy":"product_cat","embeddable":true,"href":"https:\/\/yenhung.com\/index.php?rest_route=%2Fwp%2Fv2%2Fproduct_cat&post=7366"},{"taxonomy":"product_tag","embeddable":true,"href":"https:\/\/yenhung.com\/index.php?rest_route=%2Fwp%2Fv2%2Fproduct_tag&post=7366"}],"curies":[{"name":"wp","href":"https:\/\/api.w.org\/{rel}","templated":true}]}}