{"id":7550,"date":"2025-11-10T08:10:58","date_gmt":"2025-11-10T08:10:58","guid":{"rendered":"https:\/\/yenhung.com\/?product=matit-dap-chong-mon-wear-guard-fine-load-devcon-11470"},"modified":"2026-02-11T01:55:35","modified_gmt":"2026-02-11T01:55:35","slug":"matit-dap-chong-mon-wear-guard-fine-load-devcon-11470","status":"publish","type":"product","link":"https:\/\/yenhung.com\/?product=matit-dap-chong-mon-wear-guard-fine-load-devcon-11470","title":{"rendered":"Matit \u0111\u1eafp ch\u1ed1ng m\u00f2n wear guard fine load devcon 11470"},"content":{"rendered":"<div class=\"ba-text-fpt\">\n<h2 data-sourcepos=\"1:1-1:77\">Devcon 11470 &#8211; Gi\u1ea3i Ph\u00e1p Hi\u1ec7u Qu\u1ea3 Cho B\u1ea3o V\u1ec7 Ch\u1ed1ng M\u00e0i M\u00f2n B\u1ec1 M\u1eb7t Kim Lo\u1ea1i<\/h2>\n<p data-sourcepos=\"3:1-3:115\"><img decoding=\"async\" title=\"devcon-11470-1-2\" src=\"https:\/\/yenhung.com\/wp-content\/uploads\/2025\/11\/devcon-11470-1-2.jpg\" alt=\"Devcon 11470\" data-thumb=\"large\" \/><\/p>\n<p data-sourcepos=\"3:1-3:115\"><strong>Devcon 11470<\/strong> l\u00e0 h\u1ec7 th\u1ed1ng epoxy hai th\u00e0nh ph\u1ea7n, m\u1eadt \u0111\u1ed9 cao, \u0111\u01b0\u1ee3c gia c\u1ed1 b\u1eb1ng h\u1ea1t alumina si\u00eau nh\u1ecf, \u0111\u01b0\u1ee3c thi\u1ebft k\u1ebf \u0111\u1ec3 b\u1ea3o v\u1ec7 hi\u1ec7u qu\u1ea3 c\u00e1c b\u1ec1 m\u1eb7t kim lo\u1ea1i kh\u1ecfi s\u1ef1 m\u00e0i m\u00f2n, \u0103n m\u00f2n v\u00e0 h\u00f3a ch\u1ea5t. S\u1ea3n ph\u1ea9m \u0111\u01b0\u1ee3c s\u1ea3n xu\u1ea5t b\u1edfi ITW Performance Polymers, th\u01b0\u01a1ng hi\u1ec7u uy t\u00edn \u0111\u1ebfn t\u1eeb Hoa K\u1ef3, chuy\u00ean cung c\u1ea5p c\u00e1c gi\u1ea3i ph\u00e1p ch\u1ed1ng m\u00e0i m\u00f2n cao c\u1ea5p cho nhi\u1ec1u ng\u00e0nh c\u00f4ng nghi\u1ec7p.<\/p>\n<p data-sourcepos=\"7:1-7:20\"><strong>\u01afu \u0111i\u1ec3m n\u1ed5i b\u1eadt:<\/strong><\/p>\n<ul data-sourcepos=\"9:1-11:6\">\n<li data-sourcepos=\"9:1-9:213\"><strong>Kh\u1ea3 n\u0103ng ch\u1ed1ng m\u00e0i m\u00f2n v\u01b0\u1ee3t tr\u1ed9i:<\/strong> Ch\u1ecbu \u0111\u01b0\u1ee3c s\u1ef1 m\u00e0i m\u00f2n do c\u00e1c h\u1ea1t m\u1ecbn, m\u00e0i m\u00f2n do dung d\u1ecbch, m\u00e0i m\u00f2n do t\u00e1c \u0111\u1ed9ng v\u00e0 m\u00e0i m\u00f2n do tr\u01b0\u1ee3t, b\u1ea3o v\u1ec7 hi\u1ec7u qu\u1ea3 c\u00e1c b\u1ec1 m\u1eb7t kim lo\u1ea1i trong \u0111i\u1ec1u ki\u1ec7n v\u1eadn h\u00e0nh kh\u1eafc nghi\u1ec7t.<\/li>\n<li data-sourcepos=\"10:1-10:125\"><strong>Ch\u1ecbu nhi\u1ec7t t\u1ed1t:<\/strong> Ch\u1ecbu \u0111\u01b0\u1ee3c nhi\u1ec7t \u0111\u1ed9 cao l\u00ean \u0111\u1ebfn 300\u00b0C (572\u00b0F), th\u00edch h\u1ee3p cho c\u00e1c \u1ee9ng d\u1ee5ng trong m\u00f4i tr\u01b0\u1eddng nhi\u1ec7t \u0111\u1ed9 cao.<\/li>\n<li data-sourcepos=\"11:1-11:6\"><strong>Ch\u1ed1ng h\u00f3a ch\u1ea5t cao:<\/strong> Ch\u1ecbu \u0111\u01b0\u1ee3c nhi\u1ec1u lo\u1ea1i h\u00f3a ch\u1ea5t, axit, dung m\u00f4i v\u00e0 ch\u1ea5t t\u1ea9y r\u1eeda, b\u1ea3o v\u1ec7 kim lo\u1ea1i kh\u1ecfi s\u1ef1 \u0103n m\u00f2n.<\/li>\n<li data-sourcepos=\"12:1-12:122\"><strong>\u0110\u1ed9 b\u00e1m d\u00ednh cao:<\/strong> B\u00e1m d\u00ednh t\u1ed1t tr\u00ean nhi\u1ec1u lo\u1ea1i v\u1eadt li\u1ec7u kim lo\u1ea1i, bao g\u1ed3m th\u00e9p, th\u00e9p kh\u00f4ng g\u1ec9, nh\u00f4m, \u0111\u1ed3ng v\u00e0 h\u1ee3p kim.<\/li>\n<li data-sourcepos=\"13:1-13:100\"><strong>D\u1ec5 s\u1eed d\u1ee5ng:<\/strong> Thi c\u00f4ng \u0111\u01a1n gi\u1ea3n b\u1eb1ng c\u00e1ch tr\u1ed9n \u0111\u1ec1u hai th\u00e0nh ph\u1ea7n v\u00e0 tr\u00e1t l\u00ean b\u1ec1 m\u1eb7t c\u1ea7n b\u1ea3o v\u1ec7.<\/li>\n<li data-sourcepos=\"14:1-15:0\"><strong>L\u1edbp ph\u1ee7 m\u1ecbn, th\u1ea9m m\u1ef9:<\/strong> T\u1ea1o l\u1edbp ph\u1ee7 m\u1ecbn, s\u00e1ng b\u00f3ng, t\u0103ng t\u00ednh th\u1ea9m m\u1ef9 cho b\u1ec1 m\u1eb7t kim lo\u1ea1i.<\/li>\n<\/ul>\n<p data-sourcepos=\"16:1-16:13\"><strong>\u1ee8ng d\u1ee5ng:<\/strong><\/p>\n<ul data-sourcepos=\"18:1-20:10\">\n<li data-sourcepos=\"18:1-18:82\"><strong>B\u1ea3o v\u1ec7 c\u00e1c thi\u1ebft b\u1ecb x\u1eed l\u00fd v\u1eadt li\u1ec7u:<\/strong> M\u00e1y b\u01a1m, van, qu\u1ea1t, m\u00e1y nghi\u1ec1n, silo,&#8230;<\/li>\n<li data-sourcepos=\"19:1-19:81\"><strong>B\u1ea3o v\u1ec7 c\u00e1c b\u1ed9 ph\u1eadn \u0111\u1ed9ng c\u01a1:<\/strong> P\u00edt-t\u00f4ng, tr\u1ee5c khu\u1ef7u, b\u00e1nh r\u0103ng, v\u1ecf \u0111\u1ed9ng c\u01a1,&#8230;<\/li>\n<li data-sourcepos=\"20:1-20:10\"><strong>B\u1ea3o v\u1ec7 c\u00e1c thi\u1ebft b\u1ecb v\u1eadn chuy\u1ec3n:<\/strong> \u1ed0ng d\u1eabn, \u0111\u01b0\u1eddng \u1ed1ng, b\u1ec3 ch\u1ee9a, th\u00f9ng ch\u1ee9a,&#8230;<\/li>\n<li data-sourcepos=\"21:1-22:0\"><strong>B\u1ea3o v\u1ec7 c\u00e1c c\u00f4ng tr\u00ecnh x\u00e2y d\u1ef1ng:<\/strong> D\u1ea7m th\u00e9p, c\u1ed9t b\u00ea t\u00f4ng, s\u00e0n nh\u00e0, t\u01b0\u1eddng nh\u00e0,&#8230;<\/li>\n<\/ul>\n<h2 data-sourcepos=\"23:1-23:22\"><strong>Th\u00f4ng s\u1ed1 k\u1ef9 thu\u1eadt:<\/strong><\/h2>\n<p><img decoding=\"async\" title=\"devcon-11470-jpeg-1\" src=\"https:\/\/yenhung.com\/wp-content\/uploads\/2025\/11\/devcon-11470-jpeg-1.jpg\" alt=\"Devcon 11470\" data-thumb=\"large\" \/><\/p>\n<ul data-sourcepos=\"25:1-33:0\">\n<li data-sourcepos=\"25:1-25:18\"><strong>M\u00e0u s\u1eafc:<\/strong> X\u00e1m<\/li>\n<li data-sourcepos=\"26:1-26:45\"><strong>T\u1ef7 l\u1ec7 tr\u1ed9n:<\/strong> 100:25 (nh\u1ef1a:ch\u1ea5t \u0111\u00f3ng r\u1eafn)<\/li>\n<li data-sourcepos=\"27:1-27:32\"><strong>Th\u1eddi gian gel h\u00f3a:<\/strong> 30 ph\u00fat<\/li>\n<li data-sourcepos=\"28:1-28:27\"><strong>Th\u1eddi gian kh\u00f4:<\/strong> 24 gi\u1edd<\/li>\n<li data-sourcepos=\"29:1-29:34\"><strong>Kh\u1ed1i l\u01b0\u1ee3ng ri\u00eang:<\/strong> 1.75 g\/cm\u00b3<\/li>\n<li data-sourcepos=\"30:1-30:57\"><strong>Nhi\u1ec7t \u0111\u1ed9 s\u1eed d\u1ee5ng:<\/strong> -40\u00b0C \u0111\u1ebfn 300\u00b0C (-40\u00b0F \u0111\u1ebfn 572\u00b0F)<\/li>\n<li data-sourcepos=\"31:1-31:43\"><strong>Th\u01b0\u01a1ng hi\u1ec7u:<\/strong> ITW Performance Polymers<\/li>\n<li data-sourcepos=\"32:1-33:0\"><strong>M\u00e3 s\u1ea3n ph\u1ea9m:<\/strong> Devcon 11470<\/li>\n<\/ul>\n<p data-sourcepos=\"34:1-34:37\"><strong>L\u1ee3i \u00edch khi s\u1eed d\u1ee5ng Devcon 11470:<\/strong><\/p>\n<ul data-sourcepos=\"36:1-36:90\">\n<li data-sourcepos=\"36:1-36:90\"><strong>K\u00e9o d\u00e0i tu\u1ed5i th\u1ecd thi\u1ebft b\u1ecb:<\/strong> B\u1ea3o v\u1ec7 kim lo\u1ea1i kh\u1ecfi s\u1ef1 m\u00e0i m\u00f2n, \u0103n m\u00f2n v\u00e0 h\u00f3a ch\u1ea5t, gi\u00fap k\u00e9o d\u00e0i tu\u1ed5i th\u1ecd thi\u1ebft b\u1ecb.<\/li>\n<li data-sourcepos=\"37:1-37:109\"><strong>Gi\u1ea3m chi ph\u00ed b\u1ea3o tr\u00ec:<\/strong> Gi\u1ea3m thi\u1ec3u s\u1ef1 c\u1ed1 h\u1ecfng h\u00f3c v\u00e0 nhu c\u1ea7u b\u1ea3o tr\u00ec, ti\u1ebft ki\u1ec7m chi ph\u00ed cho doanh nghi\u1ec7p.<\/li>\n<li data-sourcepos=\"38:1-38:108\"><strong>N\u00e2ng cao hi\u1ec7u qu\u1ea3 ho\u1ea1t \u0111\u1ed9ng:<\/strong> Gi\u1ea3m ma s\u00e1t v\u00e0 ti\u1ebfng \u1ed3n, gi\u00fap m\u00e1y m\u00f3c ho\u1ea1t \u0111\u1ed9ng tr\u01a1n tru v\u00e0 hi\u1ec7u qu\u1ea3 h\u01a1n.<\/li>\n<li data-sourcepos=\"39:1-40:0\"><strong>B\u1ea3o v\u1ec7 m\u00f4i tr\u01b0\u1eddng:<\/strong> S\u1ea3n ph\u1ea9m th\u00e2n thi\u1ec7n v\u1edbi m\u00f4i tr\u01b0\u1eddng,<\/li>\n<\/ul>\n<\/div>\n","protected":false},"excerpt":{"rendered":"<p><strong>T\u00ean sa\u0309n ph\u00e2\u0309m: Devcon 11470<\/strong><\/p>\n","protected":false},"featured_media":7551,"comment_status":"closed","ping_status":"closed","template":"","meta":[],"product_brand":[],"product_cat":[163],"product_tag":[],"class_list":{"0":"post-7550","1":"product","2":"type-product","3":"status-publish","4":"has-post-thumbnail","6":"product_cat-devcon","8":"first","9":"instock","10":"shipping-taxable","11":"product-type-simple"},"_links":{"self":[{"href":"https:\/\/yenhung.com\/index.php?rest_route=\/wp\/v2\/product\/7550","targetHints":{"allow":["GET"]}}],"collection":[{"href":"https:\/\/yenhung.com\/index.php?rest_route=\/wp\/v2\/product"}],"about":[{"href":"https:\/\/yenhung.com\/index.php?rest_route=\/wp\/v2\/types\/product"}],"replies":[{"embeddable":true,"href":"https:\/\/yenhung.com\/index.php?rest_route=%2Fwp%2Fv2%2Fcomments&post=7550"}],"wp:featuredmedia":[{"embeddable":true,"href":"https:\/\/yenhung.com\/index.php?rest_route=\/wp\/v2\/media\/7551"}],"wp:attachment":[{"href":"https:\/\/yenhung.com\/index.php?rest_route=%2Fwp%2Fv2%2Fmedia&parent=7550"}],"wp:term":[{"taxonomy":"product_brand","embeddable":true,"href":"https:\/\/yenhung.com\/index.php?rest_route=%2Fwp%2Fv2%2Fproduct_brand&post=7550"},{"taxonomy":"product_cat","embeddable":true,"href":"https:\/\/yenhung.com\/index.php?rest_route=%2Fwp%2Fv2%2Fproduct_cat&post=7550"},{"taxonomy":"product_tag","embeddable":true,"href":"https:\/\/yenhung.com\/index.php?rest_route=%2Fwp%2Fv2%2Fproduct_tag&post=7550"}],"curies":[{"name":"wp","href":"https:\/\/api.w.org\/{rel}","templated":true}]}}