{"id":7588,"date":"2025-11-10T08:11:31","date_gmt":"2025-11-10T08:11:31","guid":{"rendered":"https:\/\/yenhung.com\/?product=devcon-11765-brushable-ceramic-blue"},"modified":"2026-02-11T01:53:47","modified_gmt":"2026-02-11T01:53:47","slug":"devcon-11765-brushable-ceramic-blue","status":"publish","type":"product","link":"https:\/\/yenhung.com\/?product=devcon-11765-brushable-ceramic-blue","title":{"rendered":"Devcon 11765 brushable ceramic (blue)"},"content":{"rendered":"<div class=\"ba-text-fpt\">\n<h2 data-sourcepos=\"1:1-1:82\"><strong>Devcon 11765 Brushable Ceramic (Blue) &#8211; L\u1edbp b\u1ea3o v\u1ec7 ho\u00e0n h\u1ea3o cho b\u1ec1 m\u1eb7t kim lo\u1ea1i<\/strong><\/h2>\n<p><img decoding=\"async\" title=\"11765-2-jpeg-ca891320-4572-4070-a48b-0abe36e5eac0-1\" src=\"https:\/\/yenhung.com\/wp-content\/uploads\/2025\/11\/11765-2-jpeg-ca891320-4572-4070-a48b-0abe36e5eac0-1.jpg\" alt=\"DEVCON 11765 BRUSHABLE CERAMIC (BLUE)\" data-thumb=\"large\" \/><\/p>\n<p data-sourcepos=\"3:1-3:10\"><strong>Devcon 11765 Brushable Ceramic (Blue)<\/strong> l\u00e0 h\u1ee3p ch\u1ea5t epoxy alumina c\u01b0\u1eddng \u0111\u1ed9 cao, \u0111\u01b0\u1ee3c thi\u1ebft k\u1ebf \u0111\u1ec3 t\u1ea1o l\u1edbp ph\u1ee7 b\u1ea3o v\u1ec7 m\u01b0\u1ee3t m\u00e0, ch\u1ed1ng m\u00e0i m\u00f2n, \u0103n m\u00f2n, x\u00f3i m\u00f2n v\u00e0 h\u00f3a ch\u1ea5t cho c\u00e1c b\u1ec1 m\u1eb7t kim lo\u1ea1i. S\u1ea3n ph\u1ea9m c\u00f3 m\u00e0u xanh d\u01b0\u01a1ng \u0111\u1eb7c tr\u01b0ng, d\u1ec5 d\u00e0ng thi c\u00f4ng b\u1eb1ng c\u1ecd qu\u00e9t.<\/p>\n<h2 data-sourcepos=\"5:1-5:20\"><strong>\u01afu \u0111i\u1ec3m n\u1ed5i b\u1eadt:<\/strong><\/h2>\n<p><strong><img decoding=\"async\" title=\"11765-jpeg-2\" src=\"https:\/\/yenhung.com\/wp-content\/uploads\/2025\/11\/11765-jpeg-2.jpg\" alt=\"DEVCON 11765 BRUSHABLE CERAMIC (BLUE)\" data-thumb=\"large\" \/><\/strong><\/p>\n<ul data-sourcepos=\"7:1-7:36\">\n<li data-sourcepos=\"7:1-7:36\"><strong>Kh\u1ea3 n\u0103ng ch\u1ed1ng m\u00e0i m\u00f2n v\u00e0 \u0103n m\u00f2n tuy\u1ec7t v\u1eddi:<\/strong> B\u1ea3o v\u1ec7 hi\u1ec7u qu\u1ea3 c\u00e1c b\u1ec1 m\u1eb7t kim lo\u1ea1i kh\u1ecfi t\u00e1c \u0111\u1ed9ng c\u1ee7a m\u00e0i m\u00f2n, \u0103n m\u00f2n, h\u00f3a ch\u1ea5t v\u00e0 nhi\u1ec7t \u0111\u1ed9 cao.<\/li>\n<li data-sourcepos=\"8:1-8:88\"><strong>L\u1edbp ph\u1ee7 m\u1ecbn v\u00e0 \u0111\u1ed3ng nh\u1ea5t:<\/strong> T\u1ea1o ra l\u1edbp ph\u1ee7 m\u1ecbn, b\u00f3ng, d\u1ec5 d\u00e0ng lau ch\u00f9i v\u00e0 b\u1ea3o d\u01b0\u1ee1ng.<\/li>\n<li data-sourcepos=\"9:1-9:94\"><strong>D\u1ec5 thi c\u00f4ng:<\/strong> C\u00f3 th\u1ec3 d\u1ec5 d\u00e0ng thi c\u00f4ng b\u1eb1ng c\u1ecd qu\u00e9t, ph\u00f9 h\u1ee3p cho nhi\u1ec1u \u1ee9ng d\u1ee5ng kh\u00e1c nhau.<\/li>\n<li data-sourcepos=\"10:1-10:105\"><strong>\u0110\u1ed9 b\u00e1m d\u00ednh cao:<\/strong> B\u00e1m d\u00ednh t\u1ed1t tr\u00ean nhi\u1ec1u lo\u1ea1i b\u1ec1 m\u1eb7t kim lo\u1ea1i, bao g\u1ed3m th\u00e9p, nh\u00f4m, \u0111\u1ed3ng v\u00e0 h\u1ee3p kim.<\/li>\n<li data-sourcepos=\"11:1-11:18\"><strong>Ch\u1ecbu nhi\u1ec7t t\u1ed1t:<\/strong> Ch\u1ecbu \u0111\u01b0\u1ee3c nhi\u1ec7t \u0111\u1ed9 l\u00ean \u0111\u1ebfn 350\u00b0F (177\u00b0C).<\/li>\n<\/ul>\n<h2 data-sourcepos=\"13:1-13:13\"><strong>\u1ee8ng d\u1ee5ng:<\/strong><\/h2>\n<p><strong><img decoding=\"async\" title=\"11765-1-jpeg-5681c31b-f165-4681-ae79-ed24eaa024e1-1\" src=\"https:\/\/yenhung.com\/wp-content\/uploads\/2025\/11\/11765-1-jpeg-5681c31b-f165-4681-ae79-ed24eaa024e1-1.jpg\" alt=\"DEVCON 11765 BRUSHABLE CERAMIC (BLUE)\" data-thumb=\"large\" \/><\/strong><\/p>\n<ul data-sourcepos=\"15:1-18:159\">\n<li data-sourcepos=\"15:1-15:123\"><strong>B\u1ea3o v\u1ec7 b\u01a1m, van, qu\u1ea1t v\u00e0 b\u1ed9 trao \u0111\u1ed5i nhi\u1ec7t:<\/strong> Ch\u1ed1ng m\u00e0i m\u00f2n, \u0103n m\u00f2n v\u00e0 x\u00f3i m\u00f2n do dung m\u00f4i, h\u00f3a ch\u1ea5t v\u00e0 m\u00e0i m\u00f2n c\u01a1 h\u1ecdc.<\/li>\n<li data-sourcepos=\"16:1-16:129\"><strong>S\u1eeda ch\u1eefa v\u00e0 b\u1ea3o v\u1ec7 c\u00e1c b\u1ed9 ph\u1eadn m\u00e1y m\u00f3c:<\/strong> S\u1eed d\u1ee5ng \u0111\u1ec3 s\u1eeda ch\u1eefa c\u00e1c v\u1ebft n\u1ee9t, l\u1ed7 h\u1ed5ng v\u00e0 b\u1ec1 m\u1eb7t b\u1ecb m\u00f2n tr\u00ean c\u00e1c b\u1ed9 ph\u1eadn m\u00e1y m\u00f3c.<\/li>\n<li data-sourcepos=\"17:1-17:129\"><strong>Ch\u1ed1ng m\u00f2n cho thi\u1ebft b\u1ecb v\u1eadn chuy\u1ec3n:<\/strong> B\u1ea3o v\u1ec7 c\u00e1c b\u1ed9 ph\u1eadn kim lo\u1ea1i c\u1ee7a thi\u1ebft b\u1ecb v\u1eadn chuy\u1ec3n kh\u1ecfi t\u00e1c \u0111\u1ed9ng c\u1ee7a m\u00e0i m\u00f2n v\u00e0 \u0103n m\u00f2n.<\/li>\n<li data-sourcepos=\"18:1-18:159\"><strong>L\u1edbp ph\u1ee7 b\u1ea3o v\u1ec7 cho c\u00e1c b\u1ec1 m\u1eb7t kim lo\u1ea1i kh\u00e1c:<\/strong> C\u00f3 th\u1ec3 s\u1eed d\u1ee5ng cho nhi\u1ec1u \u1ee9ng d\u1ee5ng kh\u00e1c nhau, bao g\u1ed3m t\u00e0u thuy\u1ec1n, gi\u00e0n khoan, nh\u00e0 m\u00e1y v\u00e0 c\u00f4ng tr\u00ecnh x\u00e2y d\u1ef1ng.<\/li>\n<\/ul>\n<h2 data-sourcepos=\"20:1-20:22\"><strong>Th\u00f4ng s\u1ed1 k\u1ef9 thu\u1eadt:<\/strong><\/h2>\n<ul data-sourcepos=\"22:1-30:0\">\n<li data-sourcepos=\"22:1-22:25\"><strong>M\u00e0u s\u1eafc:<\/strong> Xanh d\u01b0\u01a1ng<\/li>\n<li data-sourcepos=\"23:1-23:31\"><strong>Th\u00e0nh ph\u1ea7n:<\/strong> Epoxy alumina<\/li>\n<li data-sourcepos=\"24:1-24:25\"><strong>T\u1ef7 tr\u1ecdng:<\/strong> 1,8 g\/cm\u00b3<\/li>\n<li data-sourcepos=\"25:1-25:25\"><strong>\u0110\u1ed9 c\u1ee9ng Shore D:<\/strong> 75<\/li>\n<li data-sourcepos=\"26:1-26:27\"><strong>\u0110\u1ed9 b\u1ec1n k\u00e9o:<\/strong> 8.000 psi<\/li>\n<li data-sourcepos=\"27:1-27:58\"><strong>Nhi\u1ec7t \u0111\u1ed9 l\u00e0m vi\u1ec7c:<\/strong> -40\u00b0F \u0111\u1ebfn 350\u00b0F (-40\u00b0C \u0111\u1ebfn 177\u00b0C)<\/li>\n<li data-sourcepos=\"28:1-28:49\"><strong>Th\u1eddi gian \u0111\u00f3ng r\u1eafn:<\/strong> 24 gi\u1edd \u1edf nhi\u1ec7t \u0111\u1ed9 ph\u00f2ng<\/li>\n<li data-sourcepos=\"29:1-30:0\"><strong>\u0110\u00f3ng g\u00f3i:<\/strong> Lon 2 lb (0,9 kg)<\/li>\n<\/ul>\n<h2 data-sourcepos=\"31:1-31:22\"><strong>H\u01b0\u1edbng d\u1eabn s\u1eed d\u1ee5ng:<\/strong><\/h2>\n<ol data-sourcepos=\"33:1-34:77\">\n<li data-sourcepos=\"33:1-33:101\"><strong>L\u00e0m s\u1ea1ch b\u1ec1 m\u1eb7t:<\/strong> B\u1ec1 m\u1eb7t c\u1ea7n \u0111\u01b0\u1ee3c l\u00e0m s\u1ea1ch kh\u00f4 r\u00e1o, kh\u00f4ng b\u1ee5i b\u1ea9n, d\u1ea7u m\u1ee1 v\u00e0 c\u00e1c ch\u1ea5t b\u1ea9n kh\u00e1c.<\/li>\n<li data-sourcepos=\"34:1-34:77\"><strong>Tr\u1ed9n \u0111\u1ec1u hai th\u00e0nh ph\u1ea7n:<\/strong> Tr\u1ed9n \u0111\u1ec1u hai th\u00e0nh ph\u1ea7n A v\u00e0 B theo t\u1ef7 l\u1ec7 1:1 cho \u0111\u1ebfn khi h\u1ed7n h\u1ee3p \u0111\u1ed3ng nh\u1ea5t.<\/li>\n<li data-sourcepos=\"35:1-35:77\"><strong>Thi c\u00f4ng:<\/strong> Thi c\u00f4ng h\u1ed7n h\u1ee3p l\u00ean b\u1ec1 m\u1eb7t b\u1eb1ng c\u1ecd qu\u00e9t trong v\u00f2ng 30 ph\u00fat.<\/li>\n<li data-sourcepos=\"36:1-37:0\"><strong>\u0110\u1ec3 kh\u00f4:<\/strong> \u0110\u1ec3 l\u1edbp ph\u1ee7 kh\u00f4 ho\u00e0n to\u00e0n trong 24 gi\u1edd \u1edf nhi\u1ec7t \u0111\u1ed9 ph\u00f2ng.<\/li>\n<\/ol>\n<p data-sourcepos=\"38:1-38:10\"><strong>L\u01b0u \u00fd:<\/strong><\/p>\n<ul data-sourcepos=\"40:1-43:0\">\n<li data-sourcepos=\"40:1-40:59\">N\u00ean \u0111eo g\u0103ng tay, k\u00ednh b\u1ea3o h\u1ed9 v\u00e0 kh\u1ea9u trang khi thi c\u00f4ng.<\/li>\n<li data-sourcepos=\"41:1-41:31\">Tr\u00e1nh ti\u1ebfp x\u00fac v\u1edbi m\u1eaft v\u00e0 da.<\/li>\n<li data-sourcepos=\"42:1-43:0\">B\u1ea3o qu\u1ea3n s\u1ea3n ph\u1ea9m \u1edf n\u01a1i kh\u00f4 r\u00e1o, tho\u00e1ng m\u00e1t.<\/li>\n<\/ul>\n<p data-sourcepos=\"44:1-44:213\"><strong>Devcon 11765 Brushable Ceramic (Blue)<\/strong> l\u00e0 gi\u1ea3i ph\u00e1p b\u1ea3o v\u1ec7 ho\u00e0n h\u1ea3o cho c\u00e1c b\u1ec1 m\u1eb7t kim lo\u1ea1i. H\u00e3y s\u1eed d\u1ee5ng s\u1ea3n ph\u1ea9m \u0111\u1ec3 b\u1ea3o v\u1ec7 c\u00e1c thi\u1ebft b\u1ecb v\u00e0 b\u1ed9 ph\u1eadn m\u00e1y m\u00f3c c\u1ee7a b\u1ea1n kh\u1ecfi t\u00e1c \u0111\u1ed9ng c\u1ee7a m\u00e0i m\u00f2n, \u0103n m\u00f2n v\u00e0 h\u00f3a ch\u1ea5t.<\/p>\n<\/div>\n","protected":false},"excerpt":{"rendered":"<p><strong>T\u00ean sa\u0309n ph\u00e2\u0309m:<\/strong>\u00a0DEVCON 11765 BRUSHABLE CERAMIC (BLUE)<\/p>\n","protected":false},"featured_media":7589,"comment_status":"closed","ping_status":"closed","template":"","meta":[],"product_brand":[],"product_cat":[163],"product_tag":[],"class_list":{"0":"post-7588","1":"product","2":"type-product","3":"status-publish","4":"has-post-thumbnail","6":"product_cat-devcon","8":"first","9":"instock","10":"shipping-taxable","11":"product-type-simple"},"_links":{"self":[{"href":"https:\/\/yenhung.com\/index.php?rest_route=\/wp\/v2\/product\/7588","targetHints":{"allow":["GET"]}}],"collection":[{"href":"https:\/\/yenhung.com\/index.php?rest_route=\/wp\/v2\/product"}],"about":[{"href":"https:\/\/yenhung.com\/index.php?rest_route=\/wp\/v2\/types\/product"}],"replies":[{"embeddable":true,"href":"https:\/\/yenhung.com\/index.php?rest_route=%2Fwp%2Fv2%2Fcomments&post=7588"}],"wp:featuredmedia":[{"embeddable":true,"href":"https:\/\/yenhung.com\/index.php?rest_route=\/wp\/v2\/media\/7589"}],"wp:attachment":[{"href":"https:\/\/yenhung.com\/index.php?rest_route=%2Fwp%2Fv2%2Fmedia&parent=7588"}],"wp:term":[{"taxonomy":"product_brand","embeddable":true,"href":"https:\/\/yenhung.com\/index.php?rest_route=%2Fwp%2Fv2%2Fproduct_brand&post=7588"},{"taxonomy":"product_cat","embeddable":true,"href":"https:\/\/yenhung.com\/index.php?rest_route=%2Fwp%2Fv2%2Fproduct_cat&post=7588"},{"taxonomy":"product_tag","embeddable":true,"href":"https:\/\/yenhung.com\/index.php?rest_route=%2Fwp%2Fv2%2Fproduct_tag&post=7588"}],"curies":[{"name":"wp","href":"https:\/\/api.w.org\/{rel}","templated":true}]}}