{"id":7665,"date":"2025-11-10T08:12:39","date_gmt":"2025-11-10T08:12:39","guid":{"rendered":"https:\/\/yenhung.com\/?product=mat-tit-sua-chua-devcon-plastic-steel-putty-a-10110"},"modified":"2026-02-11T01:47:57","modified_gmt":"2026-02-11T01:47:57","slug":"mat-tit-sua-chua-devcon-plastic-steel-putty-a-10110","status":"publish","type":"product","link":"https:\/\/yenhung.com\/?product=mat-tit-sua-chua-devcon-plastic-steel-putty-a-10110","title":{"rendered":"M\u00e1t t\u00edt s\u1eeda ch\u1eefa devcon plastic steel putty (a) 10110"},"content":{"rendered":"<div class=\"ba-text-fpt\">\n<h2><strong>M\u00f4 t\u1ea3 Devcon Plastic Steel Putty (A) 10110<\/strong><\/h2>\n<p><img decoding=\"async\" title=\"devcon-plastic-steel-putty-a-10110-a-1753695909292-1\" src=\"https:\/\/yenhung.com\/wp-content\/uploads\/2025\/11\/devcon-plastic-steel-putty-a-10110-a-1753695909292-1.jpg\" alt=\"devcon plastic steel putty (a) 10110\" data-thumb=\"large\" \/><\/p>\n<p><strong><a>Keo Devcon<\/a>\u00a010110 Plastic Steel Putty\u00a0\u00a0l\u00e0 <\/strong>m\u1ed9t lo\u1ea1i m\u00e1t t\u00edt h\u1ec7 nh\u1ef1a epoxy 2 th\u00e0nh ph\u1ea7n c\u00f3 pha tr\u1ed9n b\u1ed9t kim lo\u1ea1i.<\/p>\n<h2><strong>\u01afu \u0110i\u1ec3m Devcon Plastic Steel Putty (A) 10110<\/strong><\/h2>\n<ul>\n<li>S\u1eeda ch\u1eefa nhanh, r\u1ea5t ti\u1ec7n l\u1ee3i.<\/li>\n<li>Ti\u1ebft ki\u1ec7m chi ph\u00ed mua thay m\u1edbi chi ti\u1ebft c\u01a1 kh\u00ed.<\/li>\n<\/ul>\n<h2><strong>\u1ee8ng D\u1ee5ng\u00a0<\/strong><\/h2>\n<p><img decoding=\"async\" title=\"devcon-plastic-steel-putty-a-10110-b-1753695907942-1\" src=\"https:\/\/yenhung.com\/wp-content\/uploads\/2025\/11\/devcon-plastic-steel-putty-a-10110-b-1753695907942-1.jpg\" alt=\"devcon plastic steel putty (a) 10110\" data-thumb=\"large\" \/><\/p>\n<ul>\n<li>\u0110i\u1ec1n l\u1ea5p, ph\u1ee5c h\u1ed3i v\u00e0 d\u00e1n k\u1ebft d\u00ednh c\u00e1c b\u1ec1 m\u1eb7t kim lo\u1ea1i.<\/li>\n<li>\u0110\u1eafp v\u00e0 s\u1eeda ch\u1eefa c\u00e1c v\u1ecb tr\u00ed m\u00e0 c\u00e1c ph\u01b0\u01a1ng ph\u00e1p h\u00e0n nhi\u1ec7t kh\u00f4ng th\u1ec3 \u0111\u01b0\u1ee3c \u00e1p d\u1ee5ng.<\/li>\n<li>Keo h\u00e0n \u0111\u1eafp kim lo\u1ea1i cao c\u1ea5p.<\/li>\n<li>D\u00e1n c\u00e1c lo\u1ea1i g\u1ea1ch g\u1ed1m v\u00e0o b\u1ec1 m\u1eb7t kim lo\u1ea1i. Cho \u0111\u1ed9 b\u00e1m d\u00ednh r\u1ea5t cao.<\/li>\n<\/ul>\n<h2><strong>\u0110\u1eb7c \u0111i\u1ec3m\u00a0<\/strong><\/h2>\n<p><img decoding=\"async\" title=\"devcon-plastic-steel-putty-a-10110-c-1753695906546-2\" src=\"https:\/\/yenhung.com\/wp-content\/uploads\/2025\/11\/devcon-plastic-steel-putty-a-10110-c-1753695906546-2.jpg\" alt=\"devcon plastic steel putty (a) 10110\" data-thumb=\"large\" \/><\/p>\n<ul>\n<li>\u0110\u1eafp \u0111\u01b0\u1ee3c tr\u00ean c\u00e1c b\u1ec1 m\u1eb7t \u0111\u1ee9ng.<\/li>\n<li>Gia c\u00f4ng ho\u00e0n thi\u1ec7n nh\u01b0 b\u1ec1 m\u1eb7t kim lo\u1ea1i.<\/li>\n<li>K\u1ebft d\u00ednh v\u00e0o nh\u00f4m, c\u00e1c lo\u1ea1i kim lo\u1ea1i kh\u00e1c nhau, b\u00ea t\u00f4ng v\u00e0 g\u1ea1ch g\u1ed1m.<\/li>\n<li>Ch\u1ecbu \u0111\u01b0\u1ee3c c\u00e1c lo\u1ea1i ax\u00edt, ba-z\u01a1, dung m\u00f4i v\u00e0 c\u00e1c ch\u1ea5t ki\u1ec1m.<\/li>\n<li>Sau khi h\u00f3a r\u1eafn, c\u00f3 th\u1ec3 khoan, ti\u1ec7n ren v\u00e0 gia c\u00f4ng.<\/li>\n<li>Ch\u1ecbu \u0111\u01b0\u1ee3c nhi\u1ec7t 121<sup>0<\/sup>C (kh\u00f4), 48<sup>0<\/sup>C (\u01b0\u1edbt).<\/li>\n<\/ul>\n<\/div>\n","protected":false},"excerpt":{"rendered":"<p><strong>T\u00ean sa\u0309n ph\u00e2\u0309m:<\/strong>\u00a0Keo Devcon 10110 Plastic Steel Putty (A)<\/p>\n","protected":false},"featured_media":7666,"comment_status":"closed","ping_status":"closed","template":"","meta":[],"product_brand":[],"product_cat":[163],"product_tag":[],"class_list":{"0":"post-7665","1":"product","2":"type-product","3":"status-publish","4":"has-post-thumbnail","6":"product_cat-devcon","8":"first","9":"instock","10":"shipping-taxable","11":"product-type-simple"},"_links":{"self":[{"href":"https:\/\/yenhung.com\/index.php?rest_route=\/wp\/v2\/product\/7665","targetHints":{"allow":["GET"]}}],"collection":[{"href":"https:\/\/yenhung.com\/index.php?rest_route=\/wp\/v2\/product"}],"about":[{"href":"https:\/\/yenhung.com\/index.php?rest_route=\/wp\/v2\/types\/product"}],"replies":[{"embeddable":true,"href":"https:\/\/yenhung.com\/index.php?rest_route=%2Fwp%2Fv2%2Fcomments&post=7665"}],"wp:featuredmedia":[{"embeddable":true,"href":"https:\/\/yenhung.com\/index.php?rest_route=\/wp\/v2\/media\/7666"}],"wp:attachment":[{"href":"https:\/\/yenhung.com\/index.php?rest_route=%2Fwp%2Fv2%2Fmedia&parent=7665"}],"wp:term":[{"taxonomy":"product_brand","embeddable":true,"href":"https:\/\/yenhung.com\/index.php?rest_route=%2Fwp%2Fv2%2Fproduct_brand&post=7665"},{"taxonomy":"product_cat","embeddable":true,"href":"https:\/\/yenhung.com\/index.php?rest_route=%2Fwp%2Fv2%2Fproduct_cat&post=7665"},{"taxonomy":"product_tag","embeddable":true,"href":"https:\/\/yenhung.com\/index.php?rest_route=%2Fwp%2Fv2%2Fproduct_tag&post=7665"}],"curies":[{"name":"wp","href":"https:\/\/api.w.org\/{rel}","templated":true}]}}