{"id":7697,"date":"2025-11-10T08:17:07","date_gmt":"2025-11-10T08:17:07","guid":{"rendered":"https:\/\/yenhung.com\/?product=chat-chong-gi-set-kim-loai-300ml-wurth"},"modified":"2026-02-11T01:46:08","modified_gmt":"2026-02-11T01:46:08","slug":"chat-chong-gi-set-kim-loai-300ml-wurth","status":"publish","type":"product","link":"https:\/\/yenhung.com\/?product=chat-chong-gi-set-kim-loai-300ml-wurth","title":{"rendered":"Ch\u1ea5t ch\u1ed1ng g\u1ec9 s\u00e9t kim lo\u1ea1i 300ml &#8211; wurth"},"content":{"rendered":"<div class=\"ba-text-fpt\">\n<h2 data-sourcepos=\"1:1-1:77\">Ch\u1ea5t Ch\u1ed1ng G\u1ec9 S\u00e9t Kim Lo\u1ea1i 300ml &#8211; Wurth: B\u1ea3o V\u1ec7 Hi\u1ec7u Qu\u1ea3 Cho M\u1ecdi Kim Lo\u1ea1i<\/h2>\n<p data-sourcepos=\"3:1-3:109\"><img decoding=\"async\" title=\"cha-t-cho-ng-gi-se-t-kim-loa-i-300ml-wurth-2\" src=\"https:\/\/yenhung.com\/wp-content\/uploads\/2025\/11\/cha-t-cho-ng-gi-se-t-kim-loa-i-300ml-wurth-2.png\" alt=\"Ch\u1ea5t ch\u1ed1ng g\u1ec9 s\u00e9t kim lo\u1ea1i 300ml - Wurth\" data-thumb=\"large\" \/><\/p>\n<p data-sourcepos=\"3:1-3:109\"><strong>Ch\u1ea5t ch\u1ed1ng g\u1ec9 s\u00e9t kim lo\u1ea1i 300ml &#8211; Wurth<\/strong> l\u00e0 gi\u1ea3i ph\u00e1p ho\u00e0n h\u1ea3o \u0111\u1ec3 b\u1ea3o v\u1ec7 c\u00e1c b\u1ec1 m\u1eb7t kim lo\u1ea1i kh\u1ecfi s\u1ef1 \u0103n m\u00f2n, r\u1ec9 s\u00e9t v\u00e0 l\u00e3o h\u00f3a. S\u1ea3n ph\u1ea9m \u0111\u01b0\u1ee3c s\u1ea3n xu\u1ea5t b\u1edfi th\u01b0\u01a1ng hi\u1ec7u Wurth uy t\u00edn \u0111\u1ebfn t\u1eeb \u0110\u1ee9c, \u0111\u1ea3m b\u1ea3o ch\u1ea5t l\u01b0\u1ee3ng cao v\u00e0 hi\u1ec7u qu\u1ea3 s\u1eed d\u1ee5ng l\u00e2u d\u00e0i.<\/p>\n<h2 data-sourcepos=\"5:1-5:20\"><strong>\u01afu \u0111i\u1ec3m n\u1ed5i b\u1eadt:<\/strong><\/h2>\n<p><img decoding=\"async\" title=\"cha-t-cho-ng-gi-se-t-kim-loa-i-300ml-wurth-1\" src=\"https:\/\/yenhung.com\/wp-content\/uploads\/2025\/11\/cha-t-cho-ng-gi-se-t-kim-loa-i-300ml-wurth-1.jpg\" alt=\"Ch\u1ea5t ch\u1ed1ng g\u1ec9 s\u00e9t kim lo\u1ea1i 300ml - Wurth\" data-thumb=\"large\" \/><\/p>\n<ul data-sourcepos=\"7:1-7:55\">\n<li data-sourcepos=\"7:1-7:55\"><strong>Kh\u1ea3 n\u0103ng ch\u1ed1ng g\u1ec9 s\u00e9t v\u01b0\u1ee3t tr\u1ed9i:<\/strong> T\u1ea1o l\u1edbp m\u00e0ng b\u1ea3o v\u1ec7 dai, ch\u1eafc, ng\u0103n ch\u1eb7n s\u1ef1 x\u00e2m nh\u1eadp c\u1ee7a h\u01a1i \u1ea9m, mu\u1ed1i v\u00e0 c\u00e1c ch\u1ea5t g\u00e2y h\u1ea1i kh\u00e1c, gi\u00fap kim lo\u1ea1i lu\u00f4n s\u00e1ng b\u00f3ng v\u00e0 b\u1ec1n b\u1ec9.<\/li>\n<li data-sourcepos=\"8:1-8:163\"><strong>Th\u00e2m s\u00e2u v\u00e0o t\u1eebng khe k\u1ebd:<\/strong> Nh\u1edd c\u00f4ng th\u1ee9c \u0111\u1eb7c bi\u1ec7t, dung d\u1ecbch c\u00f3 kh\u1ea3 n\u0103ng th\u1ea9m th\u1ea5u s\u00e2u v\u00e0o t\u1eebng khe k\u1ebd, r\u00e3 g\u1ec9 s\u00e9t v\u00e0 b\u1ea3o v\u1ec7 to\u00e0n di\u1ec7n cho m\u1ecdi b\u1ec1 m\u1eb7t kim lo\u1ea1i.<\/li>\n<li data-sourcepos=\"9:1-9:23\"><strong>Ch\u1ecbu \u0111\u01b0\u1ee3c \u0111i\u1ec1u ki\u1ec7n th\u1eddi ti\u1ebft kh\u1eafc nghi\u1ec7t:<\/strong> S\u1ea3n ph\u1ea9m c\u00f3 kh\u1ea3 n\u0103ng ch\u1ed1ng ch\u1ecbu t\u1ed1t v\u1edbi c\u00e1c \u0111i\u1ec1u ki\u1ec7n th\u1eddi ti\u1ebft kh\u1eafc nghi\u1ec7t nh\u01b0 n\u1eafng n\u00f3ng, m\u01b0a axit, s\u01b0\u01a1ng mu\u1ed1i,&#8230;<\/li>\n<li data-sourcepos=\"10:1-10:103\"><strong>D\u1ec5 s\u1eed d\u1ee5ng:<\/strong> Dung d\u1ecbch \u0111\u01b0\u1ee3c thi\u1ebft k\u1ebf d\u1ea1ng x\u1ecbt ti\u1ec7n l\u1ee3i, d\u1ec5 d\u00e0ng thi c\u00f4ng tr\u00ean m\u1ecdi b\u1ec1 m\u1eb7t kim lo\u1ea1i.<\/li>\n<li data-sourcepos=\"11:1-12:0\"><strong>An to\u00e0n cho ng\u01b0\u1eddi s\u1eed d\u1ee5ng:<\/strong> Kh\u00f4ng ch\u1ee9a c\u00e1c ch\u1ea5t \u0111\u1ed9c h\u1ea1i, th\u00e2n thi\u1ec7n v\u1edbi m\u00f4i tr\u01b0\u1eddng.<\/li>\n<\/ul>\n<h2 data-sourcepos=\"13:1-13:22\"><strong>\u1ee8ng d\u1ee5ng r\u1ed9ng r\u00e3i:<\/strong><\/h2>\n<p><img decoding=\"async\" title=\"1-cha-t-cho-ng-gi-se-t-kim-loa-i-300ml-wurth-1\" src=\"https:\/\/yenhung.com\/wp-content\/uploads\/2025\/11\/1-cha-t-cho-ng-gi-se-t-kim-loa-i-300ml-wurth-1.jpg\" alt=\"Ch\u1ea5t ch\u1ed1ng g\u1ec9 s\u00e9t kim lo\u1ea1i 300ml - Wurth\" data-thumb=\"large\" \/><\/p>\n<ul data-sourcepos=\"15:1-19:0\">\n<li data-sourcepos=\"15:1-15:95\"><strong>B\u1ea3o v\u1ec7 c\u00e1c chi ti\u1ebft kim lo\u1ea1i tr\u00ean xe \u00f4 t\u00f4, xe m\u00e1y:<\/strong> Khung xe, th\u00e2n xe, bu-l\u00f4ng, \u1ed1c v\u00edt,&#8230;<\/li>\n<li data-sourcepos=\"16:1-16:69\"><strong>B\u1ea3o v\u1ec7 c\u00e1c thi\u1ebft b\u1ecb c\u00f4ng nghi\u1ec7p:<\/strong> M\u00e1y m\u00f3c, thi\u1ebft b\u1ecb, d\u1ee5ng c\u1ee5,&#8230;<\/li>\n<li data-sourcepos=\"17:1-17:72\"><strong>B\u1ea3o v\u1ec7 c\u00e1c \u0111\u1ed3 d\u00f9ng gia d\u1ee5ng:<\/strong> C\u1eeda, c\u1ed5ng, h\u00e0ng r\u00e0o, \u0111\u1ed3 trang tr\u00ed,&#8230;<\/li>\n<li data-sourcepos=\"18:1-19:0\"><strong>B\u1ea3o v\u1ec7 c\u00e1c c\u00f4ng tr\u00ecnh x\u00e2y d\u1ef1ng:<\/strong> D\u1ea7m th\u00e9p, c\u1ed9t tr\u1ee5, lan can,&#8230;<\/li>\n<\/ul>\n<p data-sourcepos=\"20:1-20:22\"><strong>H\u01b0\u1edbng d\u1eabn s\u1eed d\u1ee5ng:<\/strong><\/p>\n<ol data-sourcepos=\"22:1-24:2\">\n<li data-sourcepos=\"22:1-22:50\">L\u00e0m s\u1ea1ch v\u00e0 lau kh\u00f4 b\u1ec1 m\u1eb7t kim lo\u1ea1i c\u1ea7n b\u1ea3o v\u1ec7.<\/li>\n<li data-sourcepos=\"23:1-23:34\">L\u1eafc \u0111\u1ec1u chai tr\u01b0\u1edbc khi s\u1eed d\u1ee5ng.<\/li>\n<li data-sourcepos=\"24:1-24:2\">X\u1ecbt dung d\u1ecbch l\u00ean b\u1ec1 m\u1eb7t kim lo\u1ea1i t\u1eeb kho\u1ea3ng c\u00e1ch 20-30cm.<\/li>\n<li data-sourcepos=\"25:1-25:46\">\u0110\u1ec3 dung d\u1ecbch kh\u00f4 t\u1ef1 nhi\u00ean trong 10-15 ph\u00fat.<\/li>\n<li data-sourcepos=\"26:1-27:0\">N\u00ean l\u1eb7p l\u1ea1i quy tr\u00ecnh sau m\u1ed7i 6 th\u00e1ng \u0111\u1ec3 \u0111\u1ea3m b\u1ea3o hi\u1ec7u qu\u1ea3 b\u1ea3o v\u1ec7 t\u1ed1i \u01b0u.<\/li>\n<\/ol>\n<p data-sourcepos=\"28:1-28:216\"><strong>Ch\u1ea5t ch\u1ed1ng g\u1ec9 s\u00e9t kim lo\u1ea1i 300ml &#8211; Wurth<\/strong> l\u00e0 s\u1ea3n ph\u1ea9m c\u1ea7n thi\u1ebft cho vi\u1ec7c b\u1ea3o v\u1ec7 c\u00e1c b\u1ec1 m\u1eb7t kim lo\u1ea1i trong gia \u0111\u00ecnh v\u00e0 c\u00f4ng nghi\u1ec7p. H\u00e3y s\u1edf h\u1eefu ngay s\u1ea3n ph\u1ea9m \u0111\u1ec3 b\u1ea3o v\u1ec7 t\u00e0i s\u1ea3n c\u1ee7a b\u1ea1n m\u1ed9t c\u00e1ch hi\u1ec7u qu\u1ea3 v\u00e0 ti\u1ebft ki\u1ec7m!<\/p>\n<\/div>\n","protected":false},"excerpt":{"rendered":"<p><strong>T\u00ean sa\u0309n ph\u00e2\u0309m:<\/strong>\u00a0Ch\u1ea5t ch\u1ed1ng g\u1ec9 s\u00e9t kim lo\u1ea1i 300ml &#8211; Wurth<\/p>\n","protected":false},"featured_media":7698,"comment_status":"closed","ping_status":"closed","template":"","meta":[],"product_brand":[],"product_cat":[164],"product_tag":[],"class_list":{"0":"post-7697","1":"product","2":"type-product","3":"status-publish","4":"has-post-thumbnail","6":"product_cat-wurth","8":"first","9":"instock","10":"shipping-taxable","11":"product-type-simple"},"_links":{"self":[{"href":"https:\/\/yenhung.com\/index.php?rest_route=\/wp\/v2\/product\/7697","targetHints":{"allow":["GET"]}}],"collection":[{"href":"https:\/\/yenhung.com\/index.php?rest_route=\/wp\/v2\/product"}],"about":[{"href":"https:\/\/yenhung.com\/index.php?rest_route=\/wp\/v2\/types\/product"}],"replies":[{"embeddable":true,"href":"https:\/\/yenhung.com\/index.php?rest_route=%2Fwp%2Fv2%2Fcomments&post=7697"}],"wp:featuredmedia":[{"embeddable":true,"href":"https:\/\/yenhung.com\/index.php?rest_route=\/wp\/v2\/media\/7698"}],"wp:attachment":[{"href":"https:\/\/yenhung.com\/index.php?rest_route=%2Fwp%2Fv2%2Fmedia&parent=7697"}],"wp:term":[{"taxonomy":"product_brand","embeddable":true,"href":"https:\/\/yenhung.com\/index.php?rest_route=%2Fwp%2Fv2%2Fproduct_brand&post=7697"},{"taxonomy":"product_cat","embeddable":true,"href":"https:\/\/yenhung.com\/index.php?rest_route=%2Fwp%2Fv2%2Fproduct_cat&post=7697"},{"taxonomy":"product_tag","embeddable":true,"href":"https:\/\/yenhung.com\/index.php?rest_route=%2Fwp%2Fv2%2Fproduct_tag&post=7697"}],"curies":[{"name":"wp","href":"https:\/\/api.w.org\/{rel}","templated":true}]}}