{"id":7705,"date":"2025-11-10T08:17:15","date_gmt":"2025-11-10T08:17:15","guid":{"rendered":"https:\/\/yenhung.com\/?product=chat-bao-duong-tap-lo-wurth-400ml"},"modified":"2026-02-11T01:45:59","modified_gmt":"2026-02-11T01:45:59","slug":"chat-bao-duong-tap-lo-wurth-400ml","status":"publish","type":"product","link":"https:\/\/yenhung.com\/?product=chat-bao-duong-tap-lo-wurth-400ml","title":{"rendered":"Ch\u1ea5t b\u1ea3o d\u01b0\u1ee1ng t\u00e1p-l\u00f4 Wurth 400ml"},"content":{"rendered":"<div class=\"ba-text-fpt\">\n<p>&nbsp;<\/p>\n<h1>Ch\u1ea5t B\u1ea3o D\u01b0\u1ee1ng T\u00e1p-l\u00f4 400ml: Gi\u1eef T\u00e1p-l\u00f4 Xe Lu\u00f4n S\u00e1ng B\u00f3ng, B\u1ea3o V\u1ec7 Ho\u00e0n H\u1ea3o<\/h1>\n<h2><img decoding=\"async\" title=\"cha-t-ba-o-du-o-ng-ta-p-lo-400ml-jpeg-2\" src=\"https:\/\/yenhung.com\/wp-content\/uploads\/2025\/11\/cha-t-ba-o-du-o-ng-ta-p-lo-400ml-jpeg-2.jpg\" alt=\"CH\u1ea4T B\u1ea2O D\u01af\u1ee0NG T\u00c1P-L\u00d4 400ML\" data-thumb=\"grande\" \/><\/h2>\n<p>Ch\u1ea5t b\u1ea3o d\u01b0\u1ee1ng t\u00e1p-l\u00f4 l\u00e0 m\u1ed9t s\u1ea3n ph\u1ea9m ch\u0103m s\u00f3c xe thi\u1ebft y\u1ebfu gi\u00fap gi\u1eef cho t\u00e1p-l\u00f4 c\u1ee7a b\u1ea1n lu\u00f4n s\u00e1ng b\u00f3ng, s\u1ea1ch s\u1ebd v\u00e0 \u0111\u01b0\u1ee3c b\u1ea3o v\u1ec7 kh\u1ecfi nh\u1eefng t\u00e1c nh\u00e2n g\u00e2y h\u1ea1i. S\u1ea3n ph\u1ea9m 400ml \u0111\u01b0\u1ee3c thi\u1ebft k\u1ebf \u0111\u1eb7c bi\u1ec7t \u0111\u1ec3 d\u1ec5 d\u00e0ng s\u1eed d\u1ee5ng v\u00e0 cung c\u1ea5p kh\u1ea3 n\u0103ng b\u1ea3o v\u1ec7 l\u00e2u d\u00e0i.<\/p>\n<h2>Th\u00e0nh ph\u1ea7n v\u00e0 T\u00e1c d\u1ee5ng<\/h2>\n<ul>\n<li>B\u1ea3o v\u1ec7 kh\u1ecfi tia UV: Ch\u1eb7n tia n\u1eafng m\u1eb7t tr\u1eddi g\u00e2y h\u1ea1i c\u00f3 th\u1ec3 l\u00e0m phai m\u00e0u v\u00e0 n\u1ee9t t\u00e1p-l\u00f4.<\/li>\n<li>Ch\u1ed1ng t\u0129nh \u0111i\u1ec7n: Ng\u0103n ng\u1eeba b\u1ee5i b\u1ea9n b\u00e1m v\u00e0o t\u00e1p-l\u00f4, gi\u00fap d\u1ec5 lau ch\u00f9i h\u01a1n.<\/li>\n<li>Ch\u1ed1ng n\u01b0\u1edbc: T\u1ea1o l\u1edbp ph\u1ee7 kh\u00f4ng th\u1ea5m n\u01b0\u1edbc, b\u1ea3o v\u1ec7 t\u00e1p-l\u00f4 kh\u1ecfi \u0111\u1ed3 u\u1ed1ng \u0111\u1ed5 tr\u00e0n v\u00e0 \u0111\u1ed9 \u1ea9m.<\/li>\n<li>L\u00e0m m\u1ec1m v\u00e0 b\u00f3ng t\u00e1p-l\u00f4: Th\u1ea9m th\u1ea5u v\u00e0o b\u1ec1 m\u1eb7t t\u00e1p-l\u00f4, l\u00e0m m\u1ec1m v\u00e0 l\u00e0m b\u00f3ng, mang l\u1ea1i v\u1ebb ngo\u00e0i nh\u01b0 m\u1edbi.<\/li>\n<\/ul>\n<h2>H\u01b0\u1edbng d\u1eabn s\u1eed d\u1ee5ng<\/h2>\n<ol>\n<li>L\u1eafc k\u1ef9 chai tr\u01b0\u1edbc khi s\u1eed d\u1ee5ng.<\/li>\n<li>Lau s\u1ea1ch t\u00e1p-l\u00f4 b\u1eb1ng kh\u0103n \u1ea9m \u0111\u1ec3 lo\u1ea1i b\u1ecf b\u1ee5i b\u1ea9n v\u00e0 m\u1ea3nh v\u1ee5n.<\/li>\n<li>X\u1ecbt m\u1ed9t l\u01b0\u1ee3ng v\u1eeba \u0111\u1ee7 ch\u1ea5t b\u1ea3o d\u01b0\u1ee1ng t\u00e1p-l\u00f4 l\u00ean kh\u0103n s\u1ea1ch ho\u1eb7c tr\u1ef1c ti\u1ebfp l\u00ean t\u00e1p-l\u00f4.<\/li>\n<li>Lau \u0111\u1ec1u ch\u1ea5t b\u1ea3o d\u01b0\u1ee1ng tr\u00ean to\u00e0n b\u1ed9 b\u1ec1 m\u1eb7t t\u00e1p-l\u00f4.<\/li>\n<li>\u0110\u1ec3 kh\u00f4 t\u1ef1 nhi\u00ean trong 15-20 ph\u00fat tr\u01b0\u1edbc khi s\u1eed d\u1ee5ng xe.<\/li>\n<\/ol>\n<h2>L\u1ee3i \u00edch<\/h2>\n<ul>\n<li>Duy tr\u00ec v\u1ebb ngo\u00e0i m\u1edbi c\u1ee7a t\u00e1p-l\u00f4.<\/li>\n<li>T\u1ea1o l\u1edbp b\u1ea3o v\u1ec7 ch\u1ed1ng l\u1ea1i c\u00e1c t\u00e1c nh\u00e2n g\u00e2y h\u1ea1i.<\/li>\n<li>Gi\u1eef t\u00e1p-l\u00f4 lu\u00f4n s\u1ea1ch s\u1ebd v\u00e0 d\u1ec5 lau ch\u00f9i.<\/li>\n<li>H\u01b0\u01a1ng th\u01a1m d\u1ec5 ch\u1ecbu t\u1ea1o kh\u00f4ng gian xe th\u01b0 gi\u00e3n.<\/li>\n<li>Ti\u1ebft ki\u1ec7m chi ph\u00ed s\u1eeda ch\u1eefa v\u00e0 thay th\u1ebf t\u00e1p-l\u00f4.<\/li>\n<\/ul>\n<h2>An to\u00e0n v\u00e0 Th\u00e2n thi\u1ec7n v\u1edbi M\u00f4i tr\u01b0\u1eddng<\/h2>\n<p>Ch\u1ea5t b\u1ea3o d\u01b0\u1ee1ng t\u00e1p-l\u00f4 400ml \u0111\u01b0\u1ee3c s\u1ea3n xu\u1ea5t theo c\u00e1c ti\u00eau chu\u1ea9n an to\u00e0n nghi\u00eam ng\u1eb7t v\u00e0 kh\u00f4ng ch\u1ee9a c\u00e1c h\u00f3a ch\u1ea5t \u0111\u1ed9c h\u1ea1i. S\u1ea3n ph\u1ea9m c\u0169ng th\u00e2n thi\u1ec7n v\u1edbi m\u00f4i tr\u01b0\u1eddng, kh\u00f4ng g\u00e2y \u00f4 nhi\u1ec5m kh\u00f4ng kh\u00ed ho\u1eb7c n\u01b0\u1edbc.<\/p>\n<h2>K\u1ebft lu\u1eadn<\/h2>\n<p>Ch\u1ea5t b\u1ea3o d\u01b0\u1ee1ng t\u00e1p-l\u00f4 400ml l\u00e0 m\u1ed9t gi\u1ea3i ph\u00e1p ho\u00e0n h\u1ea3o \u0111\u1ec3 b\u1ea3o v\u1ec7 v\u00e0 l\u00e0m m\u1edbi t\u00e1p-l\u00f4 xe c\u1ee7a b\u1ea1n. V\u1edbi c\u00f4ng th\u1ee9c ti\u00ean ti\u1ebfn v\u00e0 d\u1ec5 s\u1eed d\u1ee5ng, s\u1ea3n ph\u1ea9m n\u00e0y mang l\u1ea1i kh\u1ea3 n\u0103ng b\u1ea3o v\u1ec7 l\u00e2u d\u00e0i, gi\u1eef cho t\u00e1p-l\u00f4 lu\u00f4n s\u00e1ng b\u00f3ng v\u00e0 tr\u00f4ng nh\u01b0 m\u1edbi trong nhi\u1ec1u n\u0103m t\u1edbi.<\/p>\n<\/div>\n","protected":false},"excerpt":{"rendered":"<p><strong>T\u00ean sa\u0309n ph\u00e2\u0309m:<\/strong>CH\u1ea4T B\u1ea2O D\u01af\u1ee0NG T\u00c1P-L\u00d4 400ML<br \/>\n<strong>T\u00ecnh tr\u1ea1ng:<\/strong> Li\u00ean h\u1ec7 S\u0110T 090 666 5927 .<br \/>\n<strong>Kho:<\/strong> H\u1ed3 Ch\u00ed Minh.<br \/>\n<strong>Li\u00ean h\u1ec7:<\/strong> (24\/7)<br \/>\n<strong>Giao h\u00e0ng:<\/strong> Trong ng\u00e0y<\/p>\n","protected":false},"featured_media":7706,"comment_status":"closed","ping_status":"closed","template":"","meta":[],"product_brand":[],"product_cat":[164],"product_tag":[],"class_list":{"0":"post-7705","1":"product","2":"type-product","3":"status-publish","4":"has-post-thumbnail","6":"product_cat-wurth","8":"first","9":"instock","10":"shipping-taxable","11":"product-type-simple"},"_links":{"self":[{"href":"https:\/\/yenhung.com\/index.php?rest_route=\/wp\/v2\/product\/7705","targetHints":{"allow":["GET"]}}],"collection":[{"href":"https:\/\/yenhung.com\/index.php?rest_route=\/wp\/v2\/product"}],"about":[{"href":"https:\/\/yenhung.com\/index.php?rest_route=\/wp\/v2\/types\/product"}],"replies":[{"embeddable":true,"href":"https:\/\/yenhung.com\/index.php?rest_route=%2Fwp%2Fv2%2Fcomments&post=7705"}],"wp:featuredmedia":[{"embeddable":true,"href":"https:\/\/yenhung.com\/index.php?rest_route=\/wp\/v2\/media\/7706"}],"wp:attachment":[{"href":"https:\/\/yenhung.com\/index.php?rest_route=%2Fwp%2Fv2%2Fmedia&parent=7705"}],"wp:term":[{"taxonomy":"product_brand","embeddable":true,"href":"https:\/\/yenhung.com\/index.php?rest_route=%2Fwp%2Fv2%2Fproduct_brand&post=7705"},{"taxonomy":"product_cat","embeddable":true,"href":"https:\/\/yenhung.com\/index.php?rest_route=%2Fwp%2Fv2%2Fproduct_cat&post=7705"},{"taxonomy":"product_tag","embeddable":true,"href":"https:\/\/yenhung.com\/index.php?rest_route=%2Fwp%2Fv2%2Fproduct_tag&post=7705"}],"curies":[{"name":"wp","href":"https:\/\/api.w.org\/{rel}","templated":true}]}}