{"id":7709,"date":"2025-11-10T08:17:19","date_gmt":"2025-11-10T08:17:19","guid":{"rendered":"https:\/\/yenhung.com\/?product=chat-boi-tron-thao-lap-lop-wurth-5kg"},"modified":"2026-02-11T01:45:51","modified_gmt":"2026-02-11T01:45:51","slug":"chat-boi-tron-thao-lap-lop-wurth-5kg","status":"publish","type":"product","link":"https:\/\/yenhung.com\/?product=chat-boi-tron-thao-lap-lop-wurth-5kg","title":{"rendered":"Ch\u1ea5t b\u00f4i tr\u01a1n th\u00e1o l\u1eafp l\u1ed1p Wurth 5kg"},"content":{"rendered":"<div class=\"ba-text-fpt\">\n<p>&nbsp;<\/p>\n<style type=\"text\/css\">body {<br \/>\nfont-family: Arial, sans-serif;<br \/>\n}<br \/>\nh2 {<br \/>\nfont-size: 1.5em;<br \/>\n}<br \/>\nul {<br \/>\nlist-style-type: none;<br \/>\npadding-left: 0;<br \/>\n}<br \/>\np {<br \/>\nmargin-bottom: 1em;<br \/>\n}<br \/>\ntable {<br \/>\nborder-collapse: collapse;<br \/>\n}<br \/>\nth, td {<br \/>\nborder: 1px solid black;<br \/>\npadding: 5px;<br \/>\n}<br \/>\n<\/style>\n<h1>CH\u1ea4T B\u00d4I TR\u01a0N TH\u00c1O L\u1eaeP L\u1ed0P 5KG: Gi\u1ea3i ph\u00e1p t\u1ed1i \u01b0u cho qu\u00e1 tr\u00ecnh l\u1eafp \u0111\u1eb7t v\u00e0 th\u00e1o g\u1ee1 l\u1ed1p<\/h1>\n<h2><img decoding=\"async\" title=\"cha-t-bo-i-tro-n-tha-o-la-p-lo-p-5kg-2\" src=\"https:\/\/yenhung.com\/wp-content\/uploads\/2025\/11\/cha-t-bo-i-tro-n-tha-o-la-p-lo-p-5kg-2.png\" alt=\"CH\u1ea4T B\u00d4I TR\u01a0N TH\u00c1O L\u1eaeP L\u1ed0P 5KG\" data-thumb=\"large\" \/><\/h2>\n<p>Ch\u1ea5t b\u00f4i tr\u01a1n th\u00e1o l\u1eafp l\u1ed1p l\u00e0 s\u1ea3n ph\u1ea9m chuy\u00ean d\u1ee5ng \u0111\u01b0\u1ee3c thi\u1ebft k\u1ebf \u0111\u1ec3 t\u1ea1o \u0111\u1ed9 tr\u01a1n tru v\u00e0 h\u1ed7 tr\u1ee3 qu\u00e1 tr\u00ecnh l\u1eafp \u0111\u1eb7t v\u00e0 th\u00e1o g\u1ee1 l\u1ed1p \u00f4 t\u00f4, xe m\u00e1y v\u00e0 c\u00e1c ph\u01b0\u01a1ng ti\u1ec7n kh\u00e1c m\u1ed9t c\u00e1ch d\u1ec5 d\u00e0ng v\u00e0 hi\u1ec7u qu\u1ea3. S\u1ea3n ph\u1ea9m v\u1edbi dung t\u00edch 5kg \u0111\u00e1p \u1ee9ng nhu c\u1ea7u s\u1eed d\u1ee5ng th\u01b0\u1eddng xuy\u00ean trong c\u00e1c gara s\u1eeda ch\u1eefa v\u00e0 b\u1ea3o d\u01b0\u1ee1ng xe.<\/p>\n<h2>Th\u00e0nh ph\u1ea7n v\u00e0 t\u00ednh ch\u1ea5t<\/h2>\n<p>Ch\u1ea5t b\u00f4i tr\u01a1n th\u00e1o l\u1eafp l\u1ed1p \u0111\u01b0\u1ee3c s\u1ea3n xu\u1ea5t t\u1eeb c\u00e1c th\u00e0nh ph\u1ea7n chuy\u00ean bi\u1ec7t, bao g\u1ed3m:<\/p>\n<ul>\n<li>D\u1ea7u g\u1ed1c kho\u00e1ng tinh ch\u1ebf cao c\u1ea5p<\/li>\n<li>Ph\u1ee5 gia ch\u1ed1ng ma s\u00e1t<\/li>\n<li>Ch\u1ea5t \u1ee9c ch\u1ebf \u0103n m\u00f2n<\/li>\n<\/ul>\n<p>S\u1ea3n ph\u1ea9m c\u00f3 \u0111\u1ed9 nh\u1edbt th\u1ea5p gi\u00fap t\u1ea1o \u0111\u1ed9 tr\u01a1n tru t\u1ed1i \u0111a, \u0111\u1ea3m b\u1ea3o s\u1ef1 ti\u1ebfp x\u00fac ho\u00e0n h\u1ea3o gi\u1eefa l\u1ed1p v\u00e0 m\u00e2m xe, gi\u00fap vi\u1ec7c th\u00e1o l\u1eafp tr\u1edf n\u00ean d\u1ec5 d\u00e0ng h\u01a1n. Ngo\u00e0i ra, ch\u1ea5t b\u00f4i tr\u01a1n c\u00f2n c\u00f3 kh\u1ea3 n\u0103ng ch\u1ed1ng n\u01b0\u1edbc, ch\u1ed1ng b\u1ee5i b\u1ea9n v\u00e0 ch\u1ecbu nhi\u1ec7t \u0111\u1ed9 cao, \u0111\u1ea3m b\u1ea3o hi\u1ec7u qu\u1ea3 l\u00e2u d\u00e0i trong qu\u00e1 tr\u00ecnh s\u1eed d\u1ee5ng.<\/p>\n<h2>\u01afu \u0111i\u1ec3m<\/h2>\n<ul>\n<li>Gi\u1ea3m ma s\u00e1t, t\u1ea1o \u0111\u1ed9 tr\u01a1n tru cho qu\u00e1 tr\u00ecnh l\u1eafp \u0111\u1eb7t v\u00e0 th\u00e1o g\u1ee1 l\u1ed1p<\/li>\n<li>B\u1ea3o v\u1ec7 l\u1ed1p v\u00e0 m\u00e2m xe kh\u1ecfi tr\u1ea7y x\u01b0\u1edbc ho\u1eb7c h\u01b0 h\u1ecfng<\/li>\n<li>Ch\u1ed1ng n\u01b0\u1edbc, b\u1ee5i b\u1ea9n v\u00e0 nhi\u1ec7t \u0111\u1ed9 cao<\/li>\n<li>H\u1ea1n ch\u1ebf t\u1ed1i \u0111a r\u1ee7i ro k\u1eb9p l\u1ed1p trong qu\u00e1 tr\u00ecnh l\u1eafp \u0111\u1eb7t<\/li>\n<li>Th\u00e2n thi\u1ec7n v\u1edbi ng\u01b0\u1eddi s\u1eed d\u1ee5ng v\u00e0 m\u00f4i tr\u01b0\u1eddng<\/li>\n<\/ul>\n<h2>H\u01b0\u1edbng d\u1eabn s\u1eed d\u1ee5ng<\/h2>\n<ol>\n<li>L\u00e0m s\u1ea1ch b\u1ec1 m\u1eb7t l\u1ed1p v\u00e0 m\u00e2m xe.<\/li>\n<li>B\u00f4i m\u1ed9t l\u1edbp m\u1ecfng ch\u1ea5t b\u00f4i tr\u01a1n \u0111\u1ec1u kh\u1eafp b\u1ec1 m\u1eb7t ti\u1ebfp x\u00fac.<\/li>\n<li>Ti\u1ebfn h\u00e0nh l\u1eafp \u0111\u1eb7t ho\u1eb7c th\u00e1o g\u1ee1 l\u1ed1p theo h\u01b0\u1edbng d\u1eabn c\u1ee7a nh\u00e0 s\u1ea3n xu\u1ea5t.<\/li>\n<li>Sau khi l\u1eafp \u0111\u1eb7t ho\u1eb7c th\u00e1o g\u1ee1 ho\u00e0n t\u1ea5t, d\u00f9ng kh\u0103n s\u1ea1ch lau s\u1ea1ch ph\u1ea7n ch\u1ea5t b\u00f4i tr\u01a1n c\u00f2n th\u1eeba.<\/li>\n<\/ol>\n<h2>L\u01b0u \u00fd<\/h2>\n<ul>\n<li>Tr\u00e1nh ti\u1ebfp x\u00fac tr\u1ef1c ti\u1ebfp v\u1edbi m\u1eaft ho\u1eb7c da.<\/li>\n<li>\u0110\u1ec3 xa t\u1ea7m tay tr\u1ebb em.<\/li>\n<li>S\u1eed d\u1ee5ng trong m\u00f4i tr\u01b0\u1eddng th\u00f4ng tho\u00e1ng.<\/li>\n<li>Th\u1ea3i b\u1ecf ch\u1ea5t b\u00f4i tr\u01a1n \u0111\u00e3 s\u1eed d\u1ee5ng theo quy \u0111\u1ecbnh v\u1ec1 b\u1ea3o v\u1ec7 m\u00f4i tr\u01b0\u1eddng.<\/li>\n<\/ul>\n<h2>\u1ee8ng d\u1ee5ng<\/h2>\n<p>Ch\u1ea5t b\u00f4i tr\u01a1n th\u00e1o l\u1eafp l\u1ed1p 5kg \u0111\u01b0\u1ee3c s\u1eed d\u1ee5ng r\u1ed9ng r\u00e3i trong:<\/p>\n<ul>\n<li>C\u00e1c gara s\u1eeda ch\u1eefa v\u00e0 b\u1ea3o d\u01b0\u1ee1ng \u00f4 t\u00f4, xe m\u00e1y<\/li>\n<li>C\u1eeda h\u00e0ng b\u00e1n l\u1ed1p<\/li>\n<li>D\u1ecbch v\u1ee5 l\u1eafp \u0111\u1eb7t v\u00e0 th\u00e1o g\u1ee1 l\u1ed1p l\u01b0u \u0111\u1ed9ng<\/li>\n<li>Doanh nghi\u1ec7p v\u1eadn t\u1ea3i<\/li>\n<\/ul>\n<h2>\u0110\u00f3ng g\u00f3i<\/h2>\n<p>Ch\u1ea5t b\u00f4i tr\u01a1n th\u00e1o l\u1eafp l\u1ed1p 5kg \u0111\u01b0\u1ee3c \u0111\u00f3ng g\u00f3i trong th\u00f9ng nh\u1ef1a ti\u1ec7n l\u1ee3i, c\u00f3 tay c\u1ea7m d\u1ec5 d\u00e0ng di chuy\u1ec3n v\u00e0 s\u1eed d\u1ee5ng.<\/p>\n<\/div>\n","protected":false},"excerpt":{"rendered":"<p><strong>T\u00ean sa\u0309n ph\u00e2\u0309m:<\/strong>CH\u1ea4T B\u00d4I TR\u01a0N TH\u00c1O L\u1eaeP L\u1ed0P 5KG<br \/>\n<strong>T\u00ecnh tr\u1ea1ng:<\/strong> Li\u00ean h\u1ec7 S\u0110T 090 666 5927 .<br \/>\n<strong>Kho:<\/strong> H\u1ed3 Ch\u00ed Minh.<br \/>\n<strong>Li\u00ean h\u1ec7:<\/strong> (24\/7)<br \/>\n<strong>Giao h\u00e0ng:<\/strong> Trong ng\u00e0y<\/p>\n","protected":false},"featured_media":7710,"comment_status":"closed","ping_status":"closed","template":"","meta":[],"product_brand":[],"product_cat":[164],"product_tag":[],"class_list":{"0":"post-7709","1":"product","2":"type-product","3":"status-publish","4":"has-post-thumbnail","6":"product_cat-wurth","8":"first","9":"instock","10":"shipping-taxable","11":"product-type-simple"},"_links":{"self":[{"href":"https:\/\/yenhung.com\/index.php?rest_route=\/wp\/v2\/product\/7709","targetHints":{"allow":["GET"]}}],"collection":[{"href":"https:\/\/yenhung.com\/index.php?rest_route=\/wp\/v2\/product"}],"about":[{"href":"https:\/\/yenhung.com\/index.php?rest_route=\/wp\/v2\/types\/product"}],"replies":[{"embeddable":true,"href":"https:\/\/yenhung.com\/index.php?rest_route=%2Fwp%2Fv2%2Fcomments&post=7709"}],"wp:featuredmedia":[{"embeddable":true,"href":"https:\/\/yenhung.com\/index.php?rest_route=\/wp\/v2\/media\/7710"}],"wp:attachment":[{"href":"https:\/\/yenhung.com\/index.php?rest_route=%2Fwp%2Fv2%2Fmedia&parent=7709"}],"wp:term":[{"taxonomy":"product_brand","embeddable":true,"href":"https:\/\/yenhung.com\/index.php?rest_route=%2Fwp%2Fv2%2Fproduct_brand&post=7709"},{"taxonomy":"product_cat","embeddable":true,"href":"https:\/\/yenhung.com\/index.php?rest_route=%2Fwp%2Fv2%2Fproduct_cat&post=7709"},{"taxonomy":"product_tag","embeddable":true,"href":"https:\/\/yenhung.com\/index.php?rest_route=%2Fwp%2Fv2%2Fproduct_tag&post=7709"}],"curies":[{"name":"wp","href":"https:\/\/api.w.org\/{rel}","templated":true}]}}