{"id":7739,"date":"2025-11-10T08:17:56","date_gmt":"2025-11-10T08:17:56","guid":{"rendered":"https:\/\/yenhung.com\/?product=chai-xit-ve-sinh-he-thong-diesel-wurth-300ml"},"modified":"2026-02-11T01:42:23","modified_gmt":"2026-02-11T01:42:23","slug":"chai-xit-ve-sinh-he-thong-diesel-wurth-300ml","status":"publish","type":"product","link":"https:\/\/yenhung.com\/?product=chai-xit-ve-sinh-he-thong-diesel-wurth-300ml","title":{"rendered":"Chai x\u1ecbt v\u1ec7 sinh h\u1ec7 th\u1ed1ng diesel Wurth 300ml"},"content":{"rendered":"<div class=\"ba-text-fpt\">\n<h2><strong>Chai X\u1ecbt V\u1ec7 Sinh H\u1ec7 Th\u1ed1ng Diesel 300ml: Gi\u1ea3i Ph\u00e1p To\u00e0n Di\u1ec7n<\/strong><\/h2>\n<p><img decoding=\"async\" title=\"chai-xi-t-ve-sinh-he-tho-ng-diesel-300ml-jpeg-2\" src=\"https:\/\/yenhung.com\/wp-content\/uploads\/2025\/11\/chai-xi-t-ve-sinh-he-tho-ng-diesel-300ml-jpeg-2.jpg\" alt=\"CHAI X\u1ecaT V\u1ec6 SINH H\u1ec6 TH\u1ed0NG DIESEL 300ML\" data-thumb=\"large\" \/><\/p>\n<p>Chai x\u1ecbt v\u1ec7 sinh h\u1ec7 th\u1ed1ng diesel 300ml l\u00e0 m\u1ed9t s\u1ea3n ph\u1ea9m thi\u1ebft y\u1ebfu d\u00e0nh cho c\u00e1c \u0111\u1ed9ng c\u01a1 diesel, cung c\u1ea5p kh\u1ea3 n\u0103ng l\u00e0m s\u1ea1ch hi\u1ec7u qu\u1ea3 \u0111\u1ec3 duy tr\u00ec hi\u1ec7u su\u1ea5t t\u1ed1i \u01b0u v\u00e0 tu\u1ed5i th\u1ecd d\u00e0i.<\/p>\n<h3>Th\u00e0nh Ph\u1ea7n Hi\u1ec7u Qu\u1ea3<\/h3>\n<ul>\n<li><strong>Ch\u1ea5t t\u1ea9y r\u1eeda g\u1ed1c x\u0103ng d\u1ea7u:<\/strong> Lo\u1ea1i b\u1ecf c\u1eb7n carbon c\u1ee9ng \u0111\u1ea7u, mu\u1ed9i than v\u00e0 c\u00e1c h\u1ea1t kh\u00e1c ra kh\u1ecfi bu\u1ed3ng \u0111\u1ed1t, kim phun v\u00e0 c\u00e1c b\u1ed9 ph\u1eadn kh\u00e1c.<\/li>\n<li><strong>Dung m\u00f4i h\u00f2a tan:<\/strong> Gi\u1ea3i ph\u00f3ng c\u1eb7n b\u00e1m v\u00e0 ch\u1ea5t b\u1ea9n, cho ph\u00e9p c\u00e1c th\u00e0nh ph\u1ea7n ho\u1ea1t \u0111\u1ed9ng th\u00e2m nh\u1eadp v\u00e0 lo\u1ea1i b\u1ecf ch\u00fang hi\u1ec7u qu\u1ea3.<\/li>\n<li><strong>Ch\u1ea5t b\u00f4i tr\u01a1n:<\/strong> Gi\u00fap gi\u1ea3m ma s\u00e1t trong h\u1ec7 th\u1ed1ng nhi\u00ean li\u1ec7u, c\u1ea3i thi\u1ec7n hi\u1ec7u qu\u1ea3 v\u00e0 tu\u1ed5i th\u1ecd c\u1ee7a c\u00e1c b\u1ed9 ph\u1eadn.<\/li>\n<\/ul>\n<h3>L\u1ee3i \u00cdch Thi\u1ebft Th\u1ef1c<\/h3>\n<ul>\n<li><strong>T\u0103ng C\u00f4ng Su\u1ea5t V\u00e0 Mo-Men Xo\u1eafn:<\/strong> Lo\u1ea1i b\u1ecf c\u1eb7n b\u1ea9n c\u1ea3i thi\u1ec7n qu\u00e1 tr\u00ecnh \u0111\u1ed1t ch\u00e1y, d\u1eabn \u0111\u1ebfn c\u00f4ng su\u1ea5t v\u00e0 m\u00f4-men xo\u1eafn cao h\u01a1n.<\/li>\n<li><strong>C\u1ea3i Thi\u1ec7n Kh\u1ea3 N\u0103ng Ti\u1ebft Ki\u1ec7m Nhi\u00ean Li\u1ec7u:<\/strong> L\u00e0m s\u1ea1ch h\u1ec7 th\u1ed1ng nhi\u00ean li\u1ec7u t\u1ed1i \u01b0u h\u00f3a qu\u00e1 tr\u00ecnh \u0111\u1ed1t ch\u00e1y, gi\u1ea3m l\u01b0\u1ee3ng nhi\u00ean li\u1ec7u ti\u00eau th\u1ee5.<\/li>\n<li><strong>Gi\u1ea3m Kh\u00f3i \u0110en:<\/strong> Lo\u1ea1i b\u1ecf c\u1eb7n carbon trong bu\u1ed3ng \u0111\u1ed1t v\u00e0 kim phun l\u00e0m gi\u1ea3m \u0111\u00e1ng k\u1ec3 kh\u00f3i \u0111en, c\u1ea3i thi\u1ec7n ch\u1ea5t l\u01b0\u1ee3ng kh\u00f4ng kh\u00ed.<\/li>\n<li><strong>B\u1ea3o V\u1ec7 \u0110\u1ed9ng C\u01a1:<\/strong> B\u00f4i tr\u01a1n c\u00e1c b\u1ed9 ph\u1eadn trong h\u1ec7 th\u1ed1ng nhi\u00ean li\u1ec7u ng\u0103n ng\u1eeba m\u00e0i m\u00f2n v\u00e0 k\u00e9o d\u00e0i tu\u1ed5i th\u1ecd c\u1ee7a \u0111\u1ed9ng c\u01a1.<\/li>\n<\/ul>\n<h3>C\u00e1ch S\u1eed D\u1ee5ng<\/h3>\n<ol>\n<li>T\u1eaft \u0111\u1ed9ng c\u01a1 v\u00e0 ngu\u1ed9i m\u00e1y.<\/li>\n<li>T\u00ecm van \u1ed1ng n\u1ea1p kh\u00ed c\u1ee7a \u0111\u1ed9ng c\u01a1 diesel.<\/li>\n<li>L\u1eafc \u0111\u1ec1u chai v\u00e0 x\u1ecbt tr\u1ef1c ti\u1ebfp v\u00e0o van trong kho\u1ea3ng 5-10 gi\u00e2y.<\/li>\n<li>Kh\u1edfi \u0111\u1ed9ng \u0111\u1ed9ng c\u01a1 v\u00e0 \u0111\u1ec3 ch\u1ea1y kh\u00f4ng t\u1ea3i trong 5-10 ph\u00fat, cho ph\u00e9p dung d\u1ecbch v\u1ec7 sinh l\u01b0u th\u00f4ng trong to\u00e0n b\u1ed9 h\u1ec7 th\u1ed1ng.<\/li>\n<li>T\u1eaft \u0111\u1ed9ng c\u01a1 v\u00e0 \u0111\u1ec3 l\u1eafng trong 10-15 ph\u00fat n\u1eefa.<\/li>\n<li>Kh\u1edfi \u0111\u1ed9ng l\u1ea1i \u0111\u1ed9ng c\u01a1 v\u00e0 v\u1eadn h\u00e0nh b\u00ecnh th\u01b0\u1eddng.<\/li>\n<\/ol>\n<h3>Khuy\u1ebfn Ngh\u1ecb<\/h3>\n<p>\u0110\u1ec3 c\u00f3 hi\u1ec7u qu\u1ea3 v\u1ec7 sinh t\u1ed1i \u01b0u, n\u00ean s\u1eed d\u1ee5ng chai x\u1ecbt v\u1ec7 sinh h\u1ec7 th\u1ed1ng diesel 300ml theo l\u1ecbch b\u1ea3o d\u01b0\u1ee1ng \u0111\u1ecbnh k\u1ef3. Khuy\u1ebfn ngh\u1ecb s\u1eed d\u1ee5ng s\u1ea3n ph\u1ea9m n\u00e0y sau m\u1ed7i <strong>5.000-10.000 km<\/strong> ho\u1eb7c theo khuy\u1ebfn ngh\u1ecb c\u1ee7a nh\u00e0 s\u1ea3n xu\u1ea5t xe.<\/p>\n<h3>K\u1ebft Lu\u1eadn<\/h3>\n<p>Chai x\u1ecbt v\u1ec7 sinh h\u1ec7 th\u1ed1ng diesel 300ml l\u00e0 m\u1ed9t gi\u1ea3i ph\u00e1p to\u00e0n di\u1ec7n \u0111\u1ec3 duy tr\u00ec hi\u1ec7u su\u1ea5t t\u1ed1i \u01b0u v\u00e0 tu\u1ed5i th\u1ecd d\u00e0i cho \u0111\u1ed9ng c\u01a1 diesel. Th\u00e0nh ph\u1ea7n hi\u1ec7u qu\u1ea3 v\u00e0 c\u00e1ch s\u1eed d\u1ee5ng d\u1ec5 d\u00e0ng c\u1ee7a n\u00f3 gi\u00fap lo\u1ea1i b\u1ecf c\u1eb7n b\u1ea9n, c\u1ea3i thi\u1ec7n kh\u1ea3 n\u0103ng ti\u1ebft ki\u1ec7m nhi\u00ean li\u1ec7u, gi\u1ea3m kh\u00f3i \u0111en v\u00e0 b\u1ea3o v\u1ec7 \u0111\u1ed9ng c\u01a1 kh\u1ecfi h\u01b0 h\u1ecfng. B\u1eb1ng c\u00e1ch s\u1eed d\u1ee5ng s\u1ea3n ph\u1ea9m n\u00e0y th\u01b0\u1eddng xuy\u00ean, b\u1ea1n c\u00f3 th\u1ec3 \u0111\u1ea3m b\u1ea3o \u0111\u1ed9ng c\u01a1 diesel c\u1ee7a m\u00ecnh ho\u1ea1t \u0111\u1ed9ng tr\u01a1n tru v\u00e0 hi\u1ec7u qu\u1ea3 trong nhi\u1ec1u n\u0103m t\u1edbi.<\/p>\n<\/div>\n","protected":false},"excerpt":{"rendered":"<p><strong>T\u00ean sa\u0309n ph\u00e2\u0309m:<\/strong>CHAI X\u1ecaT V\u1ec6 SINH H\u1ec6 TH\u1ed0NG DIESEL 300ML<br \/>\n<strong>T\u00ecnh tr\u1ea1ng:<\/strong> Li\u00ean h\u1ec7 S\u0110T 090 666 5927 .<br \/>\n<strong>Kho:<\/strong> H\u1ed3 Ch\u00ed Minh.<br \/>\n<strong>Li\u00ean h\u1ec7:<\/strong> (24\/7)<br \/>\n<strong>Giao h\u00e0ng:<\/strong> Trong ng\u00e0y<\/p>\n","protected":false},"featured_media":7740,"comment_status":"closed","ping_status":"closed","template":"","meta":[],"product_brand":[],"product_cat":[164],"product_tag":[],"class_list":{"0":"post-7739","1":"product","2":"type-product","3":"status-publish","4":"has-post-thumbnail","6":"product_cat-wurth","8":"first","9":"instock","10":"shipping-taxable","11":"product-type-simple"},"_links":{"self":[{"href":"https:\/\/yenhung.com\/index.php?rest_route=\/wp\/v2\/product\/7739","targetHints":{"allow":["GET"]}}],"collection":[{"href":"https:\/\/yenhung.com\/index.php?rest_route=\/wp\/v2\/product"}],"about":[{"href":"https:\/\/yenhung.com\/index.php?rest_route=\/wp\/v2\/types\/product"}],"replies":[{"embeddable":true,"href":"https:\/\/yenhung.com\/index.php?rest_route=%2Fwp%2Fv2%2Fcomments&post=7739"}],"wp:featuredmedia":[{"embeddable":true,"href":"https:\/\/yenhung.com\/index.php?rest_route=\/wp\/v2\/media\/7740"}],"wp:attachment":[{"href":"https:\/\/yenhung.com\/index.php?rest_route=%2Fwp%2Fv2%2Fmedia&parent=7739"}],"wp:term":[{"taxonomy":"product_brand","embeddable":true,"href":"https:\/\/yenhung.com\/index.php?rest_route=%2Fwp%2Fv2%2Fproduct_brand&post=7739"},{"taxonomy":"product_cat","embeddable":true,"href":"https:\/\/yenhung.com\/index.php?rest_route=%2Fwp%2Fv2%2Fproduct_cat&post=7739"},{"taxonomy":"product_tag","embeddable":true,"href":"https:\/\/yenhung.com\/index.php?rest_route=%2Fwp%2Fv2%2Fproduct_tag&post=7739"}],"curies":[{"name":"wp","href":"https:\/\/api.w.org\/{rel}","templated":true}]}}