{"id":7762,"date":"2025-11-10T08:18:23","date_gmt":"2025-11-10T08:18:23","guid":{"rendered":"https:\/\/yenhung.com\/?product=chat-suc-rua-he-thong-giai-nhiet-wurth-250ml"},"modified":"2026-02-11T01:40:00","modified_gmt":"2026-02-11T01:40:00","slug":"chat-suc-rua-he-thong-giai-nhiet-wurth-250ml","status":"publish","type":"product","link":"https:\/\/yenhung.com\/?product=chat-suc-rua-he-thong-giai-nhiet-wurth-250ml","title":{"rendered":"Ch\u1ea5t s\u00fac r\u1eeda h\u1ec7 th\u1ed1ng gi\u1ea3i nhi\u1ec7t Wurth 250ml"},"content":{"rendered":"<div class=\"ba-text-fpt\">\n<p>&nbsp;<\/p>\n<h1>Ch\u1ea5t S\u00fac R\u1eeda H\u1ec7 Th\u1ed1ng Gi\u1ea3i Nhi\u1ec7t 250ML<\/h1>\n<p>Dung d\u1ecbch l\u00e0m s\u1ea1ch chuy\u00ean d\u1ee5ng, b\u1ea3o v\u1ec7 xe kh\u1ecfi \u0103n m\u00f2n<\/p>\n<p><img decoding=\"async\" title=\"cha-t-su-c-ru-a-he-tho-ng-gia-i-nhie-t-250ml-jpeg-1\" src=\"https:\/\/yenhung.com\/wp-content\/uploads\/2025\/11\/cha-t-su-c-ru-a-he-tho-ng-gia-i-nhie-t-250ml-jpeg-1.jpg\" alt=\"CH\u1ea4T S\u00daC R\u1eecA H\u1ec6 TH\u1ed0NG GI\u1ea2I NHI\u1ec6T 250ML\" data-thumb=\"large\" \/><\/p>\n<h2>Gi\u1edbi thi\u1ec7u<\/h2>\n<p>Ch\u1ea5t S\u00fac R\u1eeda H\u1ec7 Th\u1ed1ng Gi\u1ea3i Nhi\u1ec7t 250ml l\u00e0 m\u1ed9t dung d\u1ecbch chuy\u00ean d\u1ee5ng \u0111\u01b0\u1ee3c thi\u1ebft k\u1ebf \u0111\u1ec3 lo\u1ea1i b\u1ecf r\u1ec9 s\u00e9t, c\u1eb7n b\u1ea9n v\u00e0 c\u00e1c ch\u1ea5t g\u00e2y t\u1eafc ngh\u1ebdn kh\u1ecfi h\u1ec7 th\u1ed1ng gi\u1ea3i nhi\u1ec7t xe h\u01a1i. S\u1ea3n ph\u1ea9m n\u00e0y gi\u00fap ng\u0103n ng\u1eeba qu\u00e1 nhi\u1ec7t \u0111\u1ed9ng c\u01a1 v\u00e0 \u0111\u1ea3m b\u1ea3o hi\u1ec7u su\u1ea5t ho\u1ea1t \u0111\u1ed9ng t\u1ed1i \u01b0u.<\/p>\n<h2>C\u01a1 ch\u1ebf ho\u1ea1t \u0111\u1ed9ng<\/h2>\n<p>Dung d\u1ecbch ch\u1ee9a c\u00e1c th\u00e0nh ph\u1ea7n h\u00f3a h\u1ecdc m\u1ea1nh m\u1ebd c\u00f3 kh\u1ea3 n\u0103ng h\u00f2a tan r\u1ec9 s\u00e9t, v\u00f4i, m\u1ee1 v\u00e0 c\u00e1c ch\u1ea5t b\u1ea9n kh\u00e1c. Khi \u0111\u01b0\u1ee3c \u0111\u01b0a v\u00e0o h\u1ec7 th\u1ed1ng gi\u1ea3i nhi\u1ec7t, dung d\u1ecbch s\u1ebd l\u01b0u th\u00f4ng v\u00e0 ph\u00e1 v\u1ee1 c\u00e1c c\u1eb7n b\u00e1m b\u1ea9n, lo\u1ea1i b\u1ecf ch\u00fang kh\u1ecfi c\u00e1c b\u1ed9 ph\u1eadn nh\u01b0 k\u00e9t n\u01b0\u1edbc, k\u00e9t gi\u00e3n n\u1edf v\u00e0 \u0111\u01b0\u1eddng \u1ed1ng.<\/p>\n<h2>L\u1ee3i \u00edch<\/h2>\n<ul>\n<li>Lo\u1ea1i b\u1ecf r\u1ec9 s\u00e9t v\u00e0 c\u1eb7n b\u1ea9n, ng\u0103n ng\u1eeba t\u1eafc ngh\u1ebdn h\u1ec7 th\u1ed1ng gi\u1ea3i nhi\u1ec7t<\/li>\n<li>Gi\u1ea3m nguy c\u01a1 qu\u00e1 nhi\u1ec7t \u0111\u1ed9ng c\u01a1, b\u1ea3o v\u1ec7 \u0111\u1ed9ng c\u01a1 kh\u1ecfi h\u01b0 h\u1ecfng<\/li>\n<li>C\u1ea3i thi\u1ec7n kh\u1ea3 n\u0103ng l\u00e0m m\u00e1t c\u1ee7a h\u1ec7 th\u1ed1ng, gi\u00fap \u0111\u1ed9ng c\u01a1 ho\u1ea1t \u0111\u1ed9ng hi\u1ec7u qu\u1ea3 h\u01a1n<\/li>\n<li>K\u00e9o d\u00e0i tu\u1ed5i th\u1ecd c\u00e1c b\u1ed9 ph\u1eadn c\u1ee7a h\u1ec7 th\u1ed1ng gi\u1ea3i nhi\u1ec7t<\/li>\n<li>Gi\u00fap xe v\u1eadn h\u00e0nh an to\u00e0n v\u00e0 \u0111\u00e1ng tin c\u1eady h\u01a1n<\/li>\n<\/ul>\n<h2>Th\u00e0nh ph\u1ea7n<\/h2>\n<ul>\n<li>Axit HCl<\/li>\n<li>Ch\u1ea5t \u1ee9c ch\u1ebf \u0103n m\u00f2n<\/li>\n<li>Ch\u1ea5t ho\u1ea1t \u0111\u1ed9ng b\u1ec1 m\u1eb7t<\/li>\n<li>N\u01b0\u1edbc kh\u1eed ion<\/li>\n<\/ul>\n<h2>C\u00e1ch s\u1eed d\u1ee5ng<\/h2>\n<ol>\n<li>\u0110\u1ecdc k\u1ef9 h\u01b0\u1edbng d\u1eabn tr\u00ean nh\u00e3n tr\u01b0\u1edbc khi s\u1eed d\u1ee5ng.<\/li>\n<li>X\u1ea3 h\u1ebft n\u01b0\u1edbc l\u00e0m m\u00e1t c\u0169 kh\u1ecfi h\u1ec7 th\u1ed1ng gi\u1ea3i nhi\u1ec7t.<\/li>\n<li>\u0110\u1ed5 Ch\u1ea5t S\u00fac R\u1eeda H\u1ec7 Th\u1ed1ng Gi\u1ea3i Nhi\u1ec7t v\u00e0o h\u1ec7 th\u1ed1ng, sau \u0111\u00f3 \u0111\u1ed5 \u0111\u1ea7y n\u01b0\u1edbc s\u1ea1ch.<\/li>\n<li>Kh\u1edfi \u0111\u1ed9ng \u0111\u1ed9ng c\u01a1 v\u00e0 \u0111\u1ec3 ho\u1ea1t \u0111\u1ed9ng \u1edf ch\u1ebf \u0111\u1ed9 kh\u00f4ng t\u1ea3i trong 10-15 ph\u00fat.<\/li>\n<li>T\u1eaft \u0111\u1ed9ng c\u01a1 v\u00e0 \u0111\u1ec3 dung d\u1ecbch ngu\u1ed9i.<\/li>\n<li>X\u1ea3 h\u1ebft dung d\u1ecbch \u0111\u00e3 s\u1eed d\u1ee5ng kh\u1ecfi h\u1ec7 th\u1ed1ng.<\/li>\n<li>\u0110\u1ed5 \u0111\u1ea7y n\u01b0\u1edbc l\u00e0m m\u00e1t m\u1edbi v\u00e0o h\u1ec7 th\u1ed1ng.<\/li>\n<\/ol>\n<h2>L\u01b0u \u00fd<\/h2>\n<ul>\n<li>Mang g\u0103ng tay b\u1ea3o h\u1ed9 khi s\u1eed d\u1ee5ng.<\/li>\n<li>Tr\u00e1nh ti\u1ebfp x\u00fac v\u1edbi da v\u00e0 m\u1eaft.<\/li>\n<li>Kh\u00f4ng s\u1eed d\u1ee5ng tr\u00ean c\u00e1c b\u1ed9 ph\u1eadn l\u00e0m b\u1eb1ng nh\u00f4m ho\u1eb7c magi\u00ea.<\/li>\n<li>V\u1ee9t b\u1ecf dung d\u1ecbch \u0111\u00e3 s\u1eed d\u1ee5ng \u0111\u00fang c\u00e1ch, theo quy \u0111\u1ecbnh c\u1ee7a \u0111\u1ecba ph\u01b0\u01a1ng.<\/li>\n<\/ul>\n<h2>K\u1ebft lu\u1eadn<\/h2>\n<p>Ch\u1ea5t S\u00fac R\u1eeda H\u1ec7 Th\u1ed1ng Gi\u1ea3i Nhi\u1ec7t 250ml l\u00e0 m\u1ed9t s\u1ea3n ph\u1ea9m thi\u1ebft y\u1ebfu \u0111\u1ec3 duy tr\u00ec s\u1ee9c kh\u1ecfe v\u00e0 hi\u1ec7u su\u1ea5t t\u1ed1i \u01b0u c\u1ee7a h\u1ec7 th\u1ed1ng gi\u1ea3i nhi\u1ec7t xe h\u01a1i. B\u1eb1ng c\u00e1ch lo\u1ea1i b\u1ecf r\u1ec9 s\u00e9t, c\u1eb7n b\u1ea9n v\u00e0 c\u00e1c ch\u1ea5t g\u00e2y t\u1eafc ngh\u1ebdn, s\u1ea3n ph\u1ea9m n\u00e0y gi\u00fap ng\u0103n ng\u1eeba qu\u00e1 nhi\u1ec7t \u0111\u1ed9ng c\u01a1, t\u0103ng c\u01b0\u1eddng kh\u1ea3 n\u0103ng l\u00e0m m\u00e1t v\u00e0 k\u00e9o d\u00e0i tu\u1ed5i th\u1ecd c\u1ee7a c\u00e1c b\u1ed9 ph\u1eadn h\u1ec7 th\u1ed1ng gi\u1ea3i nhi\u1ec7t.<\/p>\n<\/div>\n","protected":false},"excerpt":{"rendered":"<p><strong>T\u00ean sa\u0309n ph\u00e2\u0309m:<\/strong>CH\u1ea4T S\u00daC R\u1eecA H\u1ec6 TH\u1ed0NG GI\u1ea2I NHI\u1ec6T 250ML<br \/>\n<strong>T\u00ecnh tr\u1ea1ng:<\/strong> Li\u00ean h\u1ec7 S\u0110T 090 666 5927 .<br \/>\n<strong>Kho:<\/strong> H\u1ed3 Ch\u00ed Minh.<br \/>\n<strong>Li\u00ean h\u1ec7:<\/strong> (24\/7)<br \/>\n<strong>Giao h\u00e0ng:<\/strong> Trong ng\u00e0y<\/p>\n","protected":false},"featured_media":7763,"comment_status":"closed","ping_status":"closed","template":"","meta":[],"product_brand":[],"product_cat":[164],"product_tag":[],"class_list":{"0":"post-7762","1":"product","2":"type-product","3":"status-publish","4":"has-post-thumbnail","6":"product_cat-wurth","8":"first","9":"instock","10":"shipping-taxable","11":"product-type-simple"},"_links":{"self":[{"href":"https:\/\/yenhung.com\/index.php?rest_route=\/wp\/v2\/product\/7762","targetHints":{"allow":["GET"]}}],"collection":[{"href":"https:\/\/yenhung.com\/index.php?rest_route=\/wp\/v2\/product"}],"about":[{"href":"https:\/\/yenhung.com\/index.php?rest_route=\/wp\/v2\/types\/product"}],"replies":[{"embeddable":true,"href":"https:\/\/yenhung.com\/index.php?rest_route=%2Fwp%2Fv2%2Fcomments&post=7762"}],"wp:featuredmedia":[{"embeddable":true,"href":"https:\/\/yenhung.com\/index.php?rest_route=\/wp\/v2\/media\/7763"}],"wp:attachment":[{"href":"https:\/\/yenhung.com\/index.php?rest_route=%2Fwp%2Fv2%2Fmedia&parent=7762"}],"wp:term":[{"taxonomy":"product_brand","embeddable":true,"href":"https:\/\/yenhung.com\/index.php?rest_route=%2Fwp%2Fv2%2Fproduct_brand&post=7762"},{"taxonomy":"product_cat","embeddable":true,"href":"https:\/\/yenhung.com\/index.php?rest_route=%2Fwp%2Fv2%2Fproduct_cat&post=7762"},{"taxonomy":"product_tag","embeddable":true,"href":"https:\/\/yenhung.com\/index.php?rest_route=%2Fwp%2Fv2%2Fproduct_tag&post=7762"}],"curies":[{"name":"wp","href":"https:\/\/api.w.org\/{rel}","templated":true}]}}