{"id":7956,"date":"2025-11-10T08:22:00","date_gmt":"2025-11-10T08:22:00","guid":{"rendered":"https:\/\/yenhung.com\/?product=phu-gam-mau-den-wurth-1l"},"modified":"2026-02-11T01:22:12","modified_gmt":"2026-02-11T01:22:12","slug":"phu-gam-mau-den-wurth-1l","status":"publish","type":"product","link":"https:\/\/yenhung.com\/?product=phu-gam-mau-den-wurth-1l","title":{"rendered":"Ph\u1ee7 g\u1ea7m m\u00e0u \u0111en Wurth 1l"},"content":{"rendered":"<div class=\"ba-text-fpt\">\n<p>&nbsp;<\/p>\n<h1>Ph\u1ee7 G\u1ea7m M\u00e0u \u0110en 1L: B\u1ea3o V\u1ec7 Hi\u1ec7u Qu\u1ea3 Cho G\u1ea7m Xe \u00d4 T\u00f4<\/h1>\n<h2><img decoding=\"async\" title=\"phu-ga-m-ma-u-den-1l-jpeg-2\" src=\"https:\/\/yenhung.com\/wp-content\/uploads\/2025\/11\/phu-ga-m-ma-u-den-1l-jpeg-2.jpg\" alt=\"PH\u1ee6 G\u1ea6M M\u00c0U \u0110EN 1L\" data-thumb=\"large\" \/><\/h2>\n<p>Ph\u1ee7 g\u1ea7m m\u00e0u \u0111en 1L l\u00e0 m\u1ed9t lo\u1ea1i v\u1eadt li\u1ec7u ph\u1ee7 chuy\u00ean d\u1ee5ng \u0111\u01b0\u1ee3c thi\u1ebft k\u1ebf \u0111\u1ec3 b\u1ea3o v\u1ec7 g\u1ea7m xe kh\u1ecfi c\u00e1c t\u00e1c \u0111\u1ed9ng x\u1ea5u t\u1eeb m\u00f4i tr\u01b0\u1eddng v\u00e0 qu\u00e1 tr\u00ecnh v\u1eadn h\u00e0nh c\u1ee7a xe. V\u1edbi dung t\u00edch 1 l\u00edt, s\u1ea3n ph\u1ea9m ph\u00f9 h\u1ee3p cho c\u00e1c ph\u01b0\u01a1ng ti\u1ec7n c\u00f3 g\u1ea7m xe k\u00edch th\u01b0\u1edbc v\u1eeba v\u00e0 nh\u1ecf.<\/p>\n<h2>Th\u00e0nh ph\u1ea7n v\u00e0 \u0111\u1eb7c t\u00ednh<\/h2>\n<ul>\n<li>Th\u00e0nh ph\u1ea7n ch\u00ednh: Nh\u1ef1a \u0111\u01b0\u1eddng, ch\u1ea5t ph\u1ee5 gia ch\u1ed1ng g\u1ec9, ch\u1ed1ng \u0103n m\u00f2n<\/li>\n<li>\u0110\u1eb7c t\u00ednh:\n<ul>\n<li>Kh\u00e1ng n\u01b0\u1edbc v\u00e0 ch\u1ed1ng th\u1ea5m tuy\u1ec7t v\u1eddi<\/li>\n<li>Ch\u1ed1ng g\u1ec9 s\u00e9t hi\u1ec7u qu\u1ea3<\/li>\n<li>Ch\u1ed1ng m\u00e0i m\u00f2n v\u00e0 va \u0111\u1eadp nh\u1eb9<\/li>\n<li>Ch\u1ecbu nhi\u1ec7t \u0111\u1ed9 cao<\/li>\n<li>B\u00e1m d\u00ednh t\u1ed1t tr\u00ean b\u1ec1 m\u1eb7t kim lo\u1ea1i<\/li>\n<\/ul>\n<\/li>\n<\/ul>\n<h2>L\u1ee3i \u00edch<\/h2>\n<ul>\n<li>T\u0103ng \u0111\u1ed9 b\u1ec1n c\u1ee7a g\u1ea7m xe<\/li>\n<li>Gi\u1ea3m ti\u1ebfng \u1ed3n v\u00e0 rung \u0111\u1ed9ng<\/li>\n<li>B\u1ea3o v\u1ec7 c\u00e1c b\u1ed9 ph\u1eadn quan tr\u1ecdng tr\u00ean g\u1ea7m xe<\/li>\n<li>N\u00e2ng cao t\u00ednh th\u1ea9m m\u1ef9 c\u1ee7a g\u1ea7m xe<\/li>\n<li>Gi\u1ea3m chi ph\u00ed b\u1ea3o tr\u00ec v\u00e0 s\u1eeda ch\u1eefa<\/li>\n<\/ul>\n<h2>C\u00e1ch s\u1eed d\u1ee5ng<\/h2>\n<ol>\n<li>Chu\u1ea9n b\u1ecb b\u1ec1 m\u1eb7t: L\u00e0m s\u1ea1ch g\u1ea7m xe b\u1eb1ng x\u00e0 ph\u00f2ng v\u00e0 n\u01b0\u1edbc, sau \u0111\u00f3 lau kh\u00f4 ho\u00e0n to\u00e0n<\/li>\n<li>L\u1eafc k\u1ef9 lon ph\u1ee7 g\u1ea7m tr\u01b0\u1edbc khi s\u1eed d\u1ee5ng<\/li>\n<li>X\u1ecbt ph\u1ee7 g\u1ea7m l\u00ean b\u1ec1 m\u1eb7t g\u1ea7m xe \u0111\u00e3 \u0111\u01b0\u1ee3c l\u00e0m s\u1ea1ch, gi\u1eef kho\u1ea3ng c\u00e1ch phun t\u1eeb 20-30 cm<\/li>\n<li>Phun ph\u1ee7 g\u1ea7m \u0111\u1ec1u v\u00e0 c\u1ea9n th\u1eadn, \u0111\u1ea3m b\u1ea3o bao ph\u1ee7 to\u00e0n b\u1ed9 b\u1ec1 m\u1eb7t g\u1ea7m xe<\/li>\n<li>\u0110\u1ec3 l\u1edbp ph\u1ee7 g\u1ea7m kh\u00f4 trong v\u00f2ng 24 gi\u1edd tr\u01b0\u1edbc khi \u0111\u01b0a xe v\u00e0o s\u1eed d\u1ee5ng<\/li>\n<\/ol>\n<h2>L\u01b0u \u00fd<\/h2>\n<ul>\n<li>Kh\u00f4ng s\u1eed d\u1ee5ng ph\u1ee7 g\u1ea7m m\u00e0u \u0111en 1L tr\u00ean b\u1ec1 m\u1eb7t n\u00f3ng ho\u1eb7c \u0111ang chuy\u1ec3n \u0111\u1ed9ng<\/li>\n<li>\u0110eo kh\u1ea9u trang v\u00e0 g\u0103ng tay khi s\u1eed d\u1ee5ng s\u1ea3n ph\u1ea9m<\/li>\n<li>Tr\u00e1nh ti\u1ebfp x\u00fac tr\u1ef1c ti\u1ebfp v\u1edbi da v\u00e0 m\u1eaft<\/li>\n<li>B\u1ea3o qu\u1ea3n s\u1ea3n ph\u1ea9m \u1edf n\u01a1i kh\u00f4 r\u00e1o, tho\u00e1ng m\u00e1t v\u00e0 tr\u00e1nh xa t\u1ea7m v\u1edbi c\u1ee7a tr\u1ebb em<\/li>\n<\/ul>\n<\/div>\n","protected":false},"excerpt":{"rendered":"<p><strong>T\u00ean sa\u0309n ph\u00e2\u0309m:<\/strong>PH\u1ee6 G\u1ea6M M\u00c0U \u0110EN 1L<br \/>\n<strong>T\u00ecnh tr\u1ea1ng:<\/strong> Li\u00ean h\u1ec7 S\u0110T 090 666 5927 .<br \/>\n<strong>Kho:<\/strong> H\u1ed3 Ch\u00ed Minh.<br \/>\n<strong>Li\u00ean h\u1ec7:<\/strong> (24\/7)<br \/>\n<strong>Giao h\u00e0ng:<\/strong> Trong ng\u00e0y<\/p>\n","protected":false},"featured_media":7957,"comment_status":"closed","ping_status":"closed","template":"","meta":[],"product_brand":[],"product_cat":[164],"product_tag":[],"class_list":{"0":"post-7956","1":"product","2":"type-product","3":"status-publish","4":"has-post-thumbnail","6":"product_cat-wurth","8":"first","9":"instock","10":"shipping-taxable","11":"product-type-simple"},"_links":{"self":[{"href":"https:\/\/yenhung.com\/index.php?rest_route=\/wp\/v2\/product\/7956","targetHints":{"allow":["GET"]}}],"collection":[{"href":"https:\/\/yenhung.com\/index.php?rest_route=\/wp\/v2\/product"}],"about":[{"href":"https:\/\/yenhung.com\/index.php?rest_route=\/wp\/v2\/types\/product"}],"replies":[{"embeddable":true,"href":"https:\/\/yenhung.com\/index.php?rest_route=%2Fwp%2Fv2%2Fcomments&post=7956"}],"wp:featuredmedia":[{"embeddable":true,"href":"https:\/\/yenhung.com\/index.php?rest_route=\/wp\/v2\/media\/7957"}],"wp:attachment":[{"href":"https:\/\/yenhung.com\/index.php?rest_route=%2Fwp%2Fv2%2Fmedia&parent=7956"}],"wp:term":[{"taxonomy":"product_brand","embeddable":true,"href":"https:\/\/yenhung.com\/index.php?rest_route=%2Fwp%2Fv2%2Fproduct_brand&post=7956"},{"taxonomy":"product_cat","embeddable":true,"href":"https:\/\/yenhung.com\/index.php?rest_route=%2Fwp%2Fv2%2Fproduct_cat&post=7956"},{"taxonomy":"product_tag","embeddable":true,"href":"https:\/\/yenhung.com\/index.php?rest_route=%2Fwp%2Fv2%2Fproduct_tag&post=7956"}],"curies":[{"name":"wp","href":"https:\/\/api.w.org\/{rel}","templated":true}]}}