{"id":8039,"date":"2025-11-10T08:35:56","date_gmt":"2025-11-10T08:35:56","guid":{"rendered":"https:\/\/yenhung.com\/?product=mo-mobilarma-798-167-kg-xo"},"modified":"2026-02-10T09:37:52","modified_gmt":"2026-02-10T09:37:52","slug":"mo-mobilarma-798-167-kg-xo","status":"publish","type":"product","link":"https:\/\/yenhung.com\/?product=mo-mobilarma-798-167-kg-xo","title":{"rendered":"M\u1ee0 MOBILARMA 798 (16,7 Kg \/ X\u00f4)"},"content":{"rendered":"<div class=\"ba-text-fpt\">\n<h2 style=\"margin-top: 3px; margin-bottom: 8px; text-align: justify;\"><span style=\"line-height: 107%;\"><span style=\"font-weight: normal;\"><b><span style=\"line-height: 107%;\">T\u1ed5ng quan v\u1ec1 Mobilarma 798<\/span><\/b><\/span><\/span><\/h2>\n<p style=\"text-align: justify;\"><span style=\"font-size: 14px;\"><b><span style=\"border: 1pt none windowtext; padding: 0cm;\">Mobilarma 798<\/span><\/b> l\u00e0 m\u1ed9t lo\u1ea1i m\u1ee1 b\u00f4i tr\u01a1n d\u1ea1ng s\u00e1p, ch\u1ed1ng g\u1ec9, kh\u00f4ng ch\u1ee9a ch\u00ec. S\u1ea3n ph\u1ea9m \u0111\u01b0\u1ee3c pha ch\u1ebf \u0111\u1eb7c bi\u1ec7t \u0111\u1ec3 b\u1ea3o v\u1ec7 v\u00e0 b\u00f4i tr\u01a1n d\u00e2y c\u00e1p th\u00e9p (wire rope) v\u00e0 c\u00e1c thi\u1ebft b\u1ecb c\u00e1p trong \u0111i\u1ec1u ki\u1ec7n l\u00e0m vi\u1ec7c kh\u1eafc nghi\u1ec7t.<\/span><\/p>\n<p style=\"text-align: justify;\"><span style=\"font-size: 14px;\"><img decoding=\"async\" title=\"products-51ewbtkwkol-sl1000-1-7-1\" src=\"https:\/\/yenhung.com\/wp-content\/uploads\/2025\/11\/products-51ewbtkwkol-sl1000-1-7-1.jpg\" data-thumb=\"grande\" \/><\/span><\/p>\n<p style=\"margin-bottom: 16px; text-align: justify;\"><span style=\"font-size: 14px;\">M\u1ee1 n\u00e0y n\u1ed5i b\u1eadt nh\u1edd kh\u1ea3 n\u0103ng t\u1ea1o ra m\u1ed9t l\u1edbp m\u00e0ng b\u1ea3o v\u1ec7 d\u1ebbo, b\u1ec1n v\u1eefng, ch\u1ed1ng l\u1ea1i t\u00e1c \u0111\u1ed9ng c\u1ee7a n\u01b0\u1edbc ng\u1ecdt, n\u01b0\u1edbc m\u1eb7n v\u00e0 c\u00e1c h\u00f3a ch\u1ea5t \u0103n m\u00f2n nh\u1eb9. Do \u0111\u00f3, Mobilarma 798 \u0111\u01b0\u1ee3c \u1ee9ng d\u1ee5ng r\u1ed9ng r\u00e3i trong c\u00e1c ng\u00e0nh c\u00f4ng nghi\u1ec7p \u0111\u00f2i h\u1ecfi s\u1ef1 an to\u00e0n v\u00e0 \u0111\u1ed9 tin c\u1eady cao nh\u01b0 h\u00e0ng h\u1ea3i, khai th\u00e1c m\u1ecf, x\u00e2y d\u1ef1ng v\u00e0 c\u1ea9u tr\u1ee5c.<\/span><\/p>\n<h2 style=\"margin-top: 3px; margin-bottom: 8px; text-align: justify;\"><span style=\"line-height: 107%;\"><span style=\"font-weight: normal;\"><b><span style=\"line-height: 107%;\">\u0110\u1eb7c \u0111i\u1ec3m v\u00e0 \u01b0u \u0111i\u1ec3m n\u1ed5i b\u1eadt<\/span><\/b><\/span><\/span><\/h2>\n<ul>\n<li style=\"margin-bottom: 11px; text-align: justify;\"><span style=\"font-size: 14px;\"><span style=\"line-height: normal;\"><b><span style=\"border: 1pt none windowtext; padding: 0cm;\">B\u1ea3o v\u1ec7 v\u01b0\u1ee3t tr\u1ed9i:<\/span><\/b> L\u1edbp m\u00e0ng m\u1ee1 b\u00e1m d\u00ednh c\u1ef1c t\u1ed1t, kh\u00f4ng b\u1ecb v\u0103ng ra khi d\u00e2y c\u00e1p quay \u1edf t\u1ed1c \u0111\u1ed9 cao v\u00e0 kh\u00f4ng b\u1ecb r\u1eeda tr\u00f4i b\u1edfi n\u01b0\u1edbc, k\u1ec3 c\u1ea3 n\u01b0\u1edbc bi\u1ec3n. \u0110i\u1ec1u n\u00e0y gi\u00fap b\u1ea3o v\u1ec7 l\u00f5i d\u00e2y c\u00e1p kh\u1ecfi g\u1ec9 s\u00e9t t\u1eeb b\u00ean trong.<\/span><\/span><\/li>\n<li style=\"margin-bottom: 11px; text-align: justify;\"><span style=\"font-size: 14px;\"><span style=\"line-height: normal;\"><b><span style=\"border: 1pt none windowtext; padding: 0cm;\">Kh\u1ea3 n\u0103ng ch\u1ed1ng \u0103n m\u00f2n:<\/span><\/b> S\u1ea3n ph\u1ea9m ch\u1ee9a c\u00e1c ch\u1ea5t ph\u1ee5 gia ch\u1ed1ng g\u1ec9 m\u1ea1nh m\u1ebd, gi\u00fap ng\u0103n ng\u1eeba s\u1ef1 \u0103n m\u00f2n do h\u01a1i \u1ea9m, s\u01b0\u01a1ng mu\u1ed1i v\u00e0 c\u00e1c t\u00e1c nh\u00e2n t\u1eeb m\u00f4i tr\u01b0\u1eddng bi\u1ec3n.\u00a0 <\/span><\/span><\/li>\n<li style=\"margin-bottom: 11px; text-align: justify;\"><span style=\"font-size: 14px;\"><span style=\"line-height: normal;\"><b><span style=\"border: 1pt none windowtext; padding: 0cm;\">D\u1ec5 d\u00e0ng ki\u1ec3m tra:<\/span><\/b> L\u1edbp m\u1ee1 c\u00f3 m\u00e0u trong su\u1ed1t, cho ph\u00e9p ng\u01b0\u1eddi v\u1eadn h\u00e0nh d\u1ec5 d\u00e0ng quan s\u00e1t t\u00ecnh tr\u1ea1ng c\u1ee7a d\u00e2y c\u00e1p sau khi b\u00f4i tr\u01a1n. Vi\u1ec7c n\u00e0y gi\u00fap ph\u00e1t hi\u1ec7n s\u1edbm c\u00e1c h\u01b0 h\u1ecfng ho\u1eb7c \u0111\u1ee9t s\u1ee3i, \u0111\u1ea3m b\u1ea3o an to\u00e0n.<\/span><\/span><\/li>\n<li style=\"margin-bottom: 11px; text-align: justify;\"><span style=\"font-size: 14px;\"><span style=\"line-height: normal;\"><b><span style=\"border: 1pt none windowtext; padding: 0cm;\">Ho\u1ea1t \u0111\u1ed9ng trong d\u1ea3i nhi\u1ec7t \u0111\u1ed9 r\u1ed9ng:<\/span><\/b> Mobilarma 798 v\u1eabn duy tr\u00ec \u0111\u1ed9 d\u1ebbo \u1edf nhi\u1ec7t \u0111\u1ed9 th\u1ea5p (\u0111\u1ebfn -35\u00b0C) v\u00e0 kh\u00f4ng b\u1ecb ch\u1ea3y nh\u1ecf gi\u1ecdt \u1edf nhi\u1ec7t \u0111\u1ed9 cao (\u0111i\u1ec3m nh\u1ecf gi\u1ecdt 63\u00b0C), ph\u00f9 h\u1ee3p v\u1edbi nhi\u1ec1u m\u00f4i tr\u01b0\u1eddng l\u00e0m vi\u1ec7c kh\u00e1c nhau.<\/span><\/span><\/li>\n<li style=\"margin-bottom: 11px; text-align: justify;\"><span style=\"font-size: 14px;\"><span style=\"line-height: normal;\"><b><span style=\"border: 1pt none windowtext; padding: 0cm;\">An to\u00e0n v\u00e0 th\u00e2n thi\u1ec7n m\u00f4i tr\u01b0\u1eddng:<\/span><\/b> S\u1ea3n ph\u1ea9m kh\u00f4ng ch\u1ee9a ch\u00ec, \u0111\u00e1p \u1ee9ng c\u00e1c ti\u00eau chu\u1ea9n v\u1ec1 an to\u00e0n v\u00e0 m\u00f4i tr\u01b0\u1eddng hi\u1ec7n h\u00e0nh.<\/span><\/span><\/li>\n<\/ul>\n<h2 style=\"margin-top: 3px;\"><span style=\"line-height: 107%;\"><span style=\"font-weight: normal;\"><b><span style=\"line-height: 107%;\">Th\u00f4ng s\u1ed1 k\u1ef9 thu\u1eadt ti\u00eau bi\u1ec3u\u00a0MOBILARMA 798<\/span><\/b><\/span><\/span><\/h2>\n<p style=\"text-align: justify;\"><span style=\"font-size: 14px;\"><span style=\"line-height: 107%;\"><span style=\"font-weight: normal;\"><b><span style=\"line-height: 107%;\"><img decoding=\"async\" title=\"mobilarma-798-drum-pail-new-1200x675-1-1\" src=\"https:\/\/yenhung.com\/wp-content\/uploads\/2025\/11\/mobilarma-798-drum-pail-new-1200x675-1-1.jpg\" data-thumb=\"grande\" \/><\/span><\/b><\/span><\/span><\/span><\/p>\n<ul>\n<li style=\"margin-bottom: 11px; text-align: justify;\"><span style=\"font-size: 14px;\"><span style=\"line-height: normal;\"><b>\u0110\u1ed9 nh\u1edbt, cSt @ 100\u00baC:<\/b> 23.1<\/span><\/span><\/li>\n<li style=\"margin-bottom: 11px; text-align: justify;\"><span style=\"font-size: 14px;\"><span style=\"line-height: normal;\"><b>\u0110i\u1ec3m nh\u1ecf gi\u1ecdt, \u00baC:<\/b> 63<\/span><\/span><\/li>\n<li style=\"margin-bottom: 11px; text-align: justify;\"><span style=\"font-size: 14px;\"><span style=\"line-height: normal;\"><b>\u0110i\u1ec3m ch\u1edbp ch\u00e1y, \u00baC:<\/b> 238<\/span><\/span><\/li>\n<li style=\"margin-bottom: 11px; text-align: justify;\"><span style=\"font-size: 14px;\"><span style=\"line-height: normal;\"><b>Kh\u1ed1i l\u01b0\u1ee3ng ri\u00eang \u1edf 15.6\u00baC:<\/b> 7.36 lbs\/gal<\/span><\/span><\/li>\n<\/ul>\n<h2 style=\"margin-top: 3px; text-align: justify;\"><span style=\"font-size: 14px;\"><span style=\"line-height: 107%;\"><span style=\"font-weight: normal;\"><b><span style=\"line-height: 107%;\">Quy c\u00e1ch \u0111\u00f3ng g\u00f3i <\/span><\/b><\/span><\/span><\/span><\/h2>\n<p style=\"text-align: justify;\"><span style=\"font-size: 14px;\">T\u1ea1i th\u1ecb tr\u01b0\u1eddng Vi\u1ec7t Nam, <b><span style=\"border: none windowtext 1.0pt; padding: 0cm;\">m\u1ee1 Mobilarma 798<\/span><\/b> th\u01b0\u1eddng c\u00f3 c\u00e1c quy c\u00e1ch \u0111\u00f3ng g\u00f3i sau:<\/span><\/p>\n<ul>\n<li style=\"margin-bottom: 11px; text-align: justify;\"><span style=\"font-size: 14px;\"><span style=\"line-height: normal;\"><b><span style=\"border: 1pt none windowtext; padding: 0cm;\">Th\u00f9ng phuy th\u00e9p 208 l\u00edt:<\/span><\/b> \u0110\u00e2y l\u00e0 quy c\u00e1ch ph\u1ed5 bi\u1ebfn nh\u1ea5t cho c\u00e1c d\u1ef1 \u00e1n l\u1edbn, nh\u00e0 m\u00e1y v\u00e0 c\u00f4ng ty h\u00e0ng h\u1ea3i.<\/span><\/span><\/li>\n<li style=\"margin-bottom: 11px; text-align: justify;\"><span style=\"font-size: 14px;\"><span style=\"line-height: normal;\"><b><span style=\"border: 1pt none windowtext; padding: 0cm;\">X\u00f4 16,7 Kg (ho\u1eb7c 18.9 L\u00edt):<\/span><\/b> \u0110\u00e2y l\u00e0 quy c\u00e1ch b\u1ea1n \u0111\u00e3 \u0111\u1ec1 c\u1eadp. \u0110\u00e2y l\u00e0 lo\u1ea1i \u0111\u00f3ng g\u00f3i ph\u1ed5 bi\u1ebfn cho c\u00e1c \u0111\u01a1n v\u1ecb c\u00f3 nhu c\u1ea7u s\u1eed d\u1ee5ng v\u1eeba v\u00e0 nh\u1ecf, ho\u1eb7c cho c\u00e1c c\u00f4ng ty c\u1ea7n b\u00f4i tr\u01a1n b\u1ea3o d\u01b0\u1ee1ng \u0111\u1ecbnh k\u1ef3.<\/span><\/span><\/li>\n<\/ul>\n<h2 style=\"margin-bottom: 8px; text-align: justify;\"><b>Ph\u01b0\u01a1ng ph\u00e1p s\u1eed d\u1ee5ng hi\u1ec7u qu\u1ea3<\/b><\/h2>\n<p style=\"margin-bottom: 8px; text-align: justify;\"><span style=\"font-size: 14px;\"><b><img decoding=\"async\" title=\"mo-cap-mobilarma-798-2\" src=\"https:\/\/yenhung.com\/wp-content\/uploads\/2025\/11\/mo-cap-mobilarma-798-2.jpg\" data-thumb=\"grande\" \/><\/b><\/span><\/p>\n<p style=\"text-align: justify;\"><span style=\"font-size: 14px;\">\u0110\u1ec3 \u0111\u1ea1t hi\u1ec7u qu\u1ea3 t\u1ed1t nh\u1ea5t khi s\u1eed d\u1ee5ng <b><span style=\"border: none windowtext 1.0pt; padding: 0cm;\">Mobilarma 798<\/span><\/b>, b\u1ea1n n\u00ean \u00e1p d\u1ee5ng c\u00e1c ph\u01b0\u01a1ng ph\u00e1p sau:<\/span><\/p>\n<ul>\n<li style=\"margin-bottom: 11px; text-align: justify;\"><span style=\"font-size: 14px;\"><span style=\"line-height: normal;\"><b><span style=\"border: 1pt none windowtext; padding: 0cm;\">L\u00e0m s\u1ea1ch d\u00e2y c\u00e1p:<\/span><\/b> Tr\u01b0\u1edbc khi b\u00f4i m\u1ee1, c\u1ea7n l\u00e0m s\u1ea1ch ho\u00e0n to\u00e0n d\u00e2y c\u00e1p b\u1eb1ng c\u00e1ch lo\u1ea1i b\u1ecf m\u1ee1 c\u0169, b\u1ee5i b\u1ea9n v\u00e0 g\u1ec9 s\u00e9t.<\/span><\/span><\/li>\n<li style=\"margin-bottom: 11px; text-align: justify;\"><span style=\"font-size: 14px;\"><span style=\"line-height: normal;\"><b><span style=\"border: 1pt none windowtext; padding: 0cm;\">Ph\u01b0\u01a1ng ph\u00e1p b\u00f4i tr\u01a1n:<\/span><\/b><\/span><\/span>\n<ul style=\"list-style-type: circle;\">\n<li style=\"margin-bottom: 11px;\"><span style=\"font-size: 14px;\"><span style=\"line-height: normal;\"><b><span style=\"border: 1pt none windowtext; padding: 0cm;\">Qu\u00e9t ho\u1eb7c lau:<\/span><\/b> D\u00f9ng ch\u1ed5i ho\u1eb7c gi\u1ebb lau \u0111\u1ec3 b\u00f4i tr\u1ef1c ti\u1ebfp m\u1ee1 l\u00ean b\u1ec1 m\u1eb7t d\u00e2y c\u00e1p. \u0110\u00e2y l\u00e0 ph\u01b0\u01a1ng ph\u00e1p ph\u1ed5 bi\u1ebfn nh\u1ea5t.<\/span><\/span><\/li>\n<li style=\"margin-bottom: 11px;\"><span style=\"font-size: 14px;\"><span style=\"line-height: normal;\"><b><span style=\"border: 1pt none windowtext; padding: 0cm;\">Gia nhi\u1ec7t v\u00e0 nh\u00fang:<\/span><\/b> C\u00f3 th\u1ec3 gia nhi\u1ec7t m\u1ee1 \u0111\u1ec3 l\u00e0m n\u00f3 l\u1ecfng ra, sau \u0111\u00f3 nh\u00fang d\u00e2y c\u00e1p v\u00e0o. Ph\u01b0\u01a1ng ph\u00e1p n\u00e0y gi\u00fap m\u1ee1 th\u1ea9m th\u1ea5u s\u00e2u v\u00e0o l\u00f5i c\u00e1p, t\u0103ng c\u01b0\u1eddng hi\u1ec7u qu\u1ea3 b\u1ea3o v\u1ec7.<\/span><\/span><\/li>\n<\/ul>\n<\/li>\n<li style=\"margin-bottom: 11px; text-align: justify;\"><span style=\"font-size: 14px;\"><span style=\"line-height: normal;\"><b><span style=\"border: 1pt none windowtext; padding: 0cm;\">B\u1ea3o qu\u1ea3n:<\/span><\/b> M\u1ee1 n\u00ean \u0111\u01b0\u1ee3c b\u1ea3o qu\u1ea3n \u1edf n\u01a1i kh\u00f4 r\u00e1o, tho\u00e1ng m\u00e1t v\u00e0 tr\u00e1nh ti\u1ebfp x\u00fac tr\u1ef1c ti\u1ebfp v\u1edbi \u00e1nh n\u1eafng m\u1eb7t tr\u1eddi \u0111\u1ec3 \u0111\u1ea3m b\u1ea3o ch\u1ea5t l\u01b0\u1ee3ng.<\/span><\/span><\/li>\n<\/ul>\n<p style=\"text-align: justify;\"><span style=\"font-size: 14px;\">Hy v\u1ecdng nh\u1eefng th\u00f4ng tin chi ti\u1ebft n\u00e0y s\u1ebd gi\u00fap b\u1ea1n hi\u1ec3u r\u00f5 h\u01a1n v\u1ec1 s\u1ea3n ph\u1ea9m <b><span style=\"border: none windowtext 1.0pt; padding: 0cm;\">M\u1ee1 Mobilarma 798<\/span><\/b>.<\/span><\/p>\n<p style=\"text-align: justify;\"><span style=\"font-size: 14px;\"><b>Th\u00f4ng tin truy c\u1eadp<\/b><\/span><\/p>\n<p style=\"text-align: justify;\"><span style=\"font-size: 14px;\"><a href=\"https:\/\/www.mobil.com\/en-us\/industrial\/pds\/gl-xx-mobilarma-798\" target=\"_blank\" rel=\"noopener\">T\u00ecm hi\u1ec3u th\u00eam t\u00e0i li\u1ec7u s\u1ea3n ph\u1ea9m MOBIL<\/a><\/span><\/p>\n<p style=\"text-align: justify;\"><span style=\"font-size: 14px;\"><u><a href=\"https:\/suncompany.vn\">T\u00ecm hi\u1ec3u th\u00eam v\u1ec1 c\u00e1c d\u00f2ng s\u1ea3n ph\u1ea9m kh\u00e1c\u00a0c\u1ee7a SUN COMPANY<\/a><\/u><\/span><\/p>\n<h3><\/h3>\n<p><span style=\"font-size: 14px;\">L\u00e0 nh\u00e0 ph\u00e2n ph\u1ed1i c\u00e1c s\u1ea3n ph\u1ea9m keo, m\u1ee1 b\u00f4i tr\u01a1n, b\u00ecnh x\u1ecbt v\u00e0 v\u1eadt t\u01b0 c\u00f4ng nghi\u1ec7p c\u1ee7a MOBIL\u00a0\u00a0t\u1ea1i th\u1ecb tr\u01b0\u1eddng Vi\u1ec7t Nam v\u1edbi c\u00e1c \u1ee9ng d\u1ee5ng trong vi\u1ec7c b\u1ea3o tr\u00ec b\u1ea3o d\u01b0\u1ee1ng m\u00e1y m\u00f3c v\u00e0 thi\u1ebft b\u1ecb c\u00f4ng nghi\u1ec7p.<\/span><\/p>\n<p style=\"text-align: justify;\"><span style=\"font-size: 14px;\">B\u1eb1ng c\u00e1ch cung c\u1ea5p cho kh\u00e1ch h\u00e0ng c\u00e1c s\u1ea3n ph\u1ea9m t\u1ed1t v\u00e0 ch\u1ea5t l\u01b0\u1ee3ng \u0111\u01b0\u1ee3c s\u1ea3n xu\u1ea5t v\u00e0 gi\u00e1m s\u00e1t ch\u1eb7t ch\u1ebd b\u1edfi h\u1ec7 th\u1ed1ng qu\u1ea3n l\u00fd chuy\u00ean nghi\u1ec7p,\u00a0<a href=\"http:\/\/https\/suncompany.vn\"><b>SUNCOMPANY<\/b>\u00a0<\/a>t\u1ef1 h\u00e0o \u0111\u00e3 \u0111\u00f3ng g\u00f3p v\u00e0o cu\u1ed9c s\u1ed1ng con ng\u01b0\u1eddi c\u0169ng nh\u01b0 s\u1ef1 ph\u00e1t tri\u1ec3n tr\u00ean th\u1ecb tr\u01b0\u1eddng c\u00f4ng nghi\u1ec7p t\u1ea1i Vi\u1ec7t Nam.<\/span><\/p>\n<\/div>\n","protected":false},"excerpt":{"rendered":"<p><span style=\"font-family: Times New Roman,Times,serif;\"><strong>T\u00ean sa\u0309n ph\u00e2\u0309m:\u00a0<\/strong>M\u1ee0 MOBILARMA 798 (16,7 Kg \/ X\u00f4)<br \/>\n<strong>T\u00ecnh tr\u1ea1ng:<\/strong>\u00a0Li\u00ean h\u1ec7 S\u0110T 090 666 5927 .<br \/>\n<strong>Kho:<\/strong>\u00a0H\u1ed3 Ch\u00ed Minh.<br \/>\n<strong>Li\u00ean h\u1ec7:<\/strong>\u00a0090.666.5927 (24\/7)<br \/>\n<strong>Giao h\u00e0ng:<\/strong>\u00a0Trong ng\u00e0y<\/span><\/p>\n","protected":false},"featured_media":8040,"comment_status":"closed","ping_status":"closed","template":"","meta":[],"product_brand":[],"product_cat":[165],"product_tag":[],"class_list":{"0":"post-8039","1":"product","2":"type-product","3":"status-publish","4":"has-post-thumbnail","6":"product_cat-mobil","8":"first","9":"instock","10":"shipping-taxable","11":"product-type-simple"},"_links":{"self":[{"href":"https:\/\/yenhung.com\/index.php?rest_route=\/wp\/v2\/product\/8039","targetHints":{"allow":["GET"]}}],"collection":[{"href":"https:\/\/yenhung.com\/index.php?rest_route=\/wp\/v2\/product"}],"about":[{"href":"https:\/\/yenhung.com\/index.php?rest_route=\/wp\/v2\/types\/product"}],"replies":[{"embeddable":true,"href":"https:\/\/yenhung.com\/index.php?rest_route=%2Fwp%2Fv2%2Fcomments&post=8039"}],"wp:featuredmedia":[{"embeddable":true,"href":"https:\/\/yenhung.com\/index.php?rest_route=\/wp\/v2\/media\/8040"}],"wp:attachment":[{"href":"https:\/\/yenhung.com\/index.php?rest_route=%2Fwp%2Fv2%2Fmedia&parent=8039"}],"wp:term":[{"taxonomy":"product_brand","embeddable":true,"href":"https:\/\/yenhung.com\/index.php?rest_route=%2Fwp%2Fv2%2Fproduct_brand&post=8039"},{"taxonomy":"product_cat","embeddable":true,"href":"https:\/\/yenhung.com\/index.php?rest_route=%2Fwp%2Fv2%2Fproduct_cat&post=8039"},{"taxonomy":"product_tag","embeddable":true,"href":"https:\/\/yenhung.com\/index.php?rest_route=%2Fwp%2Fv2%2Fproduct_tag&post=8039"}],"curies":[{"name":"wp","href":"https:\/\/api.w.org\/{rel}","templated":true}]}}