{"id":8086,"date":"2025-11-10T08:36:36","date_gmt":"2025-11-10T08:36:36","guid":{"rendered":"https:\/\/yenhung.com\/?product=mo-mobil-shc-grease-462-pf"},"modified":"2025-11-10T08:36:39","modified_gmt":"2025-11-10T08:36:39","slug":"mo-mobil-shc-grease-462-pf","status":"publish","type":"product","link":"https:\/\/yenhung.com\/?product=mo-mobil-shc-grease-462-pf","title":{"rendered":"M\u1ee1 Mobil SHC Grease 462 PF"},"content":{"rendered":"<\/p>\n<div class=\"ba-text-fpt\">\n<h2><strong>M\u1ee1 Mobil SHC Grease 462 PF<\/strong><\/h2>\n<p>\u0110\u00e2y l\u00e0 m\u1ed9t lo\u1ea1i <b>m\u1ee1 b\u00f4i tr\u01a1n t\u1ed5ng h\u1ee3p cao c\u1ea5p, chuy\u00ean d\u1ee5ng<\/b> c\u1ee7a th\u01b0\u01a1ng hi\u1ec7u <b>Mobil<\/b> (thu\u1ed9c ExxonMobil). T\u1eeb &#8220;PF&#8221; trong t\u00ean s\u1ea3n ph\u1ea9m l\u00e0 vi\u1ebft t\u1eaft c\u1ee7a <b>PerFluoroPolyEther<\/b>, ch\u1ec9 ra r\u1eb1ng <b>d\u1ea7u g\u1ed1c c\u1ee7a m\u1ee1 n\u00e0y l\u00e0 PFPE<\/b>, v\u00e0 <b>ch\u1ea5t l\u00e0m \u0111\u1eb7c l\u00e0 Polytetrafluoroethylene (PTFE)<\/b>.<\/p>\n<p><img decoding=\"async\" alt=\"M\u1ee1 Mobil SHC Grease 462 PF\" data-thumb=\"large\" original-height=\"1125\" original-width=\"326\" src=\"https:\/\/yenhung.com\/wp-content\/uploads\/2025\/11\/mobil-shc-grease-462-pf-1-1750753077671-1.jpg\" title=\"mobil-shc-grease-462-pf-1-1750753077671-1\"><\/p>\n<p>S\u1ef1 k\u1ebft h\u1ee3p gi\u1eefa d\u1ea7u g\u1ed1c PFPE v\u00e0 ch\u1ea5t l\u00e0m \u0111\u1eb7c PTFE l\u00e0m cho Mobil SHC Grease 462 PF tr\u1edf th\u00e0nh m\u1ed9t s\u1ea3n ph\u1ea9m c\u1ef1c k\u1ef3 \u0111\u1eb7c bi\u1ec7t v\u00e0 v\u01b0\u1ee3t tr\u1ed9i, \u0111\u01b0\u1ee3c thi\u1ebft k\u1ebf \u0111\u1ec3 ho\u1ea1t \u0111\u1ed9ng trong nh\u1eefng m\u00f4i tr\u01b0\u1eddng kh\u1eafc nghi\u1ec7t nh\u1ea5t, n\u01a1i c\u00e1c lo\u1ea1i m\u1ee1 th\u00f4ng th\u01b0\u1eddng kh\u00f4ng th\u1ec3 \u0111\u00e1p \u1ee9ng. Ch\u1ec9 s\u1ed1 <b>462<\/b> th\u1ec3 hi\u1ec7n c\u1ea5p \u0111\u1ed9 nh\u1edbt c\u1ee7a d\u1ea7u g\u1ed1c (ISO VG 440 ho\u1eb7c 460 t\u00f9y theo t\u00e0i li\u1ec7u k\u1ef9 thu\u1eadt), v\u00e0 <b>2<\/b> l\u00e0 <b>c\u1ea5p \u0111\u1ed9 \u0111\u1eb7c NLGI 2<\/b>.<\/p>\n<h3>\u0110\u1eb7c \u0111i\u1ec3m n\u1ed5i b\u1eadt c\u1ee7a M\u1ee1 Mobil SHC Grease 462 PF<\/h3>\n<p><img decoding=\"async\" alt=\"M\u1ee1 Mobil SHC Grease 462 PF\" data-thumb=\"large\" original-height=\"400\" original-width=\"400\" src=\"https:\/\/yenhung.com\/wp-content\/uploads\/2025\/11\/mobil-shc-grease-462-pf-3-1750753077668-2.jpg\" title=\"mobil-shc-grease-462-pf-3-1750753077668-2\"><\/p>\n<p>Mobil SHC Grease 462 PF s\u1edf h\u1eefu nh\u1eefng t\u00ednh n\u0103ng \u0111\u1ed9c \u0111\u00e1o nh\u1edd v\u00e0o th\u00e0nh ph\u1ea7n PFPE\/PTFE:<\/p>\n<ul>\n<li>\n<p><b>T\u00ednh \u1ed5n \u0111\u1ecbnh nhi\u1ec7t \u0111\u1ed9 c\u1ef1c cao:<\/b> \u0110\u00e2y l\u00e0 \u0111i\u1ec3m m\u1ea1nh v\u01b0\u1ee3t tr\u1ed9i nh\u1ea5t c\u1ee7a lo\u1ea1i m\u1ee1 n\u00e0y. N\u00f3 c\u00f3 kh\u1ea3 n\u0103ng ho\u1ea1t \u0111\u1ed9ng \u1ed5n \u0111\u1ecbnh v\u00e0 \u0111\u00e1ng tin c\u1eady \u1edf nhi\u1ec7t \u0111\u1ed9 l\u00ean \u0111\u1ebfn <b>$240^circtext{C}$ ($464^circtext{F}$)<\/b> v\u00e0 th\u1eadm ch\u00ed cao h\u01a1n trong th\u1eddi gian ng\u1eafn. \u0110i\u1ec1u n\u00e0y gi\u00fap k\u00e9o d\u00e0i \u0111\u00e1ng k\u1ec3 tu\u1ed5i th\u1ecd c\u1ee7a thi\u1ebft b\u1ecb v\u00e0 gi\u1ea3m t\u1ea7n su\u1ea5t b\u00f4i tr\u01a1n l\u1ea1i.<\/p>\n<\/li>\n<li>\n<p><b>Ch\u1ed1ng oxy h\u00f3a v\u00e0 ph\u00e2n h\u1ee7y h\u00f3a h\u1ecdc tuy\u1ec7t v\u1eddi:<\/b> Nh\u1edd b\u1ea3n ch\u1ea5t h\u00f3a h\u1ecdc c\u1ee7a d\u1ea7u g\u1ed1c PFPE, m\u1ee1 c\u00f3 kh\u1ea3 n\u0103ng ch\u1ed1ng l\u1ea1i qu\u00e1 tr\u00ecnh oxy h\u00f3a v\u00e0 ph\u00e2n h\u1ee7y h\u00f3a h\u1ecdc v\u01b0\u1ee3t tr\u1ed9i ngay c\u1ea3 \u1edf nhi\u1ec7t \u0111\u1ed9 cao v\u00e0 trong m\u00f4i tr\u01b0\u1eddng c\u00f3 h\u00f3a ch\u1ea5t m\u1ea1nh.<\/p>\n<\/li>\n<li>\n<p><b>Kh\u00f4ng ch\u00e1y v\u00e0 \u0111\u1ed9 bay h\u01a1i c\u1ef1c th\u1ea5p:<\/b> \u0110\u00e2y l\u00e0 m\u1ed9t \u0111\u1eb7c t\u00ednh an to\u00e0n quan tr\u1ecdng, \u0111\u1eb7c bi\u1ec7t trong c\u00e1c \u1ee9ng d\u1ee5ng nhi\u1ec7t \u0111\u1ed9 cao. M\u1ee1 kh\u00f4ng d\u1ec5 b\u1ed1c ch\u00e1y v\u00e0 c\u00f3 \u0111\u1ed9 bay h\u01a1i r\u1ea5t th\u1ea5p, gi\u1ea3m thi\u1ec3u m\u1ea5t m\u00e1t d\u1ea7u v\u00e0 kh\u00f3i.<\/p>\n<\/li>\n<li>\n<p><b>T\u00ednh tr\u01a1 h\u00f3a h\u1ecdc cao:<\/b> M\u1ee1 c\u00f3 kh\u1ea3 n\u0103ng ch\u1ed1ng l\u1ea1i s\u1ef1 t\u1ea5n c\u00f4ng c\u1ee7a nhi\u1ec1u lo\u1ea1i h\u00f3a ch\u1ea5t v\u00e0 ch\u1ea5t g\u00e2y \u00f4 nhi\u1ec5m, bao g\u1ed3m d\u1ea7u hydrocarbon, c\u1ed3n, axit v\u00e0 x\u00fat. \u0110i\u1ec1u n\u00e0y l\u00e0m cho n\u00f3 tr\u1edf th\u00e0nh l\u1ef1a ch\u1ecdn l\u00fd t\u01b0\u1edfng cho c\u00e1c ng\u00e0nh c\u00f4ng nghi\u1ec7p h\u00f3a ch\u1ea5t ho\u1eb7c nh\u1eefng n\u01a1i c\u00f3 nguy c\u01a1 ti\u1ebfp x\u00fac v\u1edbi c\u00e1c h\u00f3a ch\u1ea5t \u0103n m\u00f2n.<\/p>\n<\/li>\n<li>\n<p><b>Kh\u1ea3 n\u0103ng b\u00f4i tr\u01a1n v\u00e0 ch\u1ed1ng m\u00e0i m\u00f2n xu\u1ea5t s\u1eafc:<\/b> Cung c\u1ea5p l\u1edbp m\u00e0ng b\u00f4i tr\u01a1n m\u1ea1nh m\u1ebd, b\u1ea3o v\u1ec7 hi\u1ec7u qu\u1ea3 c\u00e1c b\u1ec1 m\u1eb7t kim lo\u1ea1i kh\u1ecfi m\u00e0i m\u00f2n v\u00e0 r\u1ed7 t\u1ebf vi, k\u00e9o d\u00e0i tu\u1ed5i th\u1ecd c\u1ee7a \u1ed5 \u0111\u1ee1 v\u00e0 c\u00e1c b\u1ed9 ph\u1eadn kh\u00e1c.<\/p>\n<\/li>\n<li>\n<p><b>Ch\u1ed1ng \u0103n m\u00f2n v\u00e0 g\u1ec9 s\u00e9t:<\/b> B\u1ea3o v\u1ec7 c\u00e1c chi ti\u1ebft kim lo\u1ea1i kh\u1ecfi s\u1ef1 \u0103n m\u00f2n v\u00e0 g\u1ec9 s\u00e9t, ngay c\u1ea3 trong m\u00f4i tr\u01b0\u1eddng \u1ea9m \u01b0\u1edbt ho\u1eb7c c\u00f3 h\u01a1i n\u01b0\u1edbc.<\/p>\n<\/li>\n<li>\n<p><b>\u0110\u01b0\u1ee3c ch\u1ee9ng nh\u1eadn NSF H1 (t\u00f9y phi\u00ean b\u1ea3n\/khu v\u1ef1c):<\/b> M\u1ee1 n\u00e0y th\u01b0\u1eddng \u0111\u01b0\u1ee3c \u0111\u0103ng k\u00fd NSF H1, c\u00f3 ngh\u0129a l\u00e0 n\u00f3 ph\u00f9 h\u1ee3p cho c\u00e1c \u1ee9ng d\u1ee5ng trong ng\u00e0nh c\u00f4ng nghi\u1ec7p th\u1ef1c ph\u1ea9m v\u00e0 \u0111\u1ed3 u\u1ed1ng, n\u01a1i c\u00f3 kh\u1ea3 n\u0103ng ti\u1ebfp x\u00fac ng\u1eabu nhi\u00ean v\u1edbi th\u1ef1c ph\u1ea9m.<\/p>\n<\/li>\n<\/ul>\n<p><b>L\u01b0u \u00fd \u0111\u1eb7c bi\u1ec7t v\u1ec1 t\u01b0\u01a1ng th\u00edch:<\/b> Mobil SHC Grease 462 PF <b>kh\u00f4ng t\u01b0\u01a1ng th\u00edch<\/b> v\u1edbi c\u00e1c lo\u1ea1i m\u1ee1 g\u1ed1c kho\u00e1ng ho\u1eb7c m\u1ee1 t\u1ed5ng h\u1ee3p kh\u00e1c (tr\u1eeb c\u00e1c lo\u1ea1i m\u1ee1 PFPE\/PTFE t\u01b0\u01a1ng t\u1ef1). Khi chuy\u1ec3n \u0111\u1ed5i sang lo\u1ea1i m\u1ee1 n\u00e0y, c\u1ea7n v\u1ec7 sinh k\u1ef9 l\u01b0\u1ee1ng h\u1ec7 th\u1ed1ng \u0111\u1ec3 lo\u1ea1i b\u1ecf ho\u00e0n to\u00e0n m\u1ee1 c\u0169, tr\u00e1nh \u1ea3nh h\u01b0\u1edfng \u0111\u1ebfn hi\u1ec7u su\u1ea5t v\u00e0 tu\u1ed5i th\u1ecd c\u1ee7a m\u1ee1 m\u1edbi.<\/p>\n<h3>\u1ee8ng d\u1ee5ng c\u1ee7a M\u1ee1 Mobil SHC Grease 462 PF<\/h3>\n<p><img decoding=\"async\" alt=\"M\u1ee1 Mobil SHC Grease 462 PF\" data-thumb=\"large\" original-height=\"1125\" original-width=\"326\" src=\"https:\/\/yenhung.com\/wp-content\/uploads\/2025\/11\/mobil-shc-grease-462-pf-1-1750753077671-1.jpg\" title=\"mobil-shc-grease-462-pf-1-1750753077671-1\"><\/p>\n<p>Mobil SHC Grease 462 PF \u0111\u01b0\u1ee3c thi\u1ebft k\u1ebf cho c\u00e1c \u1ee9ng d\u1ee5ng \u0111\u00f2i h\u1ecfi cao nh\u1ea5t v\u1ec1 hi\u1ec7u su\u1ea5t \u1edf nhi\u1ec7t \u0111\u1ed9 c\u1ef1c cao, kh\u1ea3 n\u0103ng ch\u1ed1ng h\u00f3a ch\u1ea5t v\u00e0 tu\u1ed5i th\u1ecd b\u00f4i tr\u01a1n k\u00e9o d\u00e0i:<\/p>\n<ul>\n<li>\n<p><b>\u1ed4 \u0111\u1ee1 nhi\u1ec7t \u0111\u1ed9 cao:<\/b> \u0110\u1eb7c bi\u1ec7t trong l\u00f2 nung, m\u00e1y s\u1ea5y, \u0111\u1ed9ng c\u01a1 \u0111i\u1ec7n ho\u1ea1t \u0111\u1ed9ng \u1edf nhi\u1ec7t \u0111\u1ed9 cao, c\u00e1c chi ti\u1ebft ch\u1ecbu nhi\u1ec7t trong c\u00f4ng nghi\u1ec7p th\u00e9p, nh\u00f4m, th\u1ee7y tinh, g\u1ed1m s\u1ee9.<\/p>\n<\/li>\n<li>\n<p><b>Van v\u00e0 ph\u1edbt:<\/b> Trong c\u00e1c h\u1ec7 th\u1ed1ng x\u1eed l\u00fd h\u00f3a ch\u1ea5t ho\u1eb7c nh\u1eefng n\u01a1i y\u00eau c\u1ea7u t\u00ednh tr\u01a1 h\u00f3a h\u1ecdc.<\/p>\n<\/li>\n<li>\n<p><b>C\u00f4ng nghi\u1ec7p h\u00f3a ch\u1ea5t:<\/b> N\u01a1i c\u00f3 nguy c\u01a1 ti\u1ebfp x\u00fac v\u1edbi c\u00e1c h\u00f3a ch\u1ea5t m\u1ea1nh.<\/p>\n<\/li>\n<li>\n<p><b>Ng\u00e0nh d\u1ec7t:<\/b> C\u00e1c \u1ed5 \u0111\u1ee1 trong m\u00e1y k\u00e9o s\u1ee3i, m\u00e1y d\u1ec7t ho\u1ea1t \u0111\u1ed9ng \u1edf nhi\u1ec7t \u0111\u1ed9 cao.<\/p>\n<\/li>\n<li>\n<p><b>C\u00f4ng nghi\u1ec7p th\u1ef1c ph\u1ea9m v\u00e0 \u0111\u1ed3 u\u1ed1ng:<\/b> C\u00e1c thi\u1ebft b\u1ecb c\u00f3 nguy c\u01a1 ti\u1ebfp x\u00fac ng\u1eabu nhi\u00ean v\u1edbi th\u1ef1c ph\u1ea9m (n\u1ebfu c\u00f3 ch\u1ee9ng nh\u1eadn NSF H1).<\/p>\n<\/li>\n<li>\n<p><b>C\u00f4ng nghi\u1ec7p gi\u1ea5y v\u00e0 bao b\u00ec:<\/b> \u0110\u1eb7c bi\u1ec7t l\u00e0 c\u00e1c \u1ed5 tr\u1ee5c trong b\u1ed9 ph\u1eadn s\u1ea5y, cu\u1ed9n nhi\u1ec7t, v.v., n\u01a1i c\u00f3 nhi\u1ec7t \u0111\u1ed9 cao.<\/p>\n<\/li>\n<li>\n<p><b>Ng\u00e0nh \u00f4 t\u00f4 v\u00e0 h\u00e0ng kh\u00f4ng v\u0169 tr\u1ee5:<\/b> Cho c\u00e1c b\u1ed9 ph\u1eadn ch\u1ecbu nhi\u1ec7t v\u00e0 \u1ee9ng su\u1ea5t cao.<\/p>\n<p><strong>Th\u00f4ng tin li\u00ean h\u1ec7\u00a0<\/strong><\/p>\n<p><strong>C\u00d4NG TY TNHH TH\u01af\u01a0NG M\u1ea0I D\u1ecaCH V\u1ee4 SUN COMMERCIAL \u2013 SUN COMMERCIAL SERVICE TRADING CO., LTD<\/strong><\/p>\n<p>\u2013 M\u00e3 s\u1ed1 thu\u1ebf: 0316694604<\/p>\n<p>\u2013 S\u0110T: 090 666 5927\u00a0<\/p>\n<p>\u2013 \u0110\u1ecba ch\u1ec9: 118\/8 Hu\u1ef3nh Thi\u1ec7n L\u1ed9c, Ph\u01b0\u1eddng Ho\u00e0 Th\u1ea1nh, Qu\u1eadn T\u00e2n Ph\u00fa, TP. H\u1ed3 Ch\u00ed Minh<\/p>\n<\/li>\n<\/ul><\/div>\n","protected":false},"excerpt":{"rendered":"<p>T\u00ean sa\u0309n ph\u00e2\u0309m:\u00a0M\u1ee1 Mobil SHC Grease 462 PF<\/p>\n","protected":false},"featured_media":8087,"comment_status":"closed","ping_status":"closed","template":"","meta":[],"product_brand":[],"product_cat":[165],"product_tag":[],"class_list":{"0":"post-8086","1":"product","2":"type-product","3":"status-publish","4":"has-post-thumbnail","6":"product_cat-mobil","8":"first","9":"instock","10":"shipping-taxable","11":"product-type-simple"},"_links":{"self":[{"href":"https:\/\/yenhung.com\/index.php?rest_route=\/wp\/v2\/product\/8086","targetHints":{"allow":["GET"]}}],"collection":[{"href":"https:\/\/yenhung.com\/index.php?rest_route=\/wp\/v2\/product"}],"about":[{"href":"https:\/\/yenhung.com\/index.php?rest_route=\/wp\/v2\/types\/product"}],"replies":[{"embeddable":true,"href":"https:\/\/yenhung.com\/index.php?rest_route=%2Fwp%2Fv2%2Fcomments&post=8086"}],"wp:featuredmedia":[{"embeddable":true,"href":"https:\/\/yenhung.com\/index.php?rest_route=\/wp\/v2\/media\/8087"}],"wp:attachment":[{"href":"https:\/\/yenhung.com\/index.php?rest_route=%2Fwp%2Fv2%2Fmedia&parent=8086"}],"wp:term":[{"taxonomy":"product_brand","embeddable":true,"href":"https:\/\/yenhung.com\/index.php?rest_route=%2Fwp%2Fv2%2Fproduct_brand&post=8086"},{"taxonomy":"product_cat","embeddable":true,"href":"https:\/\/yenhung.com\/index.php?rest_route=%2Fwp%2Fv2%2Fproduct_cat&post=8086"},{"taxonomy":"product_tag","embeddable":true,"href":"https:\/\/yenhung.com\/index.php?rest_route=%2Fwp%2Fv2%2Fproduct_tag&post=8086"}],"curies":[{"name":"wp","href":"https:\/\/api.w.org\/{rel}","templated":true}]}}