{"id":8141,"date":"2025-11-10T08:37:18","date_gmt":"2025-11-10T08:37:18","guid":{"rendered":"https:\/\/yenhung.com\/?product=dau-mobil-dte-heavy-medium-vg-68-20l"},"modified":"2026-02-10T09:30:18","modified_gmt":"2026-02-10T09:30:18","slug":"dau-mobil-dte-heavy-medium-vg-68-20l","status":"publish","type":"product","link":"https:\/\/yenhung.com\/?product=dau-mobil-dte-heavy-medium-vg-68-20l","title":{"rendered":"D\u1ea7u &#8211; MOBIL DTE Heavy Medium VG 68 &#8211; 20L"},"content":{"rendered":"<div class=\"ba-text-fpt\">\n<h2><strong>D\u1ea7u &#8211; MOBIL DTE Heavy Medium VG 68 &#8211; 20L<\/strong><\/h2>\n<p>D\u1ea7u Mobil DTE Heavy Medium VG 68 l\u00e0 m\u1ed9t lo\u1ea1i <b>d\u1ea7u tu\u1ea7n ho\u00e0n v\u00e0 \u1ed5 \u0111\u1ee1 c\u00f4ng nghi\u1ec7p hi\u1ec7u su\u1ea5t cao<\/b> v\u1edbi \u0111\u1ed9 nh\u1edbt ISO VG 68. D\u1ea7u n\u00e0y \u0111\u01b0\u1ee3c pha ch\u1ebf t\u1eeb d\u1ea7u g\u1ed1c kho\u00e1ng tinh ch\u1ebf v\u00e0 h\u1ec7 ph\u1ee5 gia \u1ed5n \u0111\u1ecbnh h\u00f3a h\u1ecdc v\u00e0 nhi\u1ec7t cao c\u1ea5p.<\/p>\n<p><b>\u0110\u1eb7c \u0111i\u1ec3m v\u00e0 l\u1ee3i \u00edch ch\u00ednh:<\/b><\/p>\n<p><img decoding=\"async\" title=\"mobil-dte-heavy-medium-vg-68-a-jpeg-1752639295905-1\" src=\"https:\/\/yenhung.com\/wp-content\/uploads\/2025\/11\/mobil-dte-heavy-medium-vg-68-a-jpeg-1752639295905-1.jpg\" alt=\"D\u1ea7u - MOBIL DTE Heavy Medium VG 68 - 20L\" data-thumb=\"large\" \/><\/p>\n<ul>\n<li><b>\u1ed4n \u0111\u1ecbnh nhi\u1ec7t v\u00e0 h\u00f3a h\u1ecdc tuy\u1ec7t v\u1eddi:<\/b> Gi\u00fap k\u00e9o d\u00e0i tu\u1ed5i th\u1ecd d\u1ea7u, gi\u1ea3m c\u1eb7n b\u1ea9n v\u00e0 s\u1ef1 h\u00ecnh th\u00e0nh v\u00e9c-ni.<\/li>\n<li><b>T\u00ednh t\u00e1ch n\u01b0\u1edbc \u01b0u vi\u1ec7t:<\/b> Nhanh ch\u00f3ng t\u00e1ch n\u01b0\u1edbc kh\u1ecfi d\u1ea7u, ch\u1ed1ng nh\u0169 h\u00f3a, gi\u00fap b\u1ea3o v\u1ec7 thi\u1ebft b\u1ecb v\u00e0 k\u00e9o d\u00e0i tu\u1ed5i th\u1ecd d\u1ea7u.<\/li>\n<li><b>B\u1ea3o v\u1ec7 ch\u1ed1ng m\u00e0i m\u00f2n v\u00e0 r\u1ec9 s\u00e9t t\u1ed1t:<\/b> Gi\u00fap b\u1ea3o v\u1ec7 c\u00e1c b\u1ed9 ph\u1eadn m\u00e1y m\u00f3c, gi\u1ea3m th\u1eddi gian ng\u1eebng ho\u1ea1t \u0111\u1ed9ng v\u00e0 chi ph\u00ed b\u1ea3o tr\u00ec.<\/li>\n<li><b>Ch\u1ed1ng t\u1ea1o b\u1ecdt v\u00e0 tho\u00e1t kh\u00ed t\u1ed1t:<\/b> Ng\u0103n ng\u1eeba hi\u1ec7n t\u01b0\u1ee3ng x\u00e2m th\u1ef1c b\u01a1m v\u00e0 ho\u1ea1t \u0111\u1ed9ng kh\u00f4ng \u1ed5n \u0111\u1ecbnh.<\/li>\n<li><b>T\u00ednh \u0111a d\u1ee5ng cao:<\/b> S\u1eed d\u1ee5ng \u0111\u01b0\u1ee3c trong nhi\u1ec1u \u1ee9ng d\u1ee5ng kh\u00e1c nhau, gi\u00fap h\u1ee3p l\u00fd h\u00f3a vi\u1ec7c qu\u1ea3n l\u00fd h\u00e0ng t\u1ed3n kho.<\/li>\n<li><b>Ch\u1ec9 s\u1ed1 \u0111\u1ed9 nh\u1edbt cao:<\/b> \u0110\u1ea3m b\u1ea3o s\u1ef1 thay \u0111\u1ed5i \u0111\u1ed9 nh\u1edbt t\u1ed1i thi\u1ec3u theo nhi\u1ec7t \u0111\u1ed9, duy tr\u00ec m\u00e0ng d\u1ea7u b\u00f4i tr\u01a1n hi\u1ec7u qu\u1ea3 trong qu\u00e1 tr\u00ecnh v\u1eadn h\u00e0nh v\u00e0 kh\u1edfi \u0111\u1ed9ng.<\/li>\n<\/ul>\n<p><b>\u1ee8ng d\u1ee5ng ti\u00eau bi\u1ec3u:<\/b><\/p>\n<p><b><img decoding=\"async\" title=\"vg68-2-2\" src=\"https:\/\/yenhung.com\/wp-content\/uploads\/2025\/11\/vg68-2-2.jpg\" alt=\"D\u1ea7u - MOBIL DTE Heavy Medium VG 68 - 20L\" data-thumb=\"large\" \/><\/b><\/p>\n<ul>\n<li><b>H\u1ec7 th\u1ed1ng tu\u1ea7n ho\u00e0n trong c\u00e1c nh\u00e0 m\u00e1y c\u00f4ng nghi\u1ec7p:<\/b> Bao g\u1ed3m c\u00e1c h\u1ec7 th\u1ed1ng th\u1ee7y l\u1ef1c v\u1eeba ph\u1ea3i.<\/li>\n<li><b>B\u00f4i tr\u01a1n c\u00e1c \u1ed5 tr\u01b0\u1ee3t v\u00e0 \u1ed5 l\u0103n:<\/b> \u0110\u1eb7c bi\u1ec7t trong c\u00e1c \u1ee9ng d\u1ee5ng ch\u1ecbu t\u1ea3i tr\u1ecdng nh\u1eb9 \u0111\u1ebfn trung b\u00ecnh.<\/li>\n<li><b>H\u1ed9p s\u1ed1 tr\u1ee5c truy\u1ec1n \u0111\u1ed9ng song song.<\/b><\/li>\n<li><b>C\u00e1c tuabin:<\/b> Tuabin h\u01a1i tr\u00ean b\u1edd v\u00e0 h\u00e0ng h\u1ea3i, tuabin th\u1ee7y l\u1ef1c v\u00e0 m\u1ed9t s\u1ed1 tuabin kh\u00ed (bao g\u1ed3m c\u1ea3 b\u01a1m, van v\u00e0 thi\u1ebft b\u1ecb ph\u1ee5 tr\u1ee3).<\/li>\n<li><b>M\u00e1y n\u00e9n v\u00e0 b\u01a1m ch\u00e2n kh\u00f4ng:<\/b> D\u00f9ng \u0111\u1ec3 n\u00e9n ho\u1eb7c b\u01a1m kh\u00f4ng kh\u00ed, kh\u00ed t\u1ef1 nhi\u00ean v\u00e0 kh\u00ed tr\u01a1 v\u1edbi nhi\u1ec7t \u0111\u1ed9 kh\u00ed x\u1ea3 kh\u00f4ng qu\u00e1 150\u00b0C.<\/li>\n<li><b>C\u00e1c h\u1ec7 th\u1ed1ng b\u00f4i tr\u01a1n ki\u1ec3u vung t\u00f3e, ng\u00e2m d\u1ea7u ho\u1eb7c v\u00f2ng d\u1ea7u.<\/b><\/li>\n<\/ul>\n<p><b>Th\u00f4ng s\u1ed1 k\u1ef9 thu\u1eadt (th\u00f4ng th\u01b0\u1eddng):<\/b><\/p>\n<p><img decoding=\"async\" title=\"mobil-dte-heavy-medium-vg-68-b-1752639295365-1\" src=\"https:\/\/yenhung.com\/wp-content\/uploads\/2025\/11\/mobil-dte-heavy-medium-vg-68-b-1752639295365-1.jpg\" alt=\"D\u1ea7u - MOBIL DTE Heavy Medium VG 68 - 20L\" data-thumb=\"large\" \/><\/p>\n<ul>\n<li><b>C\u1ea5p \u0111\u1ed9 nh\u1edbt ISO VG:<\/b> 68<\/li>\n<li><b>\u0110\u1ed9 nh\u1edbt \u0111\u1ed9ng h\u1ecdc (ASTM D445):<\/b>\n<ul>\n<li>\u1edf 40\u00b0C: 65.1 cSt<\/li>\n<li>\u1edf 100\u00b0C: 8.7 cSt<\/li>\n<\/ul>\n<\/li>\n<li><b>Ch\u1ec9 s\u1ed1 \u0111\u1ed9 nh\u1edbt (ASTM D2270):<\/b> 95<\/li>\n<li><b>\u0110i\u1ec3m r\u00f3t ch\u1ea3y (ASTM D97):<\/b> -15\u00b0C<\/li>\n<li><b>\u0110i\u1ec3m ch\u1edbp ch\u00e1y (ASTM D92):<\/b> 223\u00b0C<\/li>\n<li><b>Kh\u1ed1i l\u01b0\u1ee3ng ri\u00eang \u1edf 15\u00b0C (ASTM D4052):<\/b> 0.86 kg\/l<\/li>\n<li><b>Th\u1eddi gian tho\u00e1t kh\u00ed \u1edf 50\u00b0C (ASTM D3427):<\/b> 4 ph\u00fat<\/li>\n<li><b>\u0102n m\u00f2n l\u00e1 \u0111\u1ed3ng (ASTM D130, 3 gi\u1edd \u1edf 100\u00b0C):<\/b> 1B<\/li>\n<li><b>Tu\u1ed5i th\u1ecd TOST (ASTM D943):<\/b> 3500 gi\u1edd<\/li>\n<li><b>\u0110\u1eb7c t\u00ednh ch\u1ed1ng r\u1ec9 (ASTM D665):<\/b> \u0110\u1ea1t (n\u01b0\u1edbc c\u1ea5t v\u00e0 n\u01b0\u1edbc bi\u1ec3n)<\/li>\n<\/ul>\n<p style=\"margin-bottom: 11px;\">\n<\/div>\n","protected":false},"excerpt":{"rendered":"<p>T\u00ean sa\u0309n ph\u00e2\u0309m:\u00a0D\u1ea7u &#8211; MOBIL DTE Heavy Medium VG 68 &#8211; 20L<\/p>\n","protected":false},"featured_media":8142,"comment_status":"closed","ping_status":"closed","template":"","meta":[],"product_brand":[],"product_cat":[165],"product_tag":[],"class_list":{"0":"post-8141","1":"product","2":"type-product","3":"status-publish","4":"has-post-thumbnail","6":"product_cat-mobil","8":"first","9":"instock","10":"shipping-taxable","11":"product-type-simple"},"_links":{"self":[{"href":"https:\/\/yenhung.com\/index.php?rest_route=\/wp\/v2\/product\/8141","targetHints":{"allow":["GET"]}}],"collection":[{"href":"https:\/\/yenhung.com\/index.php?rest_route=\/wp\/v2\/product"}],"about":[{"href":"https:\/\/yenhung.com\/index.php?rest_route=\/wp\/v2\/types\/product"}],"replies":[{"embeddable":true,"href":"https:\/\/yenhung.com\/index.php?rest_route=%2Fwp%2Fv2%2Fcomments&post=8141"}],"wp:featuredmedia":[{"embeddable":true,"href":"https:\/\/yenhung.com\/index.php?rest_route=\/wp\/v2\/media\/8142"}],"wp:attachment":[{"href":"https:\/\/yenhung.com\/index.php?rest_route=%2Fwp%2Fv2%2Fmedia&parent=8141"}],"wp:term":[{"taxonomy":"product_brand","embeddable":true,"href":"https:\/\/yenhung.com\/index.php?rest_route=%2Fwp%2Fv2%2Fproduct_brand&post=8141"},{"taxonomy":"product_cat","embeddable":true,"href":"https:\/\/yenhung.com\/index.php?rest_route=%2Fwp%2Fv2%2Fproduct_cat&post=8141"},{"taxonomy":"product_tag","embeddable":true,"href":"https:\/\/yenhung.com\/index.php?rest_route=%2Fwp%2Fv2%2Fproduct_tag&post=8141"}],"curies":[{"name":"wp","href":"https:\/\/api.w.org\/{rel}","templated":true}]}}