{"id":8197,"date":"2025-11-10T08:38:00","date_gmt":"2025-11-10T08:38:00","guid":{"rendered":"https:\/\/yenhung.com\/?product=dau-banh-rang-mobilgear-600-xp-220-208l-phuy"},"modified":"2026-02-10T09:17:23","modified_gmt":"2026-02-10T09:17:23","slug":"dau-banh-rang-mobilgear-600-xp-220-208l-phuy","status":"publish","type":"product","link":"https:\/\/yenhung.com\/?product=dau-banh-rang-mobilgear-600-xp-220-208l-phuy","title":{"rendered":"D\u1ea7u b\u00e1nh r\u0103ng MOBILGEAR 600 XP 220 (208L\/phuy)"},"content":{"rendered":"<div class=\"ba-text-fpt\">\n<h2><strong>MOBILGEAR 600 XP 220<\/strong><\/h2>\n<p><strong><img decoding=\"async\" title=\"mobilgear-600-xp-220-2\" src=\"https:\/\/yenhung.com\/wp-content\/uploads\/2025\/11\/mobilgear-600-xp-220-2.jpg\" alt=\"MOBILGEAR 600 XP 220\" data-thumb=\"large\" \/><\/strong><\/p>\n<p data-sourcepos=\"1:1-1:252\">Mobilgear 600 XP 220 l\u00e0 m\u1ed9t lo\u1ea1i d\u1ea7u b\u00e1nh r\u0103ng c\u00f4ng nghi\u1ec7p hi\u1ec7u su\u1ea5t cao, \u0111\u01b0\u1ee3c thi\u1ebft k\u1ebf \u0111\u1ec3 cung c\u1ea5p kh\u1ea3 n\u0103ng b\u1ea3o v\u1ec7 v\u01b0\u1ee3t tr\u1ed9i cho c\u00e1c b\u00e1nh r\u0103ng v\u00e0 \u1ed5 tr\u1ee5c trong c\u00e1c \u1ee9ng d\u1ee5ng c\u00f4ng nghi\u1ec7p v\u00e0 h\u00e0ng h\u1ea3i. D\u01b0\u1edbi \u0111\u00e2y l\u00e0 m\u1ed9t s\u1ed1 th\u00f4ng tin chi ti\u1ebft v\u1ec1 s\u1ea3n ph\u1ea9m n\u00e0y:<\/p>\n<p data-sourcepos=\"3:1-3:21\"><strong>\u0110\u1eb7c \u0111i\u1ec3m n\u1ed5i b\u1eadt:<\/strong><\/p>\n<ul data-sourcepos=\"5:1-16:0\">\n<li data-sourcepos=\"5:1-7:77\"><strong>B\u1ea3o v\u1ec7 v\u01b0\u1ee3t tr\u1ed9i:<\/strong>\n<ul data-sourcepos=\"6:5-7:77\">\n<li data-sourcepos=\"6:5-6:100\">Mobilgear 600 XP 220 cung c\u1ea5p kh\u1ea3 n\u0103ng b\u1ea3o v\u1ec7 tuy\u1ec7t v\u1eddi ch\u1ed1ng l\u1ea1i m\u00e0i m\u00f2n, \u0103n m\u00f2n v\u00e0 r\u1ed7 t\u1ebf vi.<\/li>\n<li data-sourcepos=\"7:5-7:77\">N\u00f3 gi\u00fap k\u00e9o d\u00e0i tu\u1ed5i th\u1ecd c\u1ee7a b\u00e1nh r\u0103ng v\u00e0 \u1ed5 tr\u1ee5c, gi\u1ea3m chi ph\u00ed b\u1ea3o tr\u00ec.<\/li>\n<\/ul>\n<\/li>\n<li data-sourcepos=\"8:1-10:83\"><strong>Hi\u1ec7u su\u1ea5t cao:<\/strong>\n<ul data-sourcepos=\"9:5-10:83\">\n<li data-sourcepos=\"9:5-9:102\">D\u1ea7u n\u00e0y c\u00f3 \u0111\u1ed9 \u1ed5n \u0111\u1ecbnh nhi\u1ec7t v\u00e0 oxy h\u00f3a cao, gi\u00fap duy tr\u00ec hi\u1ec7u su\u1ea5t b\u00f4i tr\u01a1n trong th\u1eddi gian d\u00e0i.<\/li>\n<li data-sourcepos=\"10:5-10:83\">N\u00f3 c\u0169ng c\u00f3 \u0111\u1eb7c t\u00ednh t\u00e1ch n\u01b0\u1edbc t\u1ed1t, gi\u00fap b\u1ea3o v\u1ec7 thi\u1ebft b\u1ecb kh\u1ecfi h\u01b0 h\u1ecfng do n\u01b0\u1edbc.<\/li>\n<\/ul>\n<\/li>\n<li data-sourcepos=\"11:1-13:79\"><strong>T\u00ednh linh ho\u1ea1t:<\/strong>\n<ul data-sourcepos=\"12:5-13:79\">\n<li data-sourcepos=\"12:5-12:141\">Mobilgear 600 XP 220 ph\u00f9 h\u1ee3p v\u1edbi nhi\u1ec1u lo\u1ea1i b\u00e1nh r\u0103ng v\u00e0 \u1ed5 tr\u1ee5c kh\u00e1c nhau, bao g\u1ed3m c\u1ea3 b\u00e1nh r\u0103ng th\u1eb3ng, b\u00e1nh r\u0103ng xo\u1eafn v\u00e0 b\u00e1nh r\u0103ng c\u00f4n.<\/li>\n<li data-sourcepos=\"13:5-13:79\">N\u00f3 c\u0169ng c\u00f3 th\u1ec3 \u0111\u01b0\u1ee3c s\u1eed d\u1ee5ng trong c\u00e1c \u1ee9ng d\u1ee5ng c\u00f3 nhi\u1ec7t \u0111\u1ed9 cao ho\u1eb7c th\u1ea5p.<\/li>\n<\/ul>\n<\/li>\n<li data-sourcepos=\"14:1-16:0\"><strong>Ch\u1ecbu t\u1ea3i cao:<\/strong>\n<ul data-sourcepos=\"15:5-16:0\">\n<li data-sourcepos=\"15:5-16:0\">D\u1ea7u c\u00f3 \u0111\u1eb7c t\u00ednh ch\u1ecbu t\u1ea3i v\u00e0 \u00e1p su\u1ea5t cao v\u01b0\u1ee3t tr\u1ed9i.<\/li>\n<\/ul>\n<\/li>\n<\/ul>\n<p data-sourcepos=\"17:1-17:13\"><strong>\u1ee8ng d\u1ee5ng:<\/strong><\/p>\n<p data-sourcepos=\"17:1-17:13\"><strong><img decoding=\"async\" title=\"mobilgear-600-xp-220-1-2\" src=\"https:\/\/yenhung.com\/wp-content\/uploads\/2025\/11\/mobilgear-600-xp-220-1-2.jpg\" alt=\"MOBILGEAR 600 XP 220\" data-thumb=\"large\" \/><\/strong><\/p>\n<ul data-sourcepos=\"19:1-25:0\">\n<li data-sourcepos=\"19:1-25:0\">Mobilgear 600 XP 220 \u0111\u01b0\u1ee3c khuy\u1ebfn ngh\u1ecb s\u1eed d\u1ee5ng cho c\u00e1c \u1ee9ng d\u1ee5ng sau:\n<ul data-sourcepos=\"20:5-25:0\">\n<li data-sourcepos=\"20:5-20:24\">H\u1ed9p s\u1ed1 c\u00f4ng nghi\u1ec7p<\/li>\n<li data-sourcepos=\"21:5-21:51\">B\u00e1nh r\u0103ng trong c\u00e1c thi\u1ebft b\u1ecb c\u00f4ng nghi\u1ec7p n\u1eb7ng<\/li>\n<li data-sourcepos=\"22:5-22:55\">\u1ed4 tr\u1ee5c trong c\u00e1c \u1ee9ng d\u1ee5ng c\u00f4ng nghi\u1ec7p v\u00e0 h\u00e0ng h\u1ea3i<\/li>\n<li data-sourcepos=\"23:5-23:77\">C\u00e1c h\u1ec7 th\u1ed1ng b\u00e1nh r\u0103ng k\u00edn c\u00f3 h\u1ec7 th\u1ed1ng b\u00f4i tr\u01a1n b\u1eafn t\u00f3e ho\u1eb7c tu\u1ea7n ho\u00e0n.<\/li>\n<li data-sourcepos=\"24:5-25:0\">B\u00e1nh r\u0103ng c\u00f4ng nghi\u1ec7p cho b\u0103ng t\u1ea3i, m\u00e1y khu\u1ea5y, m\u00e1y s\u1ea5y, m\u00e1y \u0111\u00f9n, qu\u1ea1t, m\u00e1y tr\u1ed9n, m\u00e1y \u00e9p, m\u00e1y nghi\u1ec1n.<\/li>\n<\/ul>\n<\/li>\n<\/ul>\n<p data-sourcepos=\"26:1-26:12\"><strong>L\u1ee3i \u00edch:<\/strong><\/p>\n<ul data-sourcepos=\"28:1-32:0\">\n<li data-sourcepos=\"28:1-28:27\">K\u00e9o d\u00e0i tu\u1ed5i th\u1ecd thi\u1ebft b\u1ecb<\/li>\n<li data-sourcepos=\"29:1-29:22\">Gi\u1ea3m chi ph\u00ed b\u1ea3o tr\u00ec<\/li>\n<li data-sourcepos=\"30:1-30:30\">C\u1ea3i thi\u1ec7n hi\u1ec7u su\u1ea5t thi\u1ebft b\u1ecb<\/li>\n<li data-sourcepos=\"31:1-32:0\">B\u1ea3o v\u1ec7 thi\u1ebft b\u1ecb kh\u1ecfi \u0103n m\u00f2n v\u00e0 m\u00e0i m\u00f2n<\/li>\n<\/ul>\n<p data-sourcepos=\"33:1-33:28\"><strong>Th\u00f4ng s\u1ed1 k\u1ef9 thu\u1eadt ch\u00ednh:<\/strong><\/p>\n<ul data-sourcepos=\"35:1-37:0\">\n<li data-sourcepos=\"35:1-35:20\">\u0110\u1ed9 nh\u1edbt ISO VG 220<\/li>\n<li data-sourcepos=\"36:1-37:0\">D\u1ea7u g\u1ed1c kho\u00e1ng<\/li>\n<\/ul>\n<p data-sourcepos=\"38:1-38:22\"><strong>L\u01b0u \u00fd khi s\u1eed d\u1ee5ng:<\/strong><\/p>\n<p data-sourcepos=\"38:1-38:22\"><strong><img decoding=\"async\" title=\"mobilgear-600-xp-220-4-1\" src=\"https:\/\/yenhung.com\/wp-content\/uploads\/2025\/11\/mobilgear-600-xp-220-4-1.jpg\" alt=\"MOBILGEAR 600 XP 220\" data-thumb=\"large\" \/><\/strong><\/p>\n<ul data-sourcepos=\"40:1-42:0\">\n<li data-sourcepos=\"40:1-40:75\">Tu\u00e2n th\u1ee7 h\u01b0\u1edbng d\u1eabn c\u1ee7a nh\u00e0 s\u1ea3n xu\u1ea5t thi\u1ebft b\u1ecb v\u1ec1 vi\u1ec7c s\u1eed d\u1ee5ng v\u00e0 thay d\u1ea7u.<\/li>\n<li data-sourcepos=\"41:1-42:0\">B\u1ea3o qu\u1ea3n d\u1ea7u \u1edf n\u01a1i kh\u00f4 r\u00e1o, tho\u00e1ng m\u00e1t, tr\u00e1nh \u00e1nh n\u1eafng tr\u1ef1c ti\u1ebfp.<\/li>\n<\/ul>\n<\/div>\n","protected":false},"excerpt":{"rendered":"<p>T\u00ean sa\u0309n ph\u00e2\u0309m:\u00a0MOBILGEAR 600 XP 220<\/p>\n","protected":false},"featured_media":8198,"comment_status":"closed","ping_status":"closed","template":"","meta":[],"product_brand":[],"product_cat":[165],"product_tag":[],"class_list":{"0":"post-8197","1":"product","2":"type-product","3":"status-publish","4":"has-post-thumbnail","6":"product_cat-mobil","8":"first","9":"instock","10":"shipping-taxable","11":"product-type-simple"},"_links":{"self":[{"href":"https:\/\/yenhung.com\/index.php?rest_route=\/wp\/v2\/product\/8197","targetHints":{"allow":["GET"]}}],"collection":[{"href":"https:\/\/yenhung.com\/index.php?rest_route=\/wp\/v2\/product"}],"about":[{"href":"https:\/\/yenhung.com\/index.php?rest_route=\/wp\/v2\/types\/product"}],"replies":[{"embeddable":true,"href":"https:\/\/yenhung.com\/index.php?rest_route=%2Fwp%2Fv2%2Fcomments&post=8197"}],"wp:featuredmedia":[{"embeddable":true,"href":"https:\/\/yenhung.com\/index.php?rest_route=\/wp\/v2\/media\/8198"}],"wp:attachment":[{"href":"https:\/\/yenhung.com\/index.php?rest_route=%2Fwp%2Fv2%2Fmedia&parent=8197"}],"wp:term":[{"taxonomy":"product_brand","embeddable":true,"href":"https:\/\/yenhung.com\/index.php?rest_route=%2Fwp%2Fv2%2Fproduct_brand&post=8197"},{"taxonomy":"product_cat","embeddable":true,"href":"https:\/\/yenhung.com\/index.php?rest_route=%2Fwp%2Fv2%2Fproduct_cat&post=8197"},{"taxonomy":"product_tag","embeddable":true,"href":"https:\/\/yenhung.com\/index.php?rest_route=%2Fwp%2Fv2%2Fproduct_tag&post=8197"}],"curies":[{"name":"wp","href":"https:\/\/api.w.org\/{rel}","templated":true}]}}