{"id":8494,"date":"2025-11-10T08:42:13","date_gmt":"2025-11-10T08:42:13","guid":{"rendered":"https:\/\/yenhung.com\/?product=dau-may-nen-khi-mobil-rarus-425"},"modified":"2026-02-07T02:14:58","modified_gmt":"2026-02-07T02:14:58","slug":"dau-may-nen-khi-mobil-rarus-425","status":"publish","type":"product","link":"https:\/\/yenhung.com\/?product=dau-may-nen-khi-mobil-rarus-425","title":{"rendered":"D\u1ea6U M\u00c1Y N\u00c9N KH\u00cd MOBIL RARUS 425"},"content":{"rendered":"<div class=\"ba-text-fpt\">\n<h2 data-sourcepos=\"3:1-3:54\">D\u1ea6U M\u00c1Y N\u00c9N KH\u00cd MOBIL RARUS 425<\/h2>\n<h2 data-sourcepos=\"3:1-3:54\">D\u1ea7u nh\u1edbt m\u00e1y n\u00e9n kh\u00ed hi\u1ec7u n\u0103ng cao<\/h2>\n<h3 data-sourcepos=\"5:1-5:23\">l\u00e0 m\u1ed9t lo\u1ea1i d\u1ea7u nh\u1edbt m\u00e1y n\u00e9n kh\u00ed kh\u00f4ng tro, \u0111\u01b0\u1ee3c thi\u1ebft k\u1ebf \u0111\u1eb7c bi\u1ec7t \u0111\u1ec3 \u0111\u00e1p \u1ee9ng c\u00e1c y\u00eau c\u1ea7u nghi\u00eam ng\u1eb7t c\u1ee7a c\u00e1c nh\u00e0 s\u1ea3n xu\u1ea5t m\u00e1y n\u00e9n kh\u00ed l\u1edbn. S\u1ea3n ph\u1ea9m n\u00e0y \u0111\u01b0\u1ee3c pha ch\u1ebf t\u1eeb d\u1ea7u g\u1ed1c kho\u00e1ng ch\u1ea5t l\u01b0\u1ee3ng cao v\u00e0 h\u1ec7 th\u1ed1ng ph\u1ee5 gia hi\u1ec7u su\u1ea5t cao, mang l\u1ea1i \u0111\u1ed9 tin c\u1eady v\u00e0 b\u1ea3o v\u1ec7 t\u1ed1i \u01b0u cho m\u00e1y n\u00e9n kh\u00ed ho\u1ea1t \u0111\u1ed9ng trong c\u00e1c \u0111i\u1ec1u ki\u1ec7n t\u1eeb nh\u1eb9 \u0111\u1ebfn kh\u1eafc nghi\u1ec7t.<\/h3>\n<p data-sourcepos=\"9:1-9:35\"><img decoding=\"async\" title=\"mobil-rarus-425-1-jpeg-1\" src=\"https:\/\/yenhung.com\/wp-content\/uploads\/2025\/11\/mobil-rarus-425-1-jpeg-1.jpg\" alt=\"MOBIL RARUS 425\" data-thumb=\"large\" \/><\/p>\n<h3 data-sourcepos=\"11:1-11:19\">\u01afu \u0111i\u1ec3m n\u1ed5i b\u1eadt<\/h3>\n<ul data-sourcepos=\"13:1-18:0\">\n<li data-sourcepos=\"13:1-13:116\"><strong>T\u1ed1i \u01b0u h\u00f3a hi\u1ec7u su\u1ea5t:<\/strong> Gi\u1ea3m thi\u1ec3u s\u1ef1 h\u00ecnh th\u00e0nh c\u1eb7n v\u00e0 m\u00e0i m\u00f2n, gi\u00fap m\u00e1y n\u00e9n ho\u1ea1t \u0111\u1ed9ng \u1ed5n \u0111\u1ecbnh v\u00e0 hi\u1ec7u qu\u1ea3 h\u01a1n.<\/li>\n<li data-sourcepos=\"14:1-14:95\"><strong>B\u1ea3o v\u1ec7 to\u00e0n di\u1ec7n:<\/strong> B\u1ea3o v\u1ec7 c\u00e1c b\u1ed9 ph\u1eadn m\u00e1y n\u00e9n kh\u1ecfi s\u1ef1 \u0103n m\u00f2n, r\u1ec9 s\u00e9t v\u00e0 qu\u00e1 tr\u00ecnh oxy h\u00f3a.<\/li>\n<li data-sourcepos=\"15:1-15:87\"><strong>Tu\u1ed5i th\u1ecd d\u00e0i:<\/strong> T\u0103ng tu\u1ed5i th\u1ecd c\u1ee7a d\u1ea7u v\u00e0 c\u00e1c b\u1ed9 ph\u1eadn m\u00e1y n\u00e9n, gi\u1ea3m chi ph\u00ed b\u1ea3o tr\u00ec.<\/li>\n<li data-sourcepos=\"16:1-16:89\"><strong>Kh\u1ea3 n\u0103ng t\u00e1ch n\u01b0\u1edbc t\u1ed1t:<\/strong> Ng\u0103n ng\u1eeba s\u1ef1 h\u00ecnh th\u00e0nh nh\u0169 t\u01b0\u01a1ng, b\u1ea3o v\u1ec7 h\u1ec7 th\u1ed1ng m\u00e1y n\u00e9n.<\/li>\n<li data-sourcepos=\"17:1-18:0\"><strong>T\u00ednh n\u0103ng ch\u1ed1ng m\u00e0i m\u00f2n v\u01b0\u1ee3t tr\u1ed9i:<\/strong> Gi\u1ea3m thi\u1ec3u ma s\u00e1t, b\u1ea3o v\u1ec7 c\u00e1c b\u1ed9 ph\u1eadn ti\u1ebfp x\u00fac.<\/li>\n<\/ul>\n<h3 data-sourcepos=\"19:1-19:12\">\u1ee8ng d\u1ee5ng<\/h3>\n<p><img decoding=\"async\" title=\"mobil-rarus-425-jpeg-2\" src=\"https:\/\/yenhung.com\/wp-content\/uploads\/2025\/11\/mobil-rarus-425-jpeg-2.jpg\" alt=\"MOBIL RARUS 425\" data-thumb=\"large\" \/><\/p>\n<ul data-sourcepos=\"21:1-24:0\">\n<li data-sourcepos=\"21:1-21:109\"><strong>M\u00e1y n\u00e9n kh\u00ed piston:<\/strong> S\u1eed d\u1ee5ng cho c\u00e1c lo\u1ea1i m\u00e1y n\u00e9n kh\u00ed piston ho\u1ea1t \u0111\u1ed9ng trong \u0111i\u1ec1u ki\u1ec7n l\u00e0m vi\u1ec7c \u0111a d\u1ea1ng.<\/li>\n<li data-sourcepos=\"22:1-22:108\"><strong>M\u00e1y n\u00e9n kh\u00ed tr\u1ee5c v\u00edt:<\/strong> \u0110\u1eb7c bi\u1ec7t ph\u00f9 h\u1ee3p cho c\u00e1c m\u00e1y n\u00e9n kh\u00ed tr\u1ee5c v\u00edt ho\u1ea1t \u0111\u1ed9ng li\u00ean t\u1ee5c \u1edf nhi\u1ec7t \u0111\u1ed9 cao.<\/li>\n<li data-sourcepos=\"23:1-24:0\"><strong>C\u00e1c h\u1ec7 th\u1ed1ng kh\u00ed n\u00e9n:<\/strong> S\u1eed d\u1ee5ng trong c\u00e1c h\u1ec7 th\u1ed1ng kh\u00ed n\u00e9n c\u00f4ng nghi\u1ec7p.<\/li>\n<\/ul>\n<h3 data-sourcepos=\"25:1-25:21\">Th\u00f4ng s\u1ed1 k\u1ef9 thu\u1eadt<\/h3>\n<ul data-sourcepos=\"27:1-32:0\">\n<li data-sourcepos=\"27:1-27:24\"><strong>\u0110\u1ed9 nh\u1edbt:<\/strong> ISO VG 46<\/li>\n<li data-sourcepos=\"28:1-28:31\"><strong>Ti\u00eau chu\u1ea9n:<\/strong> DIN 51506 VDL<\/li>\n<li data-sourcepos=\"29:1-29:40\"><strong>\u0110\u00f3ng g\u00f3i:<\/strong> Th\u00f9ng 208 l\u00edt, x\u00f4 19 l\u00edt<\/li>\n<li data-sourcepos=\"30:1-30:37\"><strong>M\u00e0u s\u1eafc:<\/strong> [M\u00e0u s\u1eafc c\u1ee7a s\u1ea3n ph\u1ea9m]<\/li>\n<li data-sourcepos=\"31:1-32:0\"><strong>Nhi\u1ec7t \u0111\u1ed9 l\u00e0m vi\u1ec7c:<\/strong> [Kho\u1ea3ng nhi\u1ec7t \u0111\u1ed9 l\u00e0m vi\u1ec7c]<\/li>\n<\/ul>\n<h3 data-sourcepos=\"33:1-33:21\">H\u01b0\u1edbng d\u1eabn s\u1eed d\u1ee5ng<\/h3>\n<p><img decoding=\"async\" title=\"mobil-rarus-425-a-1750235725597-1\" src=\"https:\/\/yenhung.com\/wp-content\/uploads\/2025\/11\/mobil-rarus-425-a-1750235725597-1.jpg\" alt=\"D\u1ea6U M\u00c1Y N\u00c9N KH\u00cd MOBIL RARUS 425\" data-thumb=\"large\" \/><\/p>\n<ul data-sourcepos=\"35:1-38:0\">\n<li data-sourcepos=\"35:1-35:77\"><strong>L\u00e0m s\u1ea1ch h\u1ec7 th\u1ed1ng:<\/strong> Tr\u01b0\u1edbc khi s\u1eed d\u1ee5ng, c\u1ea7n l\u00e0m s\u1ea1ch k\u1ef9 h\u1ec7 th\u1ed1ng m\u00e1y n\u00e9n.<\/li>\n<li data-sourcepos=\"36:1-36:97\"><strong>Thay th\u1ebf d\u1ea7u:<\/strong> Thay th\u1ebf d\u1ea7u theo \u0111\u00fang chu k\u1ef3 b\u1ea3o d\u01b0\u1ee1ng khuy\u1ebfn ngh\u1ecb c\u1ee7a nh\u00e0 s\u1ea3n xu\u1ea5t m\u00e1y n\u00e9n.<\/li>\n<li data-sourcepos=\"37:1-38:0\"><strong>Ki\u1ec3m tra \u0111\u1ecbnh k\u1ef3:<\/strong> Ki\u1ec3m tra m\u1ee9c d\u1ea7u v\u00e0 ch\u1ea5t l\u01b0\u1ee3ng d\u1ea7u th\u01b0\u1eddng xuy\u00ean.<\/li>\n<\/ul>\n<h3 data-sourcepos=\"39:1-39:21\">L\u01b0u \u00fd khi s\u1eed d\u1ee5ng<\/h3>\n<ul data-sourcepos=\"41:1-44:0\">\n<li data-sourcepos=\"41:1-41:75\"><strong>B\u1ea3o qu\u1ea3n:<\/strong> B\u1ea3o qu\u1ea3n n\u01a1i kh\u00f4 r\u00e1o, tho\u00e1ng m\u00e1t, tr\u00e1nh \u00e1nh n\u1eafng tr\u1ef1c ti\u1ebfp.<\/li>\n<li data-sourcepos=\"42:1-42:71\"><strong>An to\u00e0n:<\/strong> S\u1eed d\u1ee5ng g\u0103ng tay, k\u00ednh b\u1ea3o h\u1ed9 khi ti\u1ebfp x\u00fac v\u1edbi s\u1ea3n ph\u1ea9m.<\/li>\n<li data-sourcepos=\"43:1-44:0\"><strong>M\u00f4i tr\u01b0\u1eddng:<\/strong> X\u1eed l\u00fd d\u1ea7u th\u1ea3i theo \u0111\u00fang quy \u0111\u1ecbnh.<\/li>\n<\/ul>\n<\/div>\n","protected":false},"excerpt":{"rendered":"<p>T\u00ean sa\u0309n ph\u00e2\u0309m:\u00a0MOBIL RARUS 425<\/p>\n","protected":false},"featured_media":8495,"comment_status":"closed","ping_status":"closed","template":"","meta":[],"product_brand":[],"product_cat":[165],"product_tag":[],"class_list":{"0":"post-8494","1":"product","2":"type-product","3":"status-publish","4":"has-post-thumbnail","6":"product_cat-mobil","8":"first","9":"instock","10":"shipping-taxable","11":"product-type-simple"},"_links":{"self":[{"href":"https:\/\/yenhung.com\/index.php?rest_route=\/wp\/v2\/product\/8494","targetHints":{"allow":["GET"]}}],"collection":[{"href":"https:\/\/yenhung.com\/index.php?rest_route=\/wp\/v2\/product"}],"about":[{"href":"https:\/\/yenhung.com\/index.php?rest_route=\/wp\/v2\/types\/product"}],"replies":[{"embeddable":true,"href":"https:\/\/yenhung.com\/index.php?rest_route=%2Fwp%2Fv2%2Fcomments&post=8494"}],"wp:featuredmedia":[{"embeddable":true,"href":"https:\/\/yenhung.com\/index.php?rest_route=\/wp\/v2\/media\/8495"}],"wp:attachment":[{"href":"https:\/\/yenhung.com\/index.php?rest_route=%2Fwp%2Fv2%2Fmedia&parent=8494"}],"wp:term":[{"taxonomy":"product_brand","embeddable":true,"href":"https:\/\/yenhung.com\/index.php?rest_route=%2Fwp%2Fv2%2Fproduct_brand&post=8494"},{"taxonomy":"product_cat","embeddable":true,"href":"https:\/\/yenhung.com\/index.php?rest_route=%2Fwp%2Fv2%2Fproduct_cat&post=8494"},{"taxonomy":"product_tag","embeddable":true,"href":"https:\/\/yenhung.com\/index.php?rest_route=%2Fwp%2Fv2%2Fproduct_tag&post=8494"}],"curies":[{"name":"wp","href":"https:\/\/api.w.org\/{rel}","templated":true}]}}