{"id":8542,"date":"2025-11-10T08:42:53","date_gmt":"2025-11-10T08:42:53","guid":{"rendered":"https:\/\/yenhung.com\/?product=mo-mobilux-ep1-16kg-xo"},"modified":"2026-02-07T02:12:28","modified_gmt":"2026-02-07T02:12:28","slug":"mo-mobilux-ep1-16kg-xo","status":"publish","type":"product","link":"https:\/\/yenhung.com\/?product=mo-mobilux-ep1-16kg-xo","title":{"rendered":"M\u1ee1 Mobilux EP1 (16kg \/ X\u00f4 )"},"content":{"rendered":"<div class=\"ba-text-fpt\">\n<h2 data-sourcepos=\"3:1-3:59\">Mobilux EP1: M\u1ee1 b\u00f4i tr\u01a1n \u0111a d\u1ee5ng, b\u1ea3o v\u1ec7 thi\u1ebft b\u1ecb t\u1ed1i \u01b0u<\/h2>\n<h3 data-sourcepos=\"5:1-5:23\">Gi\u1edbi thi\u1ec7u s\u1ea3n ph\u1ea9m<\/h3>\n<p data-sourcepos=\"7:1-7:240\"><strong>Mobilux EP1<\/strong> l\u00e0 m\u1ed9t trong nh\u1eefng d\u00f2ng m\u1ee1 b\u00f4i tr\u01a1n c\u00f4ng nghi\u1ec7p \u0111a d\u1ee5ng h\u00e0ng \u0111\u1ea7u, \u0111\u01b0\u1ee3c s\u1ea3n xu\u1ea5t b\u1edfi ExxonMobil. S\u1ea3n ph\u1ea9m n\u00e0y \u0111\u01b0\u1ee3c \u0111i\u1ec1u ch\u1ebf t\u1eeb lithium hydroxystearate, mang \u0111\u1ebfn hi\u1ec7u su\u1ea5t b\u00f4i tr\u01a1n v\u01b0\u1ee3t tr\u1ed9i v\u00e0 kh\u1ea3 n\u0103ng b\u1ea3o v\u1ec7 thi\u1ebft b\u1ecb t\u1ed1i \u01b0u.<\/p>\n<p data-sourcepos=\"9:1-9:31\"><img decoding=\"async\" title=\"mobilux-ep1-1-2\" src=\"https:\/\/yenhung.com\/wp-content\/uploads\/2025\/11\/mobilux-ep1-1-2.jpg\" alt=\"Mobilux EP1\" data-thumb=\"large\" \/><\/p>\n<h3 data-sourcepos=\"11:1-11:19\">\u01afu \u0111i\u1ec3m n\u1ed5i b\u1eadt<\/h3>\n<ul data-sourcepos=\"13:1-18:0\">\n<li data-sourcepos=\"13:1-13:92\"><strong>B\u1ea3o v\u1ec7 to\u00e0n di\u1ec7n:<\/strong> Ch\u1ed1ng m\u00e0i m\u00f2n, g\u1ec9 s\u00e9t v\u00e0 \u0103n m\u00f2n hi\u1ec7u qu\u1ea3, k\u00e9o d\u00e0i tu\u1ed5i th\u1ecd thi\u1ebft b\u1ecb.<\/li>\n<li data-sourcepos=\"14:1-14:83\"><strong>Ch\u1ecbu t\u1ea3i t\u1ed1t:<\/strong> Ho\u1ea1t \u0111\u1ed9ng \u1ed5n \u0111\u1ecbnh d\u01b0\u1edbi t\u1ea3i tr\u1ecdng n\u1eb7ng v\u00e0 \u0111i\u1ec1u ki\u1ec7n kh\u1eafc nghi\u1ec7t.<\/li>\n<li data-sourcepos=\"15:1-15:81\"><strong>Kh\u00e1ng n\u01b0\u1edbc:<\/strong> Kh\u00f4ng b\u1ecb r\u1eeda tr\u00f4i b\u1edfi n\u01b0\u1edbc, \u0111\u1ea3m b\u1ea3o kh\u1ea3 n\u0103ng b\u00f4i tr\u01a1n li\u00ean t\u1ee5c.<\/li>\n<li data-sourcepos=\"16:1-16:81\"><strong>\u0110\u1ed9 b\u1ec1n cao:<\/strong> Gi\u1eef \u1ed5n \u0111\u1ecbnh c\u1ea5u tr\u00fac trong \u0111i\u1ec1u ki\u1ec7n nhi\u1ec7t \u0111\u1ed9 cao v\u00e0 bi\u1ebfn \u0111\u1ed9ng.<\/li>\n<li data-sourcepos=\"17:1-18:0\"><strong>\u0110a d\u1ee5ng:<\/strong> Ph\u00f9 h\u1ee3p v\u1edbi nhi\u1ec1u lo\u1ea1i thi\u1ebft b\u1ecb v\u00e0 \u0111i\u1ec1u ki\u1ec7n l\u00e0m vi\u1ec7c kh\u00e1c nhau.<\/li>\n<\/ul>\n<h3 data-sourcepos=\"19:1-19:12\">\u1ee8ng d\u1ee5ng<\/h3>\n<p><img decoding=\"async\" title=\"mobilux-ep1-2-1\" src=\"https:\/\/yenhung.com\/wp-content\/uploads\/2025\/11\/mobilux-ep1-2-1.jpg\" alt=\"Mobilux EP1\" data-thumb=\"large\" \/><\/p>\n<ul data-sourcepos=\"21:1-26:0\">\n<li data-sourcepos=\"21:1-26:0\"><strong>C\u00f4ng nghi\u1ec7p:<\/strong> S\u1eed d\u1ee5ng r\u1ed9ng r\u00e3i trong c\u00e1c ng\u00e0nh c\u00f4ng nghi\u1ec7p nh\u01b0:\n<ul data-sourcepos=\"22:5-26:0\">\n<li data-sourcepos=\"22:5-22:55\">\u00d4 t\u00f4: B\u00f4i tr\u01a1n \u1ed5 bi b\u00e1nh xe, kh\u1edbp n\u1ed1i, b\u1ea1c \u0111\u1ea1n&#8230;<\/li>\n<li data-sourcepos=\"23:5-23:69\">C\u01a1 kh\u00ed: B\u00f4i tr\u01a1n c\u00e1c b\u1ed9 ph\u1eadn chuy\u1ec3n \u0111\u1ed9ng c\u1ee7a m\u00e1y m\u00f3c, thi\u1ebft b\u1ecb.<\/li>\n<li data-sourcepos=\"24:5-24:67\">X\u00e2y d\u1ef1ng: B\u00f4i tr\u01a1n c\u00e1c thi\u1ebft b\u1ecb x\u00e2y d\u1ef1ng, m\u00e1y m\u00f3c c\u00f4ng tr\u00ecnh.<\/li>\n<li data-sourcepos=\"25:5-26:0\">N\u00f4ng nghi\u1ec7p: B\u00f4i tr\u01a1n c\u00e1c b\u1ed9 ph\u1eadn c\u1ee7a m\u00e1y n\u00f4ng nghi\u1ec7p.<\/li>\n<\/ul>\n<\/li>\n<\/ul>\n<h3 data-sourcepos=\"27:1-27:21\">Th\u00f4ng s\u1ed1 k\u1ef9 thu\u1eadt<\/h3>\n<ul data-sourcepos=\"29:1-33:0\">\n<li data-sourcepos=\"29:1-29:38\"><strong>Lo\u1ea1i m\u1ee1:<\/strong> Lithium hydroxystearate<\/li>\n<li data-sourcepos=\"30:1-30:20\"><strong>\u0110\u1ed9 \u0111\u1eb7c:<\/strong> NLGI 1<\/li>\n<li data-sourcepos=\"31:1-31:37\"><strong>M\u00e0u s\u1eafc:<\/strong> [M\u00e0u s\u1eafc c\u1ee7a s\u1ea3n ph\u1ea9m]<\/li>\n<li data-sourcepos=\"32:1-33:0\"><strong>Nhi\u1ec7t \u0111\u1ed9 l\u00e0m vi\u1ec7c:<\/strong> [Kho\u1ea3ng nhi\u1ec7t \u0111\u1ed9 l\u00e0m vi\u1ec7c]<\/li>\n<\/ul>\n<h3 data-sourcepos=\"34:1-34:21\">H\u01b0\u1edbng d\u1eabn s\u1eed d\u1ee5ng<\/h3>\n<p><img decoding=\"async\" title=\"mobilux-ep1-3\" src=\"https:\/\/yenhung.com\/wp-content\/uploads\/2025\/11\/mobilux-ep1-3.jpg\" alt=\"Mobilux EP1\" data-thumb=\"large\" \/><\/p>\n<ul data-sourcepos=\"36:1-39:0\">\n<li data-sourcepos=\"36:1-36:102\"><strong>L\u00e0m s\u1ea1ch b\u1ec1 m\u1eb7t:<\/strong> Tr\u01b0\u1edbc khi b\u00f4i m\u1ee1, c\u1ea7n l\u00e0m s\u1ea1ch b\u1ec1 m\u1eb7t thi\u1ebft b\u1ecb \u0111\u1ec3 \u0111\u1ea3m b\u1ea3o \u0111\u1ed9 b\u00e1m d\u00ednh t\u1ed1t nh\u1ea5t.<\/li>\n<li data-sourcepos=\"37:1-37:69\"><strong>L\u01b0\u1ee3ng m\u1ee1:<\/strong> B\u00f4i m\u1ed9t l\u01b0\u1ee3ng m\u1ee1 v\u1eeba \u0111\u1ee7, kh\u00f4ng qu\u00e1 nhi\u1ec1u ho\u1eb7c qu\u00e1 \u00edt.<\/li>\n<li data-sourcepos=\"38:1-39:0\"><strong>T\u1ea7n su\u1ea5t b\u00f4i m\u1ee1:<\/strong> T\u00f9y thu\u1ed9c v\u00e0o \u0111i\u1ec1u ki\u1ec7n l\u00e0m vi\u1ec7c v\u00e0 lo\u1ea1i thi\u1ebft b\u1ecb m\u00e0 c\u00f3 t\u1ea7n su\u1ea5t b\u00f4i m\u1ee1 kh\u00e1c nhau.<\/li>\n<\/ul>\n<\/div>\n","protected":false},"excerpt":{"rendered":"<p>T\u00ean sa\u0309n ph\u00e2\u0309m:\u00a0Mobilux EP1<\/p>\n","protected":false},"featured_media":8543,"comment_status":"closed","ping_status":"closed","template":"","meta":[],"product_brand":[],"product_cat":[165],"product_tag":[],"class_list":{"0":"post-8542","1":"product","2":"type-product","3":"status-publish","4":"has-post-thumbnail","6":"product_cat-mobil","8":"first","9":"instock","10":"shipping-taxable","11":"product-type-simple"},"_links":{"self":[{"href":"https:\/\/yenhung.com\/index.php?rest_route=\/wp\/v2\/product\/8542","targetHints":{"allow":["GET"]}}],"collection":[{"href":"https:\/\/yenhung.com\/index.php?rest_route=\/wp\/v2\/product"}],"about":[{"href":"https:\/\/yenhung.com\/index.php?rest_route=\/wp\/v2\/types\/product"}],"replies":[{"embeddable":true,"href":"https:\/\/yenhung.com\/index.php?rest_route=%2Fwp%2Fv2%2Fcomments&post=8542"}],"wp:featuredmedia":[{"embeddable":true,"href":"https:\/\/yenhung.com\/index.php?rest_route=\/wp\/v2\/media\/8543"}],"wp:attachment":[{"href":"https:\/\/yenhung.com\/index.php?rest_route=%2Fwp%2Fv2%2Fmedia&parent=8542"}],"wp:term":[{"taxonomy":"product_brand","embeddable":true,"href":"https:\/\/yenhung.com\/index.php?rest_route=%2Fwp%2Fv2%2Fproduct_brand&post=8542"},{"taxonomy":"product_cat","embeddable":true,"href":"https:\/\/yenhung.com\/index.php?rest_route=%2Fwp%2Fv2%2Fproduct_cat&post=8542"},{"taxonomy":"product_tag","embeddable":true,"href":"https:\/\/yenhung.com\/index.php?rest_route=%2Fwp%2Fv2%2Fproduct_tag&post=8542"}],"curies":[{"name":"wp","href":"https:\/\/api.w.org\/{rel}","templated":true}]}}