{"id":8550,"date":"2025-11-10T08:42:59","date_gmt":"2025-11-10T08:42:59","guid":{"rendered":"https:\/\/yenhung.com\/?product=mo-chiu-nhiet-mobil-unirex-n-2"},"modified":"2026-02-07T02:12:07","modified_gmt":"2026-02-07T02:12:07","slug":"mo-chiu-nhiet-mobil-unirex-n-2","status":"publish","type":"product","link":"https:\/\/yenhung.com\/?product=mo-chiu-nhiet-mobil-unirex-n-2","title":{"rendered":"M\u1ee0 CH\u1ecaU NHI\u1ec6T MOBIL UNIREX N 2"},"content":{"rendered":"<div class=\"ba-text-fpt\">\n<h2 data-sourcepos=\"3:1-3:70\">Mobil Unirex N 2: M\u1ee1 ch\u1ecbu nhi\u1ec7t \u0111a n\u0103ng, b\u1ea3o v\u1ec7 t\u1ed1i \u01b0u cho thi\u1ebft b\u1ecb<\/h2>\n<h3 data-sourcepos=\"5:1-5:23\">Gi\u1edbi thi\u1ec7u s\u1ea3n ph\u1ea9m<\/h3>\n<p data-sourcepos=\"7:1-7:313\"><strong>Mobil Unirex N 2<\/strong> l\u00e0 m\u1ed9t lo\u1ea1i m\u1ee1 ph\u1ee9c h\u1ee3p Lithium ch\u1ea5t l\u01b0\u1ee3ng cao, \u0111\u01b0\u1ee3c thi\u1ebft k\u1ebf \u0111\u1eb7c bi\u1ec7t cho c\u00e1c \u1ee9ng d\u1ee5ng b\u00f4i tr\u01a1n v\u00f2ng bi l\u0103n \u1edf nhi\u1ec7t \u0111\u1ed9 cao. S\u1ea3n ph\u1ea9m n\u00e0y n\u1ed5i ti\u1ebfng v\u1edbi kh\u1ea3 n\u0103ng ch\u1ecbu nhi\u1ec7t v\u01b0\u1ee3t tr\u1ed9i, \u0111\u1ed9 \u1ed5n \u0111\u1ecbnh c\u01a1 h\u1ecdc v\u00e0 kh\u1ea3 n\u0103ng ch\u1ed1ng n\u01b0\u1edbc, ch\u1ed1ng oxy h\u00f3a t\u1ed1t, gi\u00fap b\u1ea3o v\u1ec7 t\u1ed1i \u01b0u cho c\u00e1c thi\u1ebft b\u1ecb c\u00f4ng nghi\u1ec7p.<\/p>\n<p data-sourcepos=\"9:1-9:36\"><img decoding=\"async\" title=\"mobil-unirex-n-2-1\" src=\"https:\/\/yenhung.com\/wp-content\/uploads\/2025\/11\/mobil-unirex-n-2-1.jpg\" alt=\"MOBIL UNIREX N 2\" data-thumb=\"grande\" \/><\/p>\n<h3 data-sourcepos=\"11:1-11:19\">\u01afu \u0111i\u1ec3m n\u1ed5i b\u1eadt<\/h3>\n<ul data-sourcepos=\"13:1-17:0\">\n<li data-sourcepos=\"13:1-13:87\"><strong>Ch\u1ecbu nhi\u1ec7t \u0111\u1ed9 cao:<\/strong> Ho\u1ea1t \u0111\u1ed9ng \u1ed5n \u0111\u1ecbnh trong kho\u1ea3ng nhi\u1ec7t \u0111\u1ed9 r\u1ed9ng, t\u1eeb th\u1ea5p \u0111\u1ebfn cao.<\/li>\n<li data-sourcepos=\"14:1-14:80\"><strong>\u0110\u1ed9 \u1ed5n \u0111\u1ecbnh c\u01a1 h\u1ecdc:<\/strong> Gi\u00fap b\u1ea3o v\u1ec7 c\u00e1c b\u1ed9 ph\u1eadn m\u00e1y m\u00f3c kh\u1ecfi m\u00e0i m\u00f2n v\u00e0 \u0103n m\u00f2n.<\/li>\n<li data-sourcepos=\"15:1-15:74\"><strong>Kh\u1ea3 n\u0103ng ch\u1ed1ng n\u01b0\u1edbc v\u00e0 oxy h\u00f3a:<\/strong> K\u00e9o d\u00e0i tu\u1ed5i th\u1ecd c\u1ee7a m\u1ee1 v\u00e0 thi\u1ebft b\u1ecb.<\/li>\n<li data-sourcepos=\"16:1-17:0\"><strong>\u0110a n\u0103ng:<\/strong> Ph\u00f9 h\u1ee3p v\u1edbi nhi\u1ec1u \u1ee9ng d\u1ee5ng c\u00f4ng nghi\u1ec7p kh\u00e1c nhau.<\/li>\n<\/ul>\n<h3 data-sourcepos=\"18:1-18:12\">\u1ee8ng d\u1ee5ng<\/h3>\n<p><img decoding=\"async\" title=\"mo-chiu-nhiet-mobil-unirex-n-2-b-1750239375268-1\" src=\"https:\/\/yenhung.com\/wp-content\/uploads\/2025\/11\/mo-chiu-nhiet-mobil-unirex-n-2-b-1750239375268-1.jpg\" alt=\"M\u1ee0 CH\u1ecaU NHI\u1ec6T MOBIL UNIREX N 2\" data-thumb=\"large\" \/><\/p>\n<ul data-sourcepos=\"20:1-23:0\">\n<li data-sourcepos=\"20:1-20:96\"><strong>B\u00f4i tr\u01a1n \u0111\u1ed9ng c\u01a1 \u0111i\u1ec7n:<\/strong> \u0110\u1eb7c bi\u1ec7t ph\u00f9 h\u1ee3p v\u1edbi c\u00e1c lo\u1ea1i \u0111\u1ed9ng c\u01a1 c\u00e1ch \u0111i\u1ec7n A, B v\u00e0 F c\u1ee7a NEMA.<\/li>\n<li data-sourcepos=\"21:1-21:79\"><strong>C\u00e1c \u1ee9ng d\u1ee5ng c\u00f4ng nghi\u1ec7p kh\u00e1c:<\/strong> Qu\u1ea1t, m\u00e1y b\u01a1m, m\u00e1y n\u00e9n kh\u00ed, m\u00e1y c\u00f4ng c\u1ee5&#8230;<\/li>\n<li data-sourcepos=\"22:1-23:0\"><strong>V\u00f2ng bi l\u0103n:<\/strong> B\u1ea3o v\u1ec7 v\u00f2ng bi l\u00e0m vi\u1ec7c trong \u0111i\u1ec1u ki\u1ec7n nhi\u1ec7t \u0111\u1ed9 cao.<\/li>\n<\/ul>\n<h3 data-sourcepos=\"24:1-24:21\">Th\u00f4ng s\u1ed1 k\u1ef9 thu\u1eadt<\/h3>\n<ul data-sourcepos=\"26:1-31:0\">\n<li data-sourcepos=\"26:1-26:36\"><strong>Ch\u1ea5t l\u00e0m \u0111\u1eb7c:<\/strong> Lithium ph\u1ee9c h\u1ee3p<\/li>\n<li data-sourcepos=\"27:1-27:22\"><strong>M\u00e0u s\u1eafc:<\/strong> Xanh l\u00e1<\/li>\n<li data-sourcepos=\"28:1-28:32\"><strong>\u0110\u1ed9 xuy\u00ean kim (C\u1ea5p NLGI):<\/strong> 2<\/li>\n<li data-sourcepos=\"29:1-29:40\"><strong>Nhi\u1ec7t \u0111\u1ed9 l\u00e0m vi\u1ec7c:<\/strong> -20\u00b0C \u0111\u1ebfn 190\u00b0C<\/li>\n<li data-sourcepos=\"30:1-31:0\"><strong>\u0110\u00f3ng g\u00f3i:<\/strong> X\u00f4 16KG\/ X\u00f4 18KG<\/li>\n<\/ul>\n<h3 data-sourcepos=\"32:1-32:21\">H\u01b0\u1edbng d\u1eabn s\u1eed d\u1ee5ng<\/h3>\n<ul data-sourcepos=\"34:1-37:0\">\n<li data-sourcepos=\"34:1-34:70\"><strong>L\u00e0m s\u1ea1ch b\u1ec1 m\u1eb7t:<\/strong> Tr\u01b0\u1edbc khi b\u00f4i m\u1ee1, c\u1ea7n l\u00e0m s\u1ea1ch b\u1ec1 m\u1eb7t thi\u1ebft b\u1ecb.<\/li>\n<li data-sourcepos=\"35:1-35:92\"><strong>B\u00f4i m\u1ee1:<\/strong> S\u1eed d\u1ee5ng s\u00fang b\u01a1m m\u1ee1 ho\u1eb7c ph\u01b0\u01a1ng ph\u00e1p th\u1ee7 c\u00f4ng \u0111\u1ec3 b\u00f4i m\u1ee1 v\u00e0o c\u00e1c \u0111i\u1ec3m b\u00f4i tr\u01a1n.<\/li>\n<li data-sourcepos=\"36:1-37:0\"><strong>Ki\u1ec3m tra \u0111\u1ecbnh k\u1ef3:<\/strong> Ki\u1ec3m tra v\u00e0 b\u1ed5 sung m\u1ee1 th\u01b0\u1eddng xuy\u00ean \u0111\u1ec3 \u0111\u1ea3m b\u1ea3o hi\u1ec7u qu\u1ea3 b\u1ea3o v\u1ec7.<\/li>\n<\/ul>\n<h3 data-sourcepos=\"38:1-38:21\">L\u01b0u \u00fd khi s\u1eed d\u1ee5ng<\/h3>\n<p><img decoding=\"async\" title=\"mo-chiu-nhiet-mobil-unirex-n-2-a-1750239358177-1\" src=\"https:\/\/yenhung.com\/wp-content\/uploads\/2025\/11\/mo-chiu-nhiet-mobil-unirex-n-2-a-1750239358177-1.jpg\" alt=\"M\u1ee0 CH\u1ecaU NHI\u1ec6T MOBIL UNIREX N 2\" data-thumb=\"large\" \/><\/p>\n<ul data-sourcepos=\"40:1-42:0\">\n<li data-sourcepos=\"40:1-40:77\"><strong>B\u1ea3o qu\u1ea3n:<\/strong> B\u1ea3o qu\u1ea3n \u1edf n\u01a1i kh\u00f4 r\u00e1o, tho\u00e1ng m\u00e1t, tr\u00e1nh \u00e1nh n\u1eafng tr\u1ef1c ti\u1ebfp.<\/li>\n<li data-sourcepos=\"41:1-42:0\"><strong>An to\u00e0n:<\/strong> S\u1eed d\u1ee5ng g\u0103ng tay, k\u00ednh b\u1ea3o h\u1ed9 khi ti\u1ebfp x\u00fac v\u1edbi m\u1ee1.<\/li>\n<\/ul>\n<\/div>\n","protected":false},"excerpt":{"rendered":"<p>T\u00ean sa\u0309n ph\u00e2\u0309m:\u00a0MOBIL UNIREX N 2<\/p>\n","protected":false},"featured_media":8551,"comment_status":"closed","ping_status":"closed","template":"","meta":[],"product_brand":[],"product_cat":[165],"product_tag":[],"class_list":{"0":"post-8550","1":"product","2":"type-product","3":"status-publish","4":"has-post-thumbnail","6":"product_cat-mobil","8":"first","9":"instock","10":"shipping-taxable","11":"product-type-simple"},"_links":{"self":[{"href":"https:\/\/yenhung.com\/index.php?rest_route=\/wp\/v2\/product\/8550","targetHints":{"allow":["GET"]}}],"collection":[{"href":"https:\/\/yenhung.com\/index.php?rest_route=\/wp\/v2\/product"}],"about":[{"href":"https:\/\/yenhung.com\/index.php?rest_route=\/wp\/v2\/types\/product"}],"replies":[{"embeddable":true,"href":"https:\/\/yenhung.com\/index.php?rest_route=%2Fwp%2Fv2%2Fcomments&post=8550"}],"wp:featuredmedia":[{"embeddable":true,"href":"https:\/\/yenhung.com\/index.php?rest_route=\/wp\/v2\/media\/8551"}],"wp:attachment":[{"href":"https:\/\/yenhung.com\/index.php?rest_route=%2Fwp%2Fv2%2Fmedia&parent=8550"}],"wp:term":[{"taxonomy":"product_brand","embeddable":true,"href":"https:\/\/yenhung.com\/index.php?rest_route=%2Fwp%2Fv2%2Fproduct_brand&post=8550"},{"taxonomy":"product_cat","embeddable":true,"href":"https:\/\/yenhung.com\/index.php?rest_route=%2Fwp%2Fv2%2Fproduct_cat&post=8550"},{"taxonomy":"product_tag","embeddable":true,"href":"https:\/\/yenhung.com\/index.php?rest_route=%2Fwp%2Fv2%2Fproduct_tag&post=8550"}],"curies":[{"name":"wp","href":"https:\/\/api.w.org\/{rel}","templated":true}]}}