{"id":8634,"date":"2025-11-10T08:44:09","date_gmt":"2025-11-10T08:44:09","guid":{"rendered":"https:\/\/yenhung.com\/?product=dau-mobilgear-600-xp-100-20l"},"modified":"2026-02-07T01:59:22","modified_gmt":"2026-02-07T01:59:22","slug":"dau-mobilgear-600-xp-100-20l","status":"publish","type":"product","link":"https:\/\/yenhung.com\/?product=dau-mobilgear-600-xp-100-20l","title":{"rendered":"D\u1ea7u &#8211; Mobilgear 600 XP 100 &#8211; 20l"},"content":{"rendered":"<div class=\"ba-text-fpt\">\n<h2 data-sourcepos=\"1:1-1:82\">Mobilgear 600 XP 100: D\u1ea7u B\u00e1nh R\u0103ng C\u00f4ng Nghi\u1ec7p Cao C\u1ea5p Cho Hi\u1ec7u Su\u1ea5t V\u01b0\u1ee3t Tr\u1ed9i<\/h2>\n<p><img decoding=\"async\" title=\"mobilgear-600-xp-100-1\" src=\"https:\/\/yenhung.com\/wp-content\/uploads\/2025\/11\/mobilgear-600-xp-100-1.png\" alt=\"D\u1ea7u - Mobilgear 600 XP 100 - 20l\" data-thumb=\"large\" \/><\/p>\n<p data-sourcepos=\"3:1-3:115\"><strong>Mobilgear 600 XP 100<\/strong> l\u00e0 d\u1ea7u b\u00e1nh r\u0103ng hi\u1ec7u su\u1ea5t cao \u0111\u01b0\u1ee3c s\u1ea3n xu\u1ea5t b\u1edfi ExxonMobil, t\u1eadp \u0111o\u00e0n d\u1ea7u kh\u00ed h\u00e0ng \u0111\u1ea7u th\u1ebf gi\u1edbi. S\u1ea3n ph\u1ea9m \u0111\u01b0\u1ee3c thi\u1ebft k\u1ebf \u0111\u1ec3 b\u00f4i tr\u01a1n hi\u1ec7u qu\u1ea3 c\u00e1c h\u1ed9p s\u1ed1 k\u00edn c\u00f4ng nghi\u1ec7p ho\u1ea1t \u0111\u1ed9ng trong \u0111i\u1ec1u ki\u1ec7n kh\u1eafc nghi\u1ec7t, ch\u1ecbu t\u1ea3i tr\u1ecdng v\u00e0 nhi\u1ec7t \u0111\u1ed9 cao.<\/p>\n<p data-sourcepos=\"7:1-7:20\"><strong>\u01afu \u0111i\u1ec3m n\u1ed5i b\u1eadt:<\/strong><\/p>\n<p data-sourcepos=\"7:1-7:20\"><strong><img decoding=\"async\" title=\"mobilgear-600-xp-100-1-2\" src=\"https:\/\/yenhung.com\/wp-content\/uploads\/2025\/11\/mobilgear-600-xp-100-1-2.jpg\" alt=\"D\u1ea7u - Mobilgear 600 XP 100 - 20l\" data-thumb=\"large\" \/><\/strong><\/p>\n<ul data-sourcepos=\"9:1-9:19\">\n<li data-sourcepos=\"9:1-9:19\"><strong>Kh\u1ea3 n\u0103ng b\u1ea3o v\u1ec7 v\u01b0\u1ee3t tr\u1ed9i:<\/strong> B\u1ea3o v\u1ec7 b\u00e1nh r\u0103ng v\u00e0 \u1ed5 tr\u1ee5c kh\u1ecfi s\u1ef1 m\u00e0i m\u00f2n, r\u1ec9 s\u00e9t, \u0103n m\u00f2n v\u00e0 h\u00ecnh th\u00e0nh c\u1eb7n b\u1ea9n, gi\u00fap k\u00e9o d\u00e0i tu\u1ed5i th\u1ecd thi\u1ebft b\u1ecb.<\/li>\n<li data-sourcepos=\"10:1-10:117\"><strong>Hi\u1ec7u su\u1ea5t b\u00f4i tr\u01a1n cao:<\/strong> Gi\u1ea3m ma s\u00e1t v\u00e0 nhi\u1ec7t \u0111\u1ed9 v\u1eadn h\u00e0nh, gi\u00fap ti\u1ebft ki\u1ec7m n\u0103ng l\u01b0\u1ee3ng v\u00e0 t\u0103ng hi\u1ec7u qu\u1ea3 ho\u1ea1t \u0111\u1ed9ng.<\/li>\n<li data-sourcepos=\"11:1-11:124\"><strong>Ch\u1ecbu t\u1ea3i tr\u1ecdng cao:<\/strong> Ch\u1ecbu \u0111\u01b0\u1ee3c t\u1ea3i tr\u1ecdng n\u1eb7ng v\u00e0 rung \u0111\u1ed9ng m\u1ea1nh, \u0111\u1ea3m b\u1ea3o ho\u1ea1t \u0111\u1ed9ng \u1ed5n \u0111\u1ecbnh trong \u0111i\u1ec1u ki\u1ec7n kh\u1eafc nghi\u1ec7t.<\/li>\n<li data-sourcepos=\"12:1-12:81\"><strong>Kh\u1ea3 n\u0103ng ch\u1ed1ng oxy h\u00f3a t\u1ed1t:<\/strong> Ch\u1ed1ng l\u1ea1i s\u1ef1 ph\u00e2n h\u1ee7y do oxy h\u00f3a \u1edf nhi\u1ec7t \u0111\u1ed9 cao, gi\u00fap k\u00e9o d\u00e0i tu\u1ed5i th\u1ecd d\u1ea7u.<\/li>\n<li data-sourcepos=\"13:1-14:0\"><strong>T\u01b0\u01a1ng th\u00edch v\u1edbi nhi\u1ec1u lo\u1ea1i v\u1eadt li\u1ec7u ph\u1ed1t:<\/strong> T\u01b0\u01a1ng th\u00edch v\u1edbi nhi\u1ec1u lo\u1ea1i v\u1eadt li\u1ec7u ph\u1ed1t v\u00e0 gio\u0103ng, an to\u00e0n cho h\u1ec7 th\u1ed1ng.<\/li>\n<\/ul>\n<p data-sourcepos=\"15:1-15:13\"><strong>\u1ee8ng d\u1ee5ng:<\/strong><\/p>\n<p data-sourcepos=\"15:1-15:13\"><strong><img decoding=\"async\" title=\"mobilgear-600-xp-100-2-1\" src=\"https:\/\/yenhung.com\/wp-content\/uploads\/2025\/11\/mobilgear-600-xp-100-2-1.jpg\" alt=\"D\u1ea7u - Mobilgear 600 XP 100 - 20l\" data-thumb=\"large\" \/><\/strong><\/p>\n<ul data-sourcepos=\"17:1-21:0\">\n<li data-sourcepos=\"17:1-17:68\"><strong>H\u1ed9p s\u1ed1 k\u00edn c\u00f4ng nghi\u1ec7p:<\/strong> H\u1ed9p s\u1ed1, b\u1ed9 gi\u1ea3m t\u1ed1c, tr\u1ee5c d\u1eabn \u0111\u1ed9ng,&#8230;<\/li>\n<li data-sourcepos=\"18:1-18:63\"><strong>M\u00e1y m\u00f3c c\u00f4ng nghi\u1ec7p:<\/strong> M\u00e1y n\u00e9n kh\u00ed, m\u00e1y b\u01a1m, m\u00e1y nghi\u1ec1n,&#8230;<\/li>\n<li data-sourcepos=\"19:1-19:78\"><strong>Ng\u00e0nh c\u00f4ng nghi\u1ec7p n\u1eb7ng:<\/strong> Nh\u00e0 m\u00e1y th\u00e9p, nh\u00e0 m\u00e1y xi m\u0103ng, nh\u00e0 m\u00e1y \u0111\u01b0\u1eddng,&#8230;<\/li>\n<li data-sourcepos=\"20:1-21:0\"><strong>Thi\u1ebft b\u1ecb v\u1eadn chuy\u1ec3n:<\/strong> Xe t\u1ea3i, xe ben, xe n\u00e2ng,&#8230;<\/li>\n<\/ul>\n<p data-sourcepos=\"22:1-22:22\"><strong>Th\u00f4ng s\u1ed1 k\u1ef9 thu\u1eadt:<\/strong><\/p>\n<ul data-sourcepos=\"24:1-28:33\">\n<li data-sourcepos=\"24:1-24:50\"><strong>\u0110\u1ed9 nh\u1edbt:<\/strong> ISO VG 100, 150, 220, 320, 460, 680<\/li>\n<li data-sourcepos=\"25:1-25:29\"><strong>C\u1ea5p hi\u1ec7u su\u1ea5t API:<\/strong> GL-5<\/li>\n<li data-sourcepos=\"26:1-26:25\"><strong>Nhi\u1ec7t \u0111\u1ed9 s\u00f4i:<\/strong> 250\u00b0C<\/li>\n<li data-sourcepos=\"27:1-27:21\"><strong>\u0110i\u1ec3m r\u00f3t:<\/strong> -20\u00b0C<\/li>\n<li data-sourcepos=\"28:1-28:33\"><strong>Kh\u1ed1i l\u01b0\u1ee3ng ri\u00eang:<\/strong> 900 kg\/m\u00b3<\/li>\n<li data-sourcepos=\"29:1-29:24\"><strong>Th\u01b0\u01a1ng hi\u1ec7u:<\/strong> Mobil<\/li>\n<li data-sourcepos=\"30:1-31:0\"><strong>M\u00e3 s\u1ea3n ph\u1ea9m:<\/strong> Mobilgear 600 XP 100<\/li>\n<\/ul>\n<p data-sourcepos=\"32:1-32:45\"><strong>L\u1ee3i \u00edch khi s\u1eed d\u1ee5ng Mobilgear 600 XP 100:<\/strong><\/p>\n<ul data-sourcepos=\"34:1-38:0\">\n<li data-sourcepos=\"34:1-34:146\"><strong>K\u00e9o d\u00e0i tu\u1ed5i th\u1ecd thi\u1ebft b\u1ecb:<\/strong> B\u1ea3o v\u1ec7 b\u00e1nh r\u0103ng v\u00e0 \u1ed5 tr\u1ee5c kh\u1ecfi s\u1ef1 m\u00e0i m\u00f2n, r\u1ec9 s\u00e9t, \u0103n m\u00f2n v\u00e0 h\u00ecnh th\u00e0nh c\u1eb7n b\u1ea9n, gi\u00fap k\u00e9o d\u00e0i tu\u1ed5i th\u1ecd thi\u1ebft b\u1ecb.<\/li>\n<li data-sourcepos=\"35:1-35:109\"><strong>Gi\u1ea3m chi ph\u00ed b\u1ea3o tr\u00ec:<\/strong> Gi\u1ea3m thi\u1ec3u s\u1ef1 c\u1ed1 h\u1ecfng h\u00f3c v\u00e0 nhu c\u1ea7u b\u1ea3o tr\u00ec, ti\u1ebft ki\u1ec7m chi ph\u00ed cho doanh nghi\u1ec7p.<\/li>\n<li data-sourcepos=\"36:1-36:122\"><strong>N\u00e2ng cao hi\u1ec7u qu\u1ea3 ho\u1ea1t \u0111\u1ed9ng:<\/strong> Gi\u1ea3m ma s\u00e1t v\u00e0 nhi\u1ec7t \u0111\u1ed9 v\u1eadn h\u00e0nh, gi\u00fap ti\u1ebft ki\u1ec7m n\u0103ng l\u01b0\u1ee3ng v\u00e0 t\u0103ng hi\u1ec7u qu\u1ea3 ho\u1ea1t \u0111\u1ed9ng.<\/li>\n<li data-sourcepos=\"37:1-38:0\"><strong>B\u1ea3o v\u1ec7 m\u00f4i tr\u01b0\u1eddng:<\/strong> S\u1ea3n ph\u1ea9m th\u00e2n thi\u1ec7n v\u1edbi m\u00f4i tr\u01b0\u1eddng, \u0111\u00e1p \u1ee9ng c\u00e1c ti\u00eau chu\u1ea9n m\u00f4i tr\u01b0\u1eddng qu\u1ed1c t\u1ebf.<\/li>\n<\/ul>\n<\/div>\n","protected":false},"excerpt":{"rendered":"<p><strong>T\u00ean sa\u0309n ph\u00e2\u0309m:Mobilgear 600 XP 100<\/strong><\/p>\n","protected":false},"featured_media":8635,"comment_status":"closed","ping_status":"closed","template":"","meta":[],"product_brand":[],"product_cat":[165],"product_tag":[],"class_list":{"0":"post-8634","1":"product","2":"type-product","3":"status-publish","4":"has-post-thumbnail","6":"product_cat-mobil","8":"first","9":"instock","10":"shipping-taxable","11":"product-type-simple"},"_links":{"self":[{"href":"https:\/\/yenhung.com\/index.php?rest_route=\/wp\/v2\/product\/8634","targetHints":{"allow":["GET"]}}],"collection":[{"href":"https:\/\/yenhung.com\/index.php?rest_route=\/wp\/v2\/product"}],"about":[{"href":"https:\/\/yenhung.com\/index.php?rest_route=\/wp\/v2\/types\/product"}],"replies":[{"embeddable":true,"href":"https:\/\/yenhung.com\/index.php?rest_route=%2Fwp%2Fv2%2Fcomments&post=8634"}],"wp:featuredmedia":[{"embeddable":true,"href":"https:\/\/yenhung.com\/index.php?rest_route=\/wp\/v2\/media\/8635"}],"wp:attachment":[{"href":"https:\/\/yenhung.com\/index.php?rest_route=%2Fwp%2Fv2%2Fmedia&parent=8634"}],"wp:term":[{"taxonomy":"product_brand","embeddable":true,"href":"https:\/\/yenhung.com\/index.php?rest_route=%2Fwp%2Fv2%2Fproduct_brand&post=8634"},{"taxonomy":"product_cat","embeddable":true,"href":"https:\/\/yenhung.com\/index.php?rest_route=%2Fwp%2Fv2%2Fproduct_cat&post=8634"},{"taxonomy":"product_tag","embeddable":true,"href":"https:\/\/yenhung.com\/index.php?rest_route=%2Fwp%2Fv2%2Fproduct_tag&post=8634"}],"curies":[{"name":"wp","href":"https:\/\/api.w.org\/{rel}","templated":true}]}}