{"id":8683,"date":"2025-11-10T08:56:45","date_gmt":"2025-11-10T08:56:45","guid":{"rendered":"https:\/\/yenhung.com\/?product=mo-renolit-ep-2-_-18kg-thung"},"modified":"2026-02-07T01:56:09","modified_gmt":"2026-02-07T01:56:09","slug":"mo-renolit-ep-2-_-18kg-thung","status":"publish","type":"product","link":"https:\/\/yenhung.com\/?product=mo-renolit-ep-2-_-18kg-thung","title":{"rendered":"M\u1ee1 RENOLIT EP 2 _ 18kg\/Th\u00f9ng"},"content":{"rendered":"<div class=\"ba-text-fpt\">\n<h2 data-sourcepos=\"1:1-1:20\"><strong>M\u1ee1 RENOLIT EP 2 _ 18kg\/Th\u00f9ng<\/strong><\/h2>\n<p data-sourcepos=\"1:1-1:20\"><strong>M\u1ee1 RENOLIT EP 2<\/strong> c\u1ee7a h\u00e3ng <strong>FUCHS (\u0110\u1ee9c)<\/strong>, v\u1edbi quy c\u00e1ch \u0111\u00f3ng g\u00f3i <strong>18kg<\/strong>. \u0110\u00e2y l\u00e0 m\u1ed9t lo\u1ea1i m\u1ee1 b\u00f4i tr\u01a1n \u0111a d\u1ee5ng, hi\u1ec7u su\u1ea5t cao, \u0111\u01b0\u1ee3c s\u1eed d\u1ee5ng r\u1ed9ng r\u00e3i trong nhi\u1ec1u \u1ee9ng d\u1ee5ng c\u00f4ng nghi\u1ec7p v\u00e0 \u00f4 t\u00f4, t\u01b0\u01a1ng t\u1ef1 nh\u01b0 RENOLIT EP 3 nh\u01b0ng c\u00f3 \u0111\u1ed9 \u0111\u1eb7c kh\u00e1c.<\/p>\n<p data-sourcepos=\"1:1-1:20\"><img decoding=\"async\" title=\"mo-renolit-ep-2-18kg-3-1\" src=\"https:\/\/yenhung.com\/wp-content\/uploads\/2025\/11\/mo-renolit-ep-2-18kg-3-1.jpg\" alt=\"M\u1ee1 RENOLIT EP 2 _ 18kg\/Th\u00f9ng\" data-thumb=\"large\" \/><\/p>\n<p data-sourcepos=\"3:1-3:13\">M\u1ee1 RENOLIT EP 2 th\u01b0\u1eddng thu\u1ed9c d\u00f2ng m\u1ee1 g\u1ed1c <strong>Lithium 12-Hydroxystearate<\/strong> ho\u1eb7c <strong>Lithium Complex<\/strong>, v\u00e0 \u0111\u01b0\u1ee3c pha ch\u1ebf v\u1edbi c\u00e1c ph\u1ee5 gia ch\u1ecbu c\u1ef1c \u00e1p (EP &#8211; Extreme Pressure).<\/p>\n<h3 data-sourcepos=\"7:1-7:43\">\u0110\u1eb7c \u0111i\u1ec3m n\u1ed5i b\u1eadt c\u1ee7a M\u1ee1 RENOLIT EP 2<\/h3>\n<p data-sourcepos=\"9:1-9:119\">M\u1ee1 RENOLIT EP 2 (ho\u1eb7c c\u00e1c bi\u1ebfn th\u1ec3 nh\u01b0 RENOLIT DURAPLEX EP 2, RENOLIT FLX EP 2) c\u1ee7a FUCHS n\u1ed5i b\u1eadt v\u1edbi c\u00e1c \u0111\u1eb7c t\u00ednh sau:<\/p>\n<p data-sourcepos=\"9:1-9:119\"><img decoding=\"async\" title=\"mo-renolit-ep-2-18kg-4-1\" src=\"https:\/\/yenhung.com\/wp-content\/uploads\/2025\/11\/mo-renolit-ep-2-18kg-4-1.jpg\" alt=\"M\u1ee1 RENOLIT EP 2 _ 18kg\/Th\u00f9ng\" data-thumb=\"large\" \/><\/p>\n<ul data-sourcepos=\"11:1-19:0\">\n<li data-sourcepos=\"11:1-11:187\"><strong>\u0110\u1ed9 \u0111\u1eb7c NLGI 2:<\/strong> \u0110\u00e2y l\u00e0 \u0111\u1ed9 \u0111\u1eb7c ph\u1ed5 bi\u1ebfn nh\u1ea5t c\u1ee7a m\u1ee1 b\u00f4i tr\u01a1n. NLGI 2 cho ph\u00e9p m\u1ee1 c\u00f3 kh\u1ea3 n\u0103ng b\u01a1m t\u1ed1t trong c\u00e1c h\u1ec7 th\u1ed1ng b\u00f4i tr\u01a1n trung t\u00e2m v\u00e0 ph\u00f9 h\u1ee3p v\u1edbi nhi\u1ec1u \u1ee9ng d\u1ee5ng \u1ed5 bi, \u1ed5 tr\u01b0\u1ee3t.<\/li>\n<li data-sourcepos=\"12:1-12:200\"><strong>Ch\u1ee9a ph\u1ee5 gia ch\u1ecbu c\u1ef1c \u00e1p (EP):<\/strong> M\u1ee1 n\u00e0y \u0111\u01b0\u1ee3c pha ch\u1ebf v\u1edbi c\u00e1c ph\u1ee5 gia EP kh\u00f4ng ch\u1ee9a kim lo\u1ea1i n\u1eb7ng, gi\u00fap b\u1ea3o v\u1ec7 c\u00e1c b\u1ec1 m\u1eb7t kim lo\u1ea1i kh\u1ecfi m\u00e0i m\u00f2n v\u00e0 tr\u1ea7y x\u01b0\u1edbc d\u01b0\u1edbi t\u1ea3i tr\u1ecdng n\u1eb7ng v\u00e0 t\u1ea3i tr\u1ecdng va \u0111\u1eadp.<\/li>\n<li data-sourcepos=\"13:1-13:243\"><strong>\u0110\u1ed9 \u1ed5n \u0111\u1ecbnh c\u01a1 h\u1ecdc v\u00e0 nhi\u1ec7t cao:<\/strong> Duy tr\u00ec \u0111\u1ed9 \u0111\u1eb7c v\u00e0 t\u00ednh ch\u1ea5t b\u00f4i tr\u01a1n \u1ed5n \u0111\u1ecbnh trong m\u1ed9t d\u1ea3i nhi\u1ec7t \u0111\u1ed9 r\u1ed9ng v\u00e0 kh\u00f4ng b\u1ecb ph\u00e2n h\u1ee7y d\u01b0\u1edbi t\u00e1c \u0111\u1ed9ng c\u1ee7a l\u1ef1c c\u1eaft c\u01a1 h\u1ecdc. \u0110i\u1ec1u n\u00e0y \u0111\u1eb7c bi\u1ec7t quan tr\u1ecdng \u0111\u1ec3 m\u1ee1 kh\u00f4ng b\u1ecb l\u1ecfng ra trong qu\u00e1 tr\u00ecnh v\u1eadn h\u00e0nh.<\/li>\n<li data-sourcepos=\"14:1-14:166\"><strong>Ch\u1ed1ng n\u01b0\u1edbc t\u1ed1t:<\/strong> Kh\u1ea3 n\u0103ng ch\u1ed1ng r\u1eeda tr\u00f4i b\u1edfi n\u01b0\u1edbc hi\u1ec7u qu\u1ea3, gi\u00fap b\u1ea3o v\u1ec7 c\u00e1c b\u1ed9 ph\u1eadn trong m\u00f4i tr\u01b0\u1eddng \u1ea9m \u01b0\u1edbt ho\u1eb7c c\u00f3 ti\u1ebfp x\u00fac v\u1edbi n\u01b0\u1edbc, k\u00e9o d\u00e0i tu\u1ed5i th\u1ecd b\u00f4i tr\u01a1n.<\/li>\n<li data-sourcepos=\"15:1-15:131\"><strong>Ch\u1ed1ng \u0103n m\u00f2n v\u00e0 r\u1ec9 s\u00e9t:<\/strong> Ch\u1ee9a c\u00e1c ch\u1ea5t ph\u1ee5 gia ch\u1ed1ng g\u1ec9 v\u00e0 ch\u1ed1ng \u0103n m\u00f2n, b\u1ea3o v\u1ec7 c\u00e1c b\u1ec1 m\u1eb7t kim lo\u1ea1i kh\u1ecfi h\u01b0 h\u1ea1i do m\u00f4i tr\u01b0\u1eddng.<\/li>\n<li data-sourcepos=\"16:1-16:128\"><strong>Ch\u1ed1ng oxy h\u00f3a v\u00e0 l\u00e3o h\u00f3a:<\/strong> C\u00e1c ch\u1ea5t ch\u1ed1ng oxy h\u00f3a trong m\u1ee1 gi\u00fap k\u00e9o d\u00e0i tu\u1ed5i th\u1ecd c\u1ee7a m\u1ee1, gi\u1ea3m t\u1ea7n su\u1ea5t b\u1ea3o tr\u00ec v\u00e0 thay th\u1ebf.<\/li>\n<li data-sourcepos=\"17:1-17:102\"><strong>Kh\u1ea3 n\u0103ng b\u01a1m tuy\u1ec7t v\u1eddi:<\/strong> R\u1ea5t ph\u00f9 h\u1ee3p cho c\u00e1c h\u1ec7 th\u1ed1ng b\u00f4i tr\u01a1n t\u1eadp trung do \u0111\u1ed9 \u0111\u1eb7c t\u1ed1i \u01b0u c\u1ee7a n\u00f3.<\/li>\n<li data-sourcepos=\"18:1-19:0\"><strong>Ph\u1ea1m vi nhi\u1ec7t \u0111\u1ed9 ho\u1ea1t \u0111\u1ed9ng:<\/strong> Th\u01b0\u1eddng dao \u0111\u1ed9ng t\u00f9y thu\u1ed9c v\u00e0o d\u1ea7u g\u1ed1c v\u00e0 ph\u1ee5 gia c\u1ee5 th\u1ec3, nh\u01b0ng nh\u00ecn chung m\u1ee1 NLGI 2 c\u00f3 th\u1ec3 ho\u1ea1t \u0111\u1ed9ng trong d\u1ea3i nhi\u1ec7t \u0111\u1ed9 r\u1ed9ng.<br \/>\n<h3 data-sourcepos=\"22:1-22:35\">\u1ee8ng d\u1ee5ng c\u1ee7a M\u1ee1 RENOLIT EP 2<\/h3>\n<\/li>\n<li data-sourcepos=\"18:1-19:0\">\n<p data-sourcepos=\"24:1-24:158\"><img decoding=\"async\" title=\"mo-renolit-ep-2-18kg-5-2\" src=\"https:\/\/yenhung.com\/wp-content\/uploads\/2025\/11\/mo-renolit-ep-2-18kg-5-2.jpg\" alt=\"M\u1ee1 RENOLIT EP 2 _ 18kg\/Th\u00f9ng\" data-thumb=\"large\" \/><\/p>\n<\/li>\n<li data-sourcepos=\"18:1-19:0\">\n<p data-sourcepos=\"24:1-24:158\">M\u1ee1 RENOLIT EP 2 l\u00e0 lo\u1ea1i m\u1ee1 \u0111a n\u0103ng, l\u00fd t\u01b0\u1edfng cho nhi\u1ec1u \u1ee9ng d\u1ee5ng c\u00f4ng nghi\u1ec7p v\u00e0 \u00f4 t\u00f4, \u0111\u1eb7c bi\u1ec7t l\u00e0 nh\u1eefng n\u01a1i y\u00eau c\u1ea7u m\u1ee1 ch\u1ecbu t\u1ea3i n\u1eb7ng, ch\u1ecbu nhi\u1ec7t v\u00e0 ch\u1ed1ng n\u01b0\u1edbc:<\/p>\n<\/li>\n<li data-sourcepos=\"26:1-26:157\"><strong>\u1ed4 bi v\u00e0 \u1ed5 tr\u01b0\u1ee3t:<\/strong> B\u00f4i tr\u01a1n c\u00e1c lo\u1ea1i \u1ed5 bi v\u00e0 \u1ed5 tr\u01b0\u1ee3t trong c\u00e1c m\u00e1y m\u00f3c c\u00f4ng nghi\u1ec7p v\u00e0 \u00f4 t\u00f4, bao g\u1ed3m c\u00e1c \u1ee9ng d\u1ee5ng c\u00f3 t\u1ea3i tr\u1ecdng cao ho\u1eb7c t\u1ed1c \u0111\u1ed9 trung b\u00ecnh.<\/li>\n<li data-sourcepos=\"27:1-27:142\"><strong>M\u00e1y m\u00f3c c\u00f4ng nghi\u1ec7p:<\/strong> Th\u00edch h\u1ee3p cho h\u1ea7u h\u1ebft c\u00e1c \u0111i\u1ec3m b\u00f4i tr\u01a1n trong nh\u00e0 m\u00e1y s\u1ea3n xu\u1ea5t, v\u00ed d\u1ee5 nh\u01b0 qu\u1ea1t, b\u01a1m, b\u0103ng t\u1ea3i, m\u00e1y c\u00f4ng c\u1ee5, m\u00e1y \u00e9p.<\/li>\n<li data-sourcepos=\"28:1-28:165\"><strong>Thi\u1ebft b\u1ecb x\u00e2y d\u1ef1ng v\u00e0 n\u00f4ng nghi\u1ec7p:<\/strong> B\u00f4i tr\u01a1n c\u00e1c kh\u1edbp n\u1ed1i, b\u1ea1c \u0111\u1ea1n, b\u00e1nh r\u0103ng trong m\u00e1y x\u00fac, m\u00e1y \u1ee7i, m\u00e1y k\u00e9o, xe lu, v.v., ho\u1ea1t \u0111\u1ed9ng trong \u0111i\u1ec1u ki\u1ec7n kh\u1eafc nghi\u1ec7t.<\/li>\n<li data-sourcepos=\"29:1-29:113\"><strong>\u1ed4 tr\u1ee5c b\u00e1nh xe:<\/strong> \u0110\u01b0\u1ee3c khuy\u1ebfn ngh\u1ecb cho c\u00e1c \u1ed5 tr\u1ee5c b\u00e1nh xe c\u1ee7a xe t\u1ea3i, xe bu\u00fdt v\u00e0 c\u00e1c lo\u1ea1i xe th\u01b0\u01a1ng m\u1ea1i kh\u00e1c.<\/li>\n<li data-sourcepos=\"30:1-31:0\"><strong>H\u1ec7 th\u1ed1ng b\u00f4i tr\u01a1n trung t\u00e2m:<\/strong> L\u00e0 l\u1ef1a ch\u1ecdn t\u1ed1i \u01b0u cho c\u00e1c h\u1ec7 th\u1ed1ng b\u00f4i tr\u01a1n t\u1ef1 \u0111\u1ed9ng trong nhi\u1ec1u ng\u00e0nh c\u00f4ng nghi\u1ec7p do kh\u1ea3 n\u0103ng b\u01a1m t\u1ed1t.<\/li>\n<\/ul>\n<p data-sourcepos=\"3:1-3:13\">\n<\/div>\n","protected":false},"excerpt":{"rendered":"<p><strong>T\u00ean sa\u0309n ph\u00e2\u0309m:\u00a0M\u1ee1 RENOLIT EP 2 _ 18kg\/Th\u00f9ng<\/strong><\/p>\n","protected":false},"featured_media":8684,"comment_status":"closed","ping_status":"closed","template":"","meta":[],"product_brand":[],"product_cat":[167],"product_tag":[],"class_list":{"0":"post-8683","1":"product","2":"type-product","3":"status-publish","4":"has-post-thumbnail","6":"product_cat-fuchs","8":"first","9":"instock","10":"shipping-taxable","11":"product-type-simple"},"_links":{"self":[{"href":"https:\/\/yenhung.com\/index.php?rest_route=\/wp\/v2\/product\/8683","targetHints":{"allow":["GET"]}}],"collection":[{"href":"https:\/\/yenhung.com\/index.php?rest_route=\/wp\/v2\/product"}],"about":[{"href":"https:\/\/yenhung.com\/index.php?rest_route=\/wp\/v2\/types\/product"}],"replies":[{"embeddable":true,"href":"https:\/\/yenhung.com\/index.php?rest_route=%2Fwp%2Fv2%2Fcomments&post=8683"}],"wp:featuredmedia":[{"embeddable":true,"href":"https:\/\/yenhung.com\/index.php?rest_route=\/wp\/v2\/media\/8684"}],"wp:attachment":[{"href":"https:\/\/yenhung.com\/index.php?rest_route=%2Fwp%2Fv2%2Fmedia&parent=8683"}],"wp:term":[{"taxonomy":"product_brand","embeddable":true,"href":"https:\/\/yenhung.com\/index.php?rest_route=%2Fwp%2Fv2%2Fproduct_brand&post=8683"},{"taxonomy":"product_cat","embeddable":true,"href":"https:\/\/yenhung.com\/index.php?rest_route=%2Fwp%2Fv2%2Fproduct_cat&post=8683"},{"taxonomy":"product_tag","embeddable":true,"href":"https:\/\/yenhung.com\/index.php?rest_route=%2Fwp%2Fv2%2Fproduct_tag&post=8683"}],"curies":[{"name":"wp","href":"https:\/\/api.w.org\/{rel}","templated":true}]}}