{"id":8698,"date":"2025-11-10T08:56:59","date_gmt":"2025-11-10T08:56:59","guid":{"rendered":"https:\/\/yenhung.com\/?product=mo-renolit-ep-00-_-18kg-thung"},"modified":"2026-02-07T01:55:51","modified_gmt":"2026-02-07T01:55:51","slug":"mo-renolit-ep-00-_-18kg-thung","status":"publish","type":"product","link":"https:\/\/yenhung.com\/?product=mo-renolit-ep-00-_-18kg-thung","title":{"rendered":"M\u1ee1 RENOLIT EP 00 _ 18kg\/Th\u00f9ng"},"content":{"rendered":"<div class=\"ba-text-fpt\">\n<h2 data-sourcepos=\"1:1-1:274\"><strong>M\u1ee1 RENOLIT EP 00 _ 18kg\/Th\u00f9ng<\/strong><\/h2>\n<p data-sourcepos=\"1:1-1:274\"><strong>M\u1ee1 RENOLIT EP 00<\/strong> c\u1ee7a h\u00e3ng <strong>FUCHS (\u0110\u1ee9c)<\/strong>, v\u1edbi quy c\u00e1ch \u0111\u00f3ng g\u00f3i <strong>18kg\/Th\u00f9ng<\/strong>. \u0110\u00e2y l\u00e0 m\u1ed9t lo\u1ea1i m\u1ee1 b\u00f4i tr\u01a1n c\u00f4ng nghi\u1ec7p b\u00e1n l\u1ecfng, \u0111\u01b0\u1ee3c thi\u1ebft k\u1ebf \u0111\u1eb7c bi\u1ec7t cho c\u00e1c \u1ee9ng d\u1ee5ng y\u00eau c\u1ea7u kh\u1ea3 n\u0103ng b\u01a1m t\u1ed1t trong h\u1ec7 th\u1ed1ng b\u00f4i tr\u01a1n trung t\u00e2m v\u00e0 b\u1ea3o v\u1ec7 d\u01b0\u1edbi t\u1ea3i n\u1eb7ng.<\/p>\n<p data-sourcepos=\"1:1-1:274\"><img decoding=\"async\" title=\"mo-renolit-ep-00-18kg-1-1\" src=\"https:\/\/yenhung.com\/wp-content\/uploads\/2025\/11\/mo-renolit-ep-00-18kg-1-1.jpg\" alt=\"M\u1ee1 RENOLIT EP 00 _ 18kg\/Th\u00f9ng\" data-thumb=\"large\" \/><\/p>\n<p data-sourcepos=\"3:1-3:192\">M\u1ee1 RENOLIT EP 00 th\u01b0\u1eddng thu\u1ed9c d\u00f2ng m\u1ee1 g\u1ed1c <strong>Lithium 12-Hydroxystearate<\/strong> ho\u1eb7c <strong>Lithium Complex<\/strong>, v\u00e0 \u0111\u01b0\u1ee3c pha ch\u1ebf v\u1edbi c\u00e1c ph\u1ee5 gia ch\u1ecbu c\u1ef1c \u00e1p (EP &#8211; Extreme Pressure) kh\u00f4ng ch\u1ee9a kim lo\u1ea1i n\u1eb7ng.<\/p>\n<h3 data-sourcepos=\"7:1-7:44\">\u0110\u1eb7c \u0111i\u1ec3m n\u1ed5i b\u1eadt c\u1ee7a M\u1ee1 RENOLIT EP 00<\/h3>\n<p><img decoding=\"async\" title=\"mo-renolit-ep-00-18kg-2-1\" src=\"https:\/\/yenhung.com\/wp-content\/uploads\/2025\/11\/mo-renolit-ep-00-18kg-2-1.jpg\" alt=\"M\u1ee1 RENOLIT EP 00 _ 18kg\/Th\u00f9ng\" data-thumb=\"large\" \/><\/p>\n<p data-sourcepos=\"9:1-9:56\">M\u1ee1 RENOLIT EP 00 c\u1ee7a FUCHS n\u1ed5i b\u1eadt v\u1edbi c\u00e1c \u0111\u1eb7c t\u00ednh sau:<\/p>\n<ul data-sourcepos=\"11:1-19:0\">\n<li data-sourcepos=\"11:1-11:292\"><strong>\u0110\u1ed9 \u0111\u1eb7c NLGI 00:<\/strong> \u0110\u00e2y l\u00e0 m\u1ed9t lo\u1ea1i m\u1ee1 c\u1ef1c k\u1ef3 m\u1ec1m, g\u1ea7n gi\u1ed1ng nh\u01b0 d\u1ea7u, c\u00f3 kh\u1ea3 n\u0103ng &#8220;t\u1ef1 san ph\u1eb3ng&#8221; (semi-fluid). \u0110\u1ed9 \u0111\u1eb7c n\u00e0y l\u00fd t\u01b0\u1edfng cho c\u00e1c h\u1ec7 th\u1ed1ng b\u00f4i tr\u01a1n trung t\u00e2m, \u0111\u1eb7c bi\u1ec7t l\u00e0 c\u00e1c h\u1ec7 th\u1ed1ng ph\u1ee9c t\u1ea1p v\u1edbi \u0111\u01b0\u1eddng \u1ed1ng d\u00e0i v\u00e0 nhi\u1ec7t \u0111\u1ed9 th\u1ea5p, n\u01a1i m\u1ee1 NLGI 1 ho\u1eb7c 2 c\u00f3 th\u1ec3 qu\u00e1 \u0111\u1eb7c \u0111\u1ec3 b\u01a1m hi\u1ec7u qu\u1ea3.<\/li>\n<li data-sourcepos=\"12:1-12:210\"><strong>Ch\u1ee9a ph\u1ee5 gia ch\u1ecbu c\u1ef1c \u00e1p (EP):<\/strong> M\u1ee1 n\u00e0y \u0111\u01b0\u1ee3c pha ch\u1ebf v\u1edbi c\u00e1c ph\u1ee5 gia EP kh\u00f4ng ch\u1ee9a kim lo\u1ea1i n\u1eb7ng, gi\u00fap b\u1ea3o v\u1ec7 c\u00e1c b\u1ec1 m\u1eb7t kim lo\u1ea1i kh\u1ecfi m\u00e0i m\u00f2n v\u00e0 tr\u1ea7y x\u01b0\u1edbc ngay c\u1ea3 khi c\u00f3 t\u1ea3i tr\u1ecdng n\u1eb7ng v\u00e0 t\u1ea3i tr\u1ecdng va \u0111\u1eadp.<\/li>\n<li data-sourcepos=\"13:1-13:185\"><strong>\u0110\u1ed9 \u1ed5n \u0111\u1ecbnh c\u01a1 h\u1ecdc v\u00e0 nhi\u1ec7t cao:<\/strong> M\u1eb7c d\u00f9 m\u1ec1m, m\u1ee1 v\u1eabn duy tr\u00ec \u0111\u1ed9 \u0111\u1eb7c v\u00e0 t\u00ednh ch\u1ea5t b\u00f4i tr\u01a1n \u1ed5n \u0111\u1ecbnh trong m\u1ed9t d\u1ea3i nhi\u1ec7t \u0111\u1ed9 r\u1ed9ng, v\u00e0 kh\u00f4ng b\u1ecb ph\u00e2n h\u1ee7y d\u01b0\u1edbi t\u00e1c \u0111\u1ed9ng c\u1ee7a l\u1ef1c c\u1eaft c\u01a1 h\u1ecdc.<\/li>\n<li data-sourcepos=\"14:1-14:118\"><strong>Ch\u1ed1ng \u0103n m\u00f2n v\u00e0 r\u1ec9 s\u00e9t:<\/strong> Ch\u1ee9a c\u00e1c ch\u1ea5t ph\u1ee5 gia ch\u1ed1ng g\u1ec9 v\u00e0 ch\u1ed1ng \u0103n m\u00f2n, b\u1ea3o v\u1ec7 c\u00e1c b\u1ec1 ti\u1ebft kim lo\u1ea1i kh\u1ecfi h\u01b0 h\u1ea1i.<\/li>\n<li data-sourcepos=\"15:1-15:128\"><strong>Ch\u1ed1ng oxy h\u00f3a v\u00e0 l\u00e3o h\u00f3a:<\/strong> C\u00e1c ch\u1ea5t ch\u1ed1ng oxy h\u00f3a trong m\u1ee1 gi\u00fap k\u00e9o d\u00e0i tu\u1ed5i th\u1ecd c\u1ee7a m\u1ee1, gi\u1ea3m t\u1ea7n su\u1ea5t b\u1ea3o tr\u00ec v\u00e0 thay th\u1ebf.<\/li>\n<li data-sourcepos=\"16:1-16:199\"><strong>Kh\u1ea3 n\u0103ng b\u01a1m v\u01b0\u1ee3t tr\u1ed9i:<\/strong> \u0110\u00e2y l\u00e0 \u01b0u \u0111i\u1ec3m ch\u00ednh c\u1ee7a m\u1ee1 NLGI 00. N\u00f3 c\u00f3 th\u1ec3 b\u01a1m d\u1ec5 d\u00e0ng qua c\u00e1c h\u1ec7 th\u1ed1ng b\u00f4i tr\u01a1n t\u1ef1 \u0111\u1ed9ng ph\u1ee9c t\u1ea1p v\u00e0 d\u00e0i, \u0111\u1ea3m b\u1ea3o m\u1ee1 \u0111\u01b0\u1ee3c ph\u00e2n ph\u1ed1i \u0111\u1ec1u \u0111\u1ebfn t\u1ea5t c\u1ea3 c\u00e1c \u0111i\u1ec3m b\u00f4i tr\u01a1n.<\/li>\n<li data-sourcepos=\"17:1-17:157\"><strong>\u0110\u1eb7c t\u00ednh kh\u00f4ng nh\u1ecf gi\u1ecdt v\u00e0 t\u1ef1 b\u1ecbt k\u00edn:<\/strong> Gi\u00fap t\u1ea1o th\u00e0nh m\u1ed9t l\u1edbp b\u1ecbt k\u00edn b\u1ea3o v\u1ec7, ng\u0103n ch\u1eb7n s\u1ef1 x\u00e2m nh\u1eadp c\u1ee7a ch\u1ea5t g\u00e2y \u00f4 nhi\u1ec5m v\u00e0o c\u00e1c b\u1ed9 ph\u1eadn \u0111\u01b0\u1ee3c b\u00f4i tr\u01a1n.<\/li>\n<li data-sourcepos=\"18:1-19:0\"><strong>Ph\u1ea1m vi nhi\u1ec7t \u0111\u1ed9 ho\u1ea1t \u0111\u1ed9ng:<\/strong> Th\u01b0\u1eddng dao \u0111\u1ed9ng trong kho\u1ea3ng t\u1eeb <strong>-30 \u00b0C \u0111\u1ebfn +110 \u00b0C<\/strong> (m\u1ed9t s\u1ed1 bi\u1ebfn th\u1ec3 c\u00f3 th\u1ec3 l\u00ean \u0111\u1ebfn +140 \u00b0C), ph\u00f9 h\u1ee3p cho c\u00e1c \u1ee9ng d\u1ee5ng trong m\u00f4i tr\u01b0\u1eddng l\u1ea1nh ho\u1eb7c c\u00f3 nhi\u1ec7t \u0111\u1ed9 thay \u0111\u1ed5i.<br \/>\n<h3 data-sourcepos=\"22:1-22:36\">\u1ee8ng d\u1ee5ng c\u1ee7a M\u1ee1 RENOLIT EP 00<\/h3>\n<\/li>\n<li data-sourcepos=\"18:1-19:0\">\n<p data-sourcepos=\"24:1-24:113\"><img decoding=\"async\" title=\"mo-renolit-ep-00-18kg-3-2\" src=\"https:\/\/yenhung.com\/wp-content\/uploads\/2025\/11\/mo-renolit-ep-00-18kg-3-2.jpg\" alt=\"M\u1ee1 RENOLIT EP 00 _ 18kg\/Th\u00f9ng\" data-thumb=\"large\" \/><\/p>\n<\/li>\n<li data-sourcepos=\"18:1-19:0\">\n<p data-sourcepos=\"24:1-24:113\">M\u1ee1 RENOLIT EP 00 \u0111\u01b0\u1ee3c khuy\u1ebfn ngh\u1ecb s\u1eed d\u1ee5ng ch\u1ee7 y\u1ebfu cho c\u00e1c \u1ee9ng d\u1ee5ng y\u00eau c\u1ea7u m\u1ee1 b\u00e1n l\u1ecfng v\u00e0 kh\u1ea3 n\u0103ng b\u01a1m v\u01b0\u1ee3t tr\u1ed9i:<\/p>\n<\/li>\n<li data-sourcepos=\"26:1-26:293\"><strong>H\u1ec7 th\u1ed1ng b\u00f4i tr\u01a1n trung t\u00e2m (Centralized Lubrication Systems):<\/strong> \u0110\u00e2y l\u00e0 \u1ee9ng d\u1ee5ng l\u00fd t\u01b0\u1edfng nh\u1ea5t cho m\u1ee1 NLGI 00. N\u00f3 \u0111\u01b0\u1ee3c s\u1eed d\u1ee5ng r\u1ed9ng r\u00e3i trong c\u00e1c ng\u00e0nh c\u00f4ng nghi\u1ec7p nh\u01b0 \u00f4 t\u00f4 (xe th\u01b0\u01a1ng m\u1ea1i), th\u00e9p, gi\u1ea5y, khai th\u00e1c m\u1ecf, n\u01a1i c\u1ea7n b\u00f4i tr\u01a1n t\u1ef1 \u0111\u1ed9ng v\u00e0 li\u00ean t\u1ee5c cho m\u1ed9t l\u01b0\u1ee3ng l\u1edbn c\u00e1c \u0111i\u1ec3m b\u00f4i tr\u01a1n.<\/li>\n<li data-sourcepos=\"27:1-27:150\"><strong>H\u1ed9p s\u1ed1 k\u00edn c\u00f3 nguy c\u01a1 r\u00f2 r\u1ec9:<\/strong> C\u00f3 th\u1ec3 \u0111\u01b0\u1ee3c s\u1eed d\u1ee5ng trong m\u1ed9t s\u1ed1 h\u1ed9p s\u1ed1 k\u00edn ho\u1eb7c b\u1ed9 ph\u1eadn truy\u1ec1n \u0111\u1ed9ng m\u00e0 d\u1ea7u h\u1ed9p s\u1ed1 th\u00f4ng th\u01b0\u1eddng c\u00f3 th\u1ec3 d\u1ec5 b\u1ecb r\u00f2 r\u1ec9.<\/li>\n<li data-sourcepos=\"28:1-28:100\"><strong>\u1ed4 bi v\u00e0 \u1ed5 tr\u01b0\u1ee3t:<\/strong> B\u00f4i tr\u01a1n c\u00e1c lo\u1ea1i \u1ed5 bi v\u00e0 \u1ed5 tr\u01b0\u1ee3t ch\u1ecbu t\u1ea3i n\u1eb7ng, t\u1ed1c \u0111\u1ed9 ch\u1eadm ho\u1eb7c trung b\u00ecnh.<\/li>\n<li data-sourcepos=\"29:1-30:0\"><strong>\u1ee8ng d\u1ee5ng c\u00f4ng nghi\u1ec7p chung:<\/strong> Ph\u00f9 h\u1ee3p cho c\u00e1c m\u00e1y m\u00f3c c\u00f4ng nghi\u1ec7p y\u00eau c\u1ea7u m\u1ee1 c\u00f3 \u0111\u1ed9 m\u1ec1m v\u00e0 kh\u1ea3 n\u0103ng ch\u1ea3y t\u1ed1t \u0111\u1ec3 \u0111\u1ea3m b\u1ea3o b\u00f4i tr\u01a1n li\u00ean t\u1ee5c.<\/li>\n<\/ul>\n<\/div>\n","protected":false},"excerpt":{"rendered":"<p><strong>T\u00ean sa\u0309n ph\u00e2\u0309m:\u00a0M\u1ee1 RENOLIT EP 00 _ 18kg\/Th\u00f9ng<\/strong><\/p>\n","protected":false},"featured_media":8699,"comment_status":"closed","ping_status":"closed","template":"","meta":[],"product_brand":[],"product_cat":[167],"product_tag":[],"class_list":{"0":"post-8698","1":"product","2":"type-product","3":"status-publish","4":"has-post-thumbnail","6":"product_cat-fuchs","8":"first","9":"instock","10":"shipping-taxable","11":"product-type-simple"},"_links":{"self":[{"href":"https:\/\/yenhung.com\/index.php?rest_route=\/wp\/v2\/product\/8698","targetHints":{"allow":["GET"]}}],"collection":[{"href":"https:\/\/yenhung.com\/index.php?rest_route=\/wp\/v2\/product"}],"about":[{"href":"https:\/\/yenhung.com\/index.php?rest_route=\/wp\/v2\/types\/product"}],"replies":[{"embeddable":true,"href":"https:\/\/yenhung.com\/index.php?rest_route=%2Fwp%2Fv2%2Fcomments&post=8698"}],"wp:featuredmedia":[{"embeddable":true,"href":"https:\/\/yenhung.com\/index.php?rest_route=\/wp\/v2\/media\/8699"}],"wp:attachment":[{"href":"https:\/\/yenhung.com\/index.php?rest_route=%2Fwp%2Fv2%2Fmedia&parent=8698"}],"wp:term":[{"taxonomy":"product_brand","embeddable":true,"href":"https:\/\/yenhung.com\/index.php?rest_route=%2Fwp%2Fv2%2Fproduct_brand&post=8698"},{"taxonomy":"product_cat","embeddable":true,"href":"https:\/\/yenhung.com\/index.php?rest_route=%2Fwp%2Fv2%2Fproduct_cat&post=8698"},{"taxonomy":"product_tag","embeddable":true,"href":"https:\/\/yenhung.com\/index.php?rest_route=%2Fwp%2Fv2%2Fproduct_tag&post=8698"}],"curies":[{"name":"wp","href":"https:\/\/api.w.org\/{rel}","templated":true}]}}