{"id":8714,"date":"2025-11-10T09:00:36","date_gmt":"2025-11-10T09:00:36","guid":{"rendered":"https:\/\/yenhung.com\/?product=dau-shell-tonna-s3-m32-20l"},"modified":"2026-02-07T01:51:33","modified_gmt":"2026-02-07T01:51:33","slug":"dau-shell-tonna-s3-m32-20l","status":"publish","type":"product","link":"https:\/\/yenhung.com\/?product=dau-shell-tonna-s3-m32-20l","title":{"rendered":"D\u1ea6U &#8211; SHELL TONNA S3 M32 &#8211; 20L"},"content":{"rendered":"<div class=\"ba-text-fpt\">\n<h2><strong>D\u1ea6U &#8211; \u00a0SHELL TONNA S3 M32 &#8211; 20L<\/strong><\/h2>\n<p><b>D\u1ea7u r\u00e3nh tr\u01b0\u1ee3t Shell Tonna S3 M 32<\/b> v\u1edbi quy c\u00e1ch \u0111\u00f3ng g\u00f3i <b>20L<\/b>. \u0110\u00e2y l\u00e0 m\u1ed9t lo\u1ea1i d\u1ea7u b\u00f4i tr\u01a1n chuy\u00ean d\u1ee5ng cao c\u1ea5p c\u1ee7a Shell, \u0111\u01b0\u1ee3c thi\u1ebft k\u1ebf \u0111\u1eb7c bi\u1ec7t cho c\u00e1c <b>r\u00e3nh tr\u01b0\u1ee3t v\u00e0 h\u1ec7 th\u1ed1ng d\u1eabn h\u01b0\u1edbng c\u1ee7a m\u00e1y c\u00f4ng c\u1ee5<\/b>.<\/p>\n<p>Shell Tonna S3 M 32 thu\u1ed9c d\u00f2ng s\u1ea3n ph\u1ea9m Tonna S3 M, l\u00e0 d\u00f2ng d\u1ea7u r\u00e3nh tr\u01b0\u1ee3t hi\u1ec7u su\u1ea5t cao h\u01a1n so v\u1edbi d\u00f2ng S2 M, \u0111\u01b0\u1ee3c pha ch\u1ebf \u0111\u1ec3 \u0111\u00e1p \u1ee9ng c\u00e1c y\u00eau c\u1ea7u kh\u1eaft khe h\u01a1n c\u1ee7a m\u00e1y m\u00f3c hi\u1ec7n \u0111\u1ea1i.<\/p>\n<h3>\u0110\u1eb7c \u0111i\u1ec3m n\u1ed5i b\u1eadt c\u1ee7a D\u1ea7u Shell Tonna S3 M 32<\/h3>\n<p><img decoding=\"async\" title=\"shell-tonna-s3-m68-3-1747214059473-1\" src=\"https:\/\/yenhung.com\/wp-content\/uploads\/2025\/11\/shell-tonna-s3-m68-3-1747214059473-1.jpg\" alt=\"D\u1ea6U - SHELL TONNA S3 M32 - 20L\" data-thumb=\"large\" \/><\/p>\n<p>Shell Tonna S3 M 32 \u0111\u01b0\u1ee3c pha ch\u1ebf t\u1eeb d\u1ea7u g\u1ed1c ch\u1ea5t l\u01b0\u1ee3ng cao v\u00e0 h\u1ec7 ph\u1ee5 gia ti\u00ean ti\u1ebfn, mang l\u1ea1i nh\u1eefng l\u1ee3i \u00edch v\u01b0\u1ee3t tr\u1ed9i:<\/p>\n<ul>\n<li><b>Kh\u1ea3 n\u0103ng ch\u1ed1ng hi\u1ec7n t\u01b0\u1ee3ng &#8220;stick-slip&#8221; (d\u00ednh-tr\u01b0\u1ee3t) v\u01b0\u1ee3t tr\u1ed9i:<\/b> \u0110\u00e2y l\u00e0 \u0111\u1eb7c t\u00ednh quan tr\u1ecdng nh\u1ea5t c\u1ee7a d\u1ea7u r\u00e3nh tr\u01b0\u1ee3t. Shell Tonna S3 M 32 gi\u00fap c\u00e1c b\u00e0n tr\u01b0\u1ee3t di chuy\u1ec3n m\u01b0\u1ee3t m\u00e0, \u1ed5n \u0111\u1ecbnh, kh\u00f4ng b\u1ecb gi\u1eadt c\u1ee5c, t\u1eeb \u0111\u00f3 n\u00e2ng cao \u0111\u1ed9 ch\u00ednh x\u00e1c gia c\u00f4ng v\u00e0 ch\u1ea5t l\u01b0\u1ee3ng b\u1ec1 m\u1eb7t chi ti\u1ebft.<\/li>\n<li><b>Kh\u1ea3 n\u0103ng t\u00e1ch n\u01b0\u1edbc v\u00e0 d\u1ea7u c\u1eaft g\u1ecdt tuy\u1ec7t v\u1eddi:<\/b> D\u1ea7u c\u00f3 kh\u1ea3 n\u0103ng t\u00e1ch ho\u00e0n to\u00e0n v\u00e0 nhanh ch\u00f3ng ra kh\u1ecfi dung d\u1ecbch d\u1ea7u c\u1eaft g\u1ecdt pha n\u01b0\u1edbc b\u1ecb nhi\u1ec5m v\u00e0o. \u0110i\u1ec1u n\u00e0y gi\u00fap d\u1ec5 d\u00e0ng lo\u1ea1i b\u1ecf d\u1ea7u nhi\u1ec5m b\u1ea9n ra kh\u1ecfi h\u1ec7 th\u1ed1ng d\u1ea7u c\u1eaft g\u1ecdt, k\u00e9o d\u00e0i tu\u1ed5i th\u1ecd c\u1ee7a c\u1ea3 d\u1ea7u r\u00e3nh tr\u01b0\u1ee3t v\u00e0 d\u1ea7u c\u1eaft g\u1ecdt, gi\u1ea3m thi\u1ec3u v\u1ea5n \u0111\u1ec1 v\u1ec7 sinh v\u00e0 m\u00f4i tr\u01b0\u1eddng.<\/li>\n<li><b>\u0110\u1ed9 b\u00e1m d\u00ednh hi\u1ec7u qu\u1ea3:<\/b> T\u1ea1o ra l\u1edbp m\u00e0ng d\u1ea7u b\u00e1m d\u00ednh t\u1ed1t tr\u00ean b\u1ec1 m\u1eb7t r\u00e3nh tr\u01b0\u1ee3t, ch\u1ed1ng l\u1ea1i hi\u1ec7n t\u01b0\u1ee3ng b\u1ecb cu\u1ed1n tr\u00f4i b\u1edfi d\u1ea7u c\u1eaft g\u1ecdt, gi\u1ea3m l\u01b0\u1ee3ng ti\u00eau hao d\u1ea7u.<\/li>\n<li><b>B\u1ea3o v\u1ec7 ch\u1ed1ng m\u00e0i m\u00f2n v\u00e0 \u0103n m\u00f2n cao:<\/b> Ch\u1ee9a ph\u1ee5 gia ch\u1ed1ng m\u00e0i m\u00f2n (AW) v\u00e0 c\u1ef1c \u00e1p (EP) gi\u00fap b\u1ea3o v\u1ec7 hi\u1ec7u qu\u1ea3 c\u00e1c r\u00e3nh tr\u01b0\u1ee3t, b\u00e1nh r\u0103ng, \u1ed5 bi v\u00e0 c\u00e1c b\u1ed9 ph\u1eadn kh\u00e1c trong h\u1ec7 th\u1ed1ng th\u1ee7y l\u1ef1c kh\u1ecfi m\u00e0i m\u00f2n, g\u1ec9 s\u00e9t v\u00e0 \u0103n m\u00f2n, ngay c\u1ea3 khi c\u00f3 s\u1ef1 hi\u1ec7n di\u1ec7n c\u1ee7a n\u01b0\u1edbc.<\/li>\n<li><b>\u0110\u1ed9 b\u1ec1n oxy h\u00f3a cao:<\/b> Gi\u00fap d\u1ea7u duy tr\u00ec t\u00ednh \u1ed5n \u0111\u1ecbnh trong \u0111i\u1ec1u ki\u1ec7n nhi\u1ec7t \u0111\u1ed9 ho\u1ea1t \u0111\u1ed9ng cao, gi\u1ea3m thi\u1ec3u s\u1ef1 ph\u00e2n h\u1ee7y d\u1ea7u v\u00e0 h\u00ecnh th\u00e0nh c\u1eb7n b\u1ea9n, k\u00e9o d\u00e0i tu\u1ed5i th\u1ecd d\u1ea7u.<\/li>\n<li><b>\u0110a n\u0103ng:<\/b> Ph\u00f9 h\u1ee3p kh\u00f4ng ch\u1ec9 cho r\u00e3nh tr\u01b0\u1ee3t m\u00e0 c\u00f2n c\u00f3 th\u1ec3 s\u1eed d\u1ee5ng cho h\u1ec7 th\u1ed1ng th\u1ee7y l\u1ef1c v\u00e0 h\u1ed9p s\u1ed1 trong m\u1ed9t s\u1ed1 tr\u01b0\u1eddng h\u1ee3p (\u0111\u1eb7c bi\u1ec7t l\u00e0 \u0111\u1ed1i v\u1edbi c\u00e1c c\u1ea5p \u0111\u1ed9 nh\u1edbt cao h\u01a1n). V\u1edbi c\u1ea5p 32, n\u00f3 th\u01b0\u1eddng \u0111\u01b0\u1ee3c \u01b0u ti\u00ean cho r\u00e3nh tr\u01b0\u1ee3t ngang ho\u1eb7c c\u00e1c h\u1ec7 th\u1ed1ng th\u1ee7y l\u1ef1c.<br \/>\n<h3>\u1ee8ng d\u1ee5ng c\u1ee7a D\u1ea7u Shell Tonna S3 M 32<\/h3>\n<p><img decoding=\"async\" title=\"shell-tonna-s3-m68-2-1747214061557-1\" src=\"https:\/\/yenhung.com\/wp-content\/uploads\/2025\/11\/shell-tonna-s3-m68-2-1747214061557-1.jpg\" alt=\"D\u1ea6U - SHELL TONNA S3 M32 - 20L\" data-thumb=\"large\" \/><\/p>\n<p>Shell Tonna S3 M 32 \u0111\u01b0\u1ee3c khuy\u1ebfn ngh\u1ecb s\u1eed d\u1ee5ng r\u1ed9ng r\u00e3i cho c\u00e1c h\u1ec7 th\u1ed1ng m\u00e1y c\u00f4ng c\u1ee5 v\u00e0 c\u00e1c \u1ee9ng d\u1ee5ng li\u00ean quan:<\/li>\n<li><b>B\u00f4i tr\u01a1n r\u00e3nh tr\u01b0\u1ee3t, b\u00e0n tr\u01b0\u1ee3t v\u00e0 c\u00e1c c\u01a1 c\u1ea5u chuy\u1ec3n \u0111\u1ed9ng c\u1ee7a m\u00e1y c\u00f4ng c\u1ee5:<\/b> Bao g\u1ed3m m\u00e1y ti\u1ec7n, m\u00e1y phay, m\u00e1y doa, m\u00e1y b\u00e0o v\u00e0 \u0111\u1eb7c bi\u1ec7t l\u00e0 c\u00e1c m\u00e1y CNC c\u00f3 \u0111\u1ed9 ch\u00ednh x\u00e1c cao.<\/li>\n<li><b>H\u1ec7 th\u1ed1ng b\u00f4i tr\u01a1n k\u1ebft h\u1ee3p:<\/b> L\u00fd t\u01b0\u1edfng cho c\u00e1c m\u00e1y c\u00f3 h\u1ec7 th\u1ed1ng b\u00f4i tr\u01a1n r\u00e3nh tr\u01b0\u1ee3t v\u00e0 th\u1ee7y l\u1ef1c d\u00f9ng chung m\u1ed9t lo\u1ea1i d\u1ea7u.<\/li>\n<li><img decoding=\"async\" title=\"shell-tonna-s3-m68-1-1747214062386-1\" src=\"https:\/\/yenhung.com\/wp-content\/uploads\/2025\/11\/shell-tonna-s3-m68-1-1747214062386-1.jpg\" alt=\"D\u1ea6U - SHELL TONNA S3 M32 - 20L\" data-thumb=\"grande\" \/><\/li>\n<li><b>L\u01b0u \u00fd:<\/b> \u0110\u1ed1i v\u1edbi r\u00e3nh tr\u01b0\u1ee3t ngang, th\u01b0\u1eddng d\u00f9ng d\u1ea7u c\u00f3 \u0111\u1ed9 nh\u1edbt ISO 32 ho\u1eb7c 68. \u0110\u1ed1i v\u1edbi r\u00e3nh tr\u01b0\u1ee3t d\u1ecdc ho\u1eb7c ch\u1ecbu t\u1ea3i n\u1eb7ng h\u01a1n, c\u00f3 th\u1ec3 c\u1ea7n \u0111\u1ebfn \u0111\u1ed9 nh\u1edbt cao h\u01a1n nh\u01b0 ISO 220.<\/li>\n<li><b>H\u1ec7 th\u1ed1ng th\u1ee7y l\u1ef1c c\u1ee7a m\u00e1y c\u00f4ng c\u1ee5:<\/b> C\u00f3 th\u1ec3 d\u00f9ng l\u00e0m d\u1ea7u th\u1ee7y l\u1ef1c cho c\u00e1c h\u1ec7 th\u1ed1ng n\u00e0y (\u0111\u1eb7c bi\u1ec7t l\u00e0 c\u00e1c c\u1ea5p \u0111\u1ed9 nh\u1edbt th\u1ea5p nh\u01b0 ISO VG 32 v\u00e0 68).<\/li>\n<li><b>H\u1ed9p s\u1ed1 v\u00e0 c\u00e1c b\u1ed9 ph\u1eadn c\u1ea5p li\u1ec7u:<\/b> Th\u00edch h\u1ee3p cho c\u00e1c h\u1ed9p s\u1ed1 v\u00e0 c\u00e1c b\u1ed9 ph\u1eadn ti\u1ebfp li\u1ec7u c\u00f3 ho\u1eb7c kh\u00f4ng c\u00f3 ly h\u1ee3p \u0111i\u1ec7n t\u1eeb \u01b0\u1edbt (\u0111\u1ed1i v\u1edbi c\u00e1c c\u1ea5p \u0111\u1ed9 nh\u1edbt cao h\u01a1n nh\u01b0 68 ho\u1eb7c 220).<\/li>\n<\/ul>\n<\/div>\n","protected":false},"excerpt":{"rendered":"<p>T\u00ean sa\u0309n ph\u00e2\u0309m:\u00a0D\u1ea6U &#8211; \u00a0SHELL TONNA S3 M32 &#8211; 20L<\/p>\n","protected":false},"featured_media":8715,"comment_status":"closed","ping_status":"closed","template":"","meta":[],"product_brand":[],"product_cat":[168],"product_tag":[],"class_list":{"0":"post-8714","1":"product","2":"type-product","3":"status-publish","4":"has-post-thumbnail","6":"product_cat-shell","8":"first","9":"instock","10":"shipping-taxable","11":"product-type-simple"},"_links":{"self":[{"href":"https:\/\/yenhung.com\/index.php?rest_route=\/wp\/v2\/product\/8714","targetHints":{"allow":["GET"]}}],"collection":[{"href":"https:\/\/yenhung.com\/index.php?rest_route=\/wp\/v2\/product"}],"about":[{"href":"https:\/\/yenhung.com\/index.php?rest_route=\/wp\/v2\/types\/product"}],"replies":[{"embeddable":true,"href":"https:\/\/yenhung.com\/index.php?rest_route=%2Fwp%2Fv2%2Fcomments&post=8714"}],"wp:featuredmedia":[{"embeddable":true,"href":"https:\/\/yenhung.com\/index.php?rest_route=\/wp\/v2\/media\/8715"}],"wp:attachment":[{"href":"https:\/\/yenhung.com\/index.php?rest_route=%2Fwp%2Fv2%2Fmedia&parent=8714"}],"wp:term":[{"taxonomy":"product_brand","embeddable":true,"href":"https:\/\/yenhung.com\/index.php?rest_route=%2Fwp%2Fv2%2Fproduct_brand&post=8714"},{"taxonomy":"product_cat","embeddable":true,"href":"https:\/\/yenhung.com\/index.php?rest_route=%2Fwp%2Fv2%2Fproduct_cat&post=8714"},{"taxonomy":"product_tag","embeddable":true,"href":"https:\/\/yenhung.com\/index.php?rest_route=%2Fwp%2Fv2%2Fproduct_tag&post=8714"}],"curies":[{"name":"wp","href":"https:\/\/api.w.org\/{rel}","templated":true}]}}